{"id":726423,"date":"2025-08-27T20:05:44","date_gmt":"2025-08-27T17:05:44","guid":{"rendered":"https:\/\/roveyayinevi.com.tr\/index.php\/urun\/kizil-elma-3\/"},"modified":"2026-04-16T02:34:07","modified_gmt":"2026-04-15T23:34:07","slug":"kizil-elma-3","status":"publish","type":"product","link":"https:\/\/roveyayinevi.com.tr\/index.php\/urun\/kizil-elma-3\/","title":{"rendered":"K\u0131z\u0131l Elma"},"content":{"rendered":"<p>K\u0131z\u0131lelma, Osmanl\u0131 d\u00fcnya h\u00e2kimiyeti d\u00fc\u015f\u00fcncesini ifade eder. \u00d6nce \u0130stanbul, buran\u0131n fethinden sonra ise s\u0131ras\u0131yla Belgrad ve Viyana\u2019y\u0131 hedef alan bir idealdir. K\u0131z\u0131lelma, ba\u015fka bir a\u00e7\u0131dan ise Osmanl\u0131 \u0130mparatorlu\u011fu\u2019nun h\u00e2kimiyet kurdu\u011fu b\u00f6lgelerdeki idar\u00ee nizam\u0131n\u0131 ve devletin vatanda\u015flar\u0131na muamelelerini de ifade eder. Bu kitapta Avrupa\u2019n\u0131n \u00f6nde gelen Osmanl\u0131 tarih\u00e7ilerinden Prof. Dr. P\u00e1l Fodor, Osmanl\u0131 K\u0131z\u0131lelmas\u0131\u2019n\u0131 ele al\u0131r.Okuyucu bu kitapta, usta bir tarih\u00e7inin Osmanl\u0131 fetih ideolojisinde Macaristan ve Viyana; Macarlar\u0131n g\u00f6z\u00fcnden T\u00fcrkler ve K\u0131z\u0131l Elma efsanesi; 1520-1541 y\u0131llar\u0131 aras\u0131nda Macaristan\u2019a y\u00f6nelik Osmanl\u0131 siyaseti; Macaristan\u2019daki Osmanl\u0131 idaresi ve asker\u00ee te\u015fkilat\u0131; 15 ile 17. y\u00fczy\u0131l nasihatn\u00e2melerine g\u00f6re Osmanl\u0131 devlet ve toplumu; 1590-1592\u2019de Osmanl\u0131lar\u0131n \u0130spanya\u2019ya kar\u015f\u0131 donanma sevketme haz\u0131rl\u0131klar\u0131; 1589-1591\u2019de Osmanl\u0131-Yahudi ili\u015fkilerinde ya\u015fanan kriz; 16. y\u00fczy\u0131l\u0131n sonlar\u0131nda Osmanl\u0131 merkez\u00ee idaresinde ya\u015fanan de\u011fi\u015fim yani Osmanl\u0131 K\u0131z\u0131lelmas\u0131\u2019n\u0131n d\u00e2hil\u00ee ve haric\u00ee boyutlar\u0131n\u0131n nas\u0131l oldu\u011funa dair verdi\u011fi cevaplar\u0131 bulacakt\u0131r.<\/p>\n","protected":false},"excerpt":{"rendered":"<p>K\u0131z\u0131lelma, Osmanl\u0131 d\u00fcnya h\u00e2kimiyeti d\u00fc\u015f\u00fcncesini ifade eder. \u00d6nce \u0130stanbul, buran\u0131n fethinden sonra ise s\u0131ras\u0131yla Belgrad ve Viyana\u2019y\u0131 hedef alan bir idealdir. K\u0131z\u0131lelma, ba\u015fka bir a\u00e7\u0131dan ise<span class=\"excerpt-hellip\"> [\u2026]<\/span><\/p>\n","protected":false},"featured_media":0,"template":"","meta":{"_monsterinsights_skip_tracking":false,"_monsterinsights_sitenote_active":false,"_monsterinsights_sitenote_note":"","_monsterinsights_sitenote_category":0},"product_brand":[],"product_cat":[12370,12304],"product_tag":[],"class_list":{"0":"post-726423","1":"product","2":"type-product","3":"status-publish","5":"product_cat-arastirma-inceleme","6":"product_cat-tarih","7":"pa_cilt-ciltsiz","8":"pa_tur-kitap","9":"pa_yayinevi-yeditepe-yayinevi","10":"pa_yazar-pal-fodor","12":"first","13":"instock","14":"sale","15":"shipping-taxable","16":"purchasable","17":"product-type-simple"},"_links":{"self":[{"href":"https:\/\/roveyayinevi.com.tr\/index.php\/wp-json\/wp\/v2\/product\/726423","targetHints":{"allow":["GET"]}}],"collection":[{"href":"https:\/\/roveyayinevi.com.tr\/index.php\/wp-json\/wp\/v2\/product"}],"about":[{"href":"https:\/\/roveyayinevi.com.tr\/index.php\/wp-json\/wp\/v2\/types\/product"}],"wp:attachment":[{"href":"https:\/\/roveyayinevi.com.tr\/index.php\/wp-json\/wp\/v2\/media?parent=726423"}],"wp:term":[{"taxonomy":"product_brand","embeddable":true,"href":"https:\/\/roveyayinevi.com.tr\/index.php\/wp-json\/wp\/v2\/product_brand?post=726423"},{"taxonomy":"product_cat","embeddable":true,"href":"https:\/\/roveyayinevi.com.tr\/index.php\/wp-json\/wp\/v2\/product_cat?post=726423"},{"taxonomy":"product_tag","embeddable":true,"href":"https:\/\/roveyayinevi.com.tr\/index.php\/wp-json\/wp\/v2\/product_tag?post=726423"}],"curies":[{"name":"wp","href":"https:\/\/api.w.org\/{rel}","templated":true}]}}