{"id":726395,"date":"2025-08-27T20:05:23","date_gmt":"2025-08-27T17:05:23","guid":{"rendered":"https:\/\/roveyayinevi.com.tr\/index.php\/urun\/beyin-daima-kazanir\/"},"modified":"2026-04-16T02:34:06","modified_gmt":"2026-04-15T23:34:06","slug":"beyin-daima-kazanir","status":"publish","type":"product","link":"https:\/\/roveyayinevi.com.tr\/index.php\/urun\/beyin-daima-kazanir\/","title":{"rendered":"Beyin Daima Kazan\u0131r"},"content":{"rendered":"<p>Daha sa\u011fl\u0131kl\u0131, daha tatmink\u00e2r bir ya\u015fam ve beyniniz hakk\u0131nda daha fazla bilgi edinmek istiyorsan\u0131z bu kitab\u0131 \u015fiddetle tavsiye ederim.\u201dDr. Jonathan Peake\u201cSa\u011fl\u0131\u011f\u0131n\u0131z\u0131 korurken performans\u0131n\u0131z\u0131 da (herhangi bir konuda!) optimize etmek istiyorsan\u0131z, bu kitab\u0131 okuyun. Hem e\u011fitici hem de ilham verici. Ayr\u0131ca ya\u015fam kalitenizi art\u0131rman\u0131za yard\u0131mc\u0131 olacakt\u0131r.\u201dAidan Clarke, 2XU CEOBeyin Daima Kazan\u0131r, daha iyi beyin y\u00f6netimi ile hayat\u0131n\u0131z\u0131 iyile\u015ftirmek i\u00e7in pratik bir rehber. Basit bir ger\u00e7e\u011fe dayan\u0131yor: Beynimiz yapt\u0131\u011f\u0131m\u0131z her \u015feyi kontrol eder ve belirler! D\u00fcnyay\u0131 nas\u0131l alg\u0131lad\u0131\u011f\u0131m\u0131z, anlad\u0131\u011f\u0131m\u0131z ve tepki verdi\u011fimiz, nas\u0131l hayatta kald\u0131\u011f\u0131m\u0131z, adapte oldu\u011fumuz ve ileti\u015fim kurdu\u011fumuz; nas\u0131l \u00f6\u011frendi\u011fimiz ve hat\u0131rlad\u0131\u011f\u0131m\u0131z, verdi\u011fimiz kararlar ve hissetti\u011fimiz duygular\u0131n hepsi muhte\u015fem beynimiz taraf\u0131ndan belirlenir. Beynimize iyi bakmal\u0131y\u0131z \u00e7\u00fcnk\u00fc o bizi \u00f6nemsiyor ve m\u00fcthi\u015f haber \u015fu, bunu ba\u015farabiliriz!Beyin Daima Kazan\u0131r\u2019da, John Sullivan ve Chris Parker bize kendi ki\u015fiselle\u015ftirilmi\u015f beyin y\u00f6netimi s\u00fcrecimizi nas\u0131l olu\u015fturaca\u011f\u0131m\u0131z\u0131 \u00f6\u011fretmek i\u00e7in, bilimi ve hik\u00e2ye anlat\u0131m\u0131n\u0131 benzersiz bir \u015fekilde harmanl\u0131yor. Dolay\u0131s\u0131yla, ki\u015fisel ya da profesyonel herhangi bir konuda, hayat\u0131n\u0131z\u0131n herhangi bir y\u00f6n\u00fcn\u00fc (veya t\u00fcm\u00fcn\u00fc) geli\u015ftirmek istiyorsan\u0131z, Beyin Daima Kazan\u0131r size bunun nas\u0131l yap\u0131laca\u011f\u0131n\u0131 g\u00f6sterecektir.<\/p>\n","protected":false},"excerpt":{"rendered":"<p>Daha sa\u011fl\u0131kl\u0131, daha tatmink\u00e2r bir ya\u015fam ve beyniniz hakk\u0131nda daha fazla bilgi edinmek istiyorsan\u0131z bu kitab\u0131 \u015fiddetle tavsiye ederim.\u201dDr. Jonathan Peake\u201cSa\u011fl\u0131\u011f\u0131n\u0131z\u0131 korurken performans\u0131n\u0131z\u0131 da (herhangi bir<span class=\"excerpt-hellip\"> [\u2026]<\/span><\/p>\n","protected":false},"featured_media":0,"template":"","meta":{"_monsterinsights_skip_tracking":false,"_monsterinsights_sitenote_active":false,"_monsterinsights_sitenote_note":"","_monsterinsights_sitenote_category":0},"product_brand":[],"product_cat":[12755,12357],"product_tag":[],"class_list":{"0":"post-726395","1":"product","2":"type-product","3":"status-publish","5":"product_cat-gelisim-psikolojisi","6":"product_cat-psikoloji","7":"pa_cilt-ciltsiz","8":"pa_tur-kitap","9":"pa_yayinevi-sola-unitas","10":"pa_yazar-john-sullivan-chris-parker","12":"first","13":"instock","14":"sale","15":"shipping-taxable","16":"purchasable","17":"product-type-simple"},"_links":{"self":[{"href":"https:\/\/roveyayinevi.com.tr\/index.php\/wp-json\/wp\/v2\/product\/726395","targetHints":{"allow":["GET"]}}],"collection":[{"href":"https:\/\/roveyayinevi.com.tr\/index.php\/wp-json\/wp\/v2\/product"}],"about":[{"href":"https:\/\/roveyayinevi.com.tr\/index.php\/wp-json\/wp\/v2\/types\/product"}],"wp:attachment":[{"href":"https:\/\/roveyayinevi.com.tr\/index.php\/wp-json\/wp\/v2\/media?parent=726395"}],"wp:term":[{"taxonomy":"product_brand","embeddable":true,"href":"https:\/\/roveyayinevi.com.tr\/index.php\/wp-json\/wp\/v2\/product_brand?post=726395"},{"taxonomy":"product_cat","embeddable":true,"href":"https:\/\/roveyayinevi.com.tr\/index.php\/wp-json\/wp\/v2\/product_cat?post=726395"},{"taxonomy":"product_tag","embeddable":true,"href":"https:\/\/roveyayinevi.com.tr\/index.php\/wp-json\/wp\/v2\/product_tag?post=726395"}],"curies":[{"name":"wp","href":"https:\/\/api.w.org\/{rel}","templated":true}]}}