{"id":726393,"date":"2025-08-27T20:05:21","date_gmt":"2025-08-27T17:05:21","guid":{"rendered":"https:\/\/roveyayinevi.com.tr\/index.php\/urun\/filizler-basak-tutmus\/"},"modified":"2026-04-16T02:34:06","modified_gmt":"2026-04-15T23:34:06","slug":"filizler-basak-tutmus","status":"publish","type":"product","link":"https:\/\/roveyayinevi.com.tr\/index.php\/urun\/filizler-basak-tutmus\/","title":{"rendered":"Filizler Ba\u015fak Tutmu\u015f"},"content":{"rendered":"<p>\u015eiir kal\u0131c\u0131, yaz\u0131l\u0131 bir sanatt\u0131r. Toplumlar\u0131 en \u00e7ok \u015fairler etkilemi\u015ftir desek abartm\u0131\u015f say\u0131lmay\u0131z. \u015eairler \u015fiiriyle halk\u0131n duygular\u0131na terc\u00fcman olurlar. \u015eairleri susan veya susturulan bir millet iflah olmaz. \u015eiir okumak ve ezberlemek kelime da\u011farc\u0131\u011f\u0131m\u0131z\u0131 zenginle\u015ftirir. Ak\u0131c\u0131 ve etkili ileti\u015fim kurmam\u0131za katk\u0131da bulunur. Duygu d\u00fcnyam\u0131z\u0131 besler. Edebi anlat\u0131m \u00fcslubu kazand\u0131r\u0131r. Bu ilk \u015fiir kitab\u0131mla t\u00fcm \u015fiir severlerle bulu\u015fma f\u0131rsat\u0131 buldum. Bunun i\u00e7in Rabb\u2019ime hamdediyorum. Her bir \u015fiirim hayat\u0131mda ya\u015fad\u0131\u011f\u0131m, g\u00f6zlemledi\u011fim ya da ya\u015fanmas\u0131 m\u00fcmk\u00fcn olan bir s\u0131k\u0131nt\u0131n\u0131n, duygunun, sevincin tezah\u00fcr\u00fcd\u00fcr. Marifet, iltifata tabidir, derler. Benim \u015fiirlerim okunduk\u00e7a ben de \u015fiir yazmaya kar\u015f\u0131 daha \u00e7ok \u015fevk duyaca\u011f\u0131m. Elbette insan\u0131z ve hatalar\u0131m\u0131z olacakt\u0131r. Amac\u0131m\u0131z kimseyi k\u0131rmak ve incitmek de\u011fildir. Yazd\u0131\u011f\u0131m \u015fiirlerin ger\u00e7ek de\u011ferlendirmesini zaman i\u00e7erisinde \u015fiir severler yapacakt\u0131r elbette. Ben g\u00f6nl\u00fcmden ge\u00e7enleri kalemime nak\u015fetmeye \u00e7al\u0131\u015ft\u0131m. Nice \u015fiirlerde bulu\u015fma dile\u011fiyle\u2026 <\/p>\n","protected":false},"excerpt":{"rendered":"<p>\u015eiir kal\u0131c\u0131, yaz\u0131l\u0131 bir sanatt\u0131r. Toplumlar\u0131 en \u00e7ok \u015fairler etkilemi\u015ftir desek abartm\u0131\u015f say\u0131lmay\u0131z. \u015eairler \u015fiiriyle halk\u0131n duygular\u0131na terc\u00fcman olurlar. \u015eairleri susan veya susturulan bir millet iflah<span class=\"excerpt-hellip\"> [\u2026]<\/span><\/p>\n","protected":false},"featured_media":0,"template":"","meta":{"_monsterinsights_skip_tracking":false,"_monsterinsights_sitenote_active":false,"_monsterinsights_sitenote_note":"","_monsterinsights_sitenote_category":0},"product_brand":[],"product_cat":[12291,12509],"product_tag":[],"class_list":{"0":"post-726393","1":"product","2":"type-product","3":"status-publish","5":"product_cat-edebiyat","6":"product_cat-siir","7":"pa_cilt-ciltsiz","8":"pa_tur-kitap","9":"pa_yayinevi-tunc-yayinlari","10":"pa_yazar-ismail-ates","12":"first","13":"instock","14":"sale","15":"shipping-taxable","16":"purchasable","17":"product-type-simple"},"_links":{"self":[{"href":"https:\/\/roveyayinevi.com.tr\/index.php\/wp-json\/wp\/v2\/product\/726393","targetHints":{"allow":["GET"]}}],"collection":[{"href":"https:\/\/roveyayinevi.com.tr\/index.php\/wp-json\/wp\/v2\/product"}],"about":[{"href":"https:\/\/roveyayinevi.com.tr\/index.php\/wp-json\/wp\/v2\/types\/product"}],"wp:attachment":[{"href":"https:\/\/roveyayinevi.com.tr\/index.php\/wp-json\/wp\/v2\/media?parent=726393"}],"wp:term":[{"taxonomy":"product_brand","embeddable":true,"href":"https:\/\/roveyayinevi.com.tr\/index.php\/wp-json\/wp\/v2\/product_brand?post=726393"},{"taxonomy":"product_cat","embeddable":true,"href":"https:\/\/roveyayinevi.com.tr\/index.php\/wp-json\/wp\/v2\/product_cat?post=726393"},{"taxonomy":"product_tag","embeddable":true,"href":"https:\/\/roveyayinevi.com.tr\/index.php\/wp-json\/wp\/v2\/product_tag?post=726393"}],"curies":[{"name":"wp","href":"https:\/\/api.w.org\/{rel}","templated":true}]}}