{"id":726390,"date":"2025-08-27T20:05:18","date_gmt":"2025-08-27T17:05:18","guid":{"rendered":"https:\/\/roveyayinevi.com.tr\/index.php\/urun\/turk-mitolojisi-2-cilt-takim\/"},"modified":"2026-04-16T02:34:06","modified_gmt":"2026-04-15T23:34:06","slug":"turk-mitolojisi-2-cilt-takim","status":"publish","type":"product","link":"https:\/\/roveyayinevi.com.tr\/index.php\/urun\/turk-mitolojisi-2-cilt-takim\/","title":{"rendered":"T\u00fcrk Mitolojisi ( 2 Cilt Tak\u0131m )"},"content":{"rendered":"<p>B\u00fcy\u00fck devlet hayat\u0131 ya\u015fam\u0131\u015f T\u00fcrkler ile da\u011flar, vadiler, hatta tundralar aras\u0131nda s\u0131k\u0131\u015f\u0131p kalm\u0131\u015f T\u00fcrkler aras\u0131nda, baz\u0131 geli\u015fme ve de\u011fi\u015fmeler olmu\u015ftur. Bunlar\u0131, \u00f6nemle g\u00f6z \u00f6n\u00fcnde tutmak gerekmi\u015ftir. Ancak her konuda Anadolu, ba\u015fl\u0131ca \u00e7\u0131k\u0131\u015f ve d\u00f6n\u00fc\u015f noktam\u0131z olmu\u015ftur. Proto-T\u00fcrk d\u00fc\u015f\u00fcncenin derinliklerine inip, en eski izlerini arama, ba\u015fl\u0131ca amac\u0131m\u0131z haline gelmi\u015ftir. Bunun i\u00e7in de, d\u0131\u015f k\u00fclt\u00fcr tesirlerini ay\u0131klamak gerekmi\u015ftir. Bunun yan\u0131nda, Altaylar gibi soyutlanm\u0131\u015f T\u00fcrk b\u00f6lgelerinde, sonradan girmi\u015f hurafeler de ay\u0131klanm\u0131\u015ft\u0131r. \u00c7\u00fcnk\u00fc T\u00fcrk d\u00fc\u015f\u00fcncesi, ger\u00e7ek\u00e7i \u00e7izgiden, pek ayr\u0131lmam\u0131\u015ft\u0131r.T\u00fcrklerin yaz\u0131l\u0131 ve s\u00f6zl\u00fc olarak k\u00f6kl\u00fc ve zengin bir mitolojisi vard\u0131r. Bu zenginliklerin tespiti, kayda al\u0131nmas\u0131 ve sonraki nesillere ula\u015ft\u0131r\u0131lmas\u0131 son derece \u00f6nemlidir. Prof. Dr. Bahaeddin \u00d6gel\u2019in \u00f6mr\u00fcn\u00fc vererek iki cilt bi\u00e7iminde haz\u0131rlad\u0131\u011f\u0131 \u201cT\u00fcrk Mitolojisi\u201d ba\u015fl\u0131kl\u0131 eserini gelecek nesillere ula\u015ft\u0131r\u0131lmas\u0131 ger\u00e7ekten g\u00fczel bir \u00f6rnektir. Ger\u00e7ek anlamda ge\u00e7mi\u015fe ve gelece\u011fe \u0131\u015f\u0131k tutmaktad\u0131r.<\/p>\n","protected":false},"excerpt":{"rendered":"<p>B\u00fcy\u00fck devlet hayat\u0131 ya\u015fam\u0131\u015f T\u00fcrkler ile da\u011flar, vadiler, hatta tundralar aras\u0131nda s\u0131k\u0131\u015f\u0131p kalm\u0131\u015f T\u00fcrkler aras\u0131nda, baz\u0131 geli\u015fme ve de\u011fi\u015fmeler olmu\u015ftur. Bunlar\u0131, \u00f6nemle g\u00f6z \u00f6n\u00fcnde tutmak gerekmi\u015ftir.<span class=\"excerpt-hellip\"> [\u2026]<\/span><\/p>\n","protected":false},"featured_media":0,"template":"","meta":{"_monsterinsights_skip_tracking":false,"_monsterinsights_sitenote_active":false,"_monsterinsights_sitenote_note":"","_monsterinsights_sitenote_category":0},"product_brand":[],"product_cat":[12718,12858],"product_tag":[],"class_list":{"0":"post-726390","1":"product","2":"type-product","3":"status-publish","5":"product_cat-din","6":"product_cat-mitolojiler","7":"pa_cilt-ciltsiz","8":"pa_tur-kitap","9":"pa_yayinevi-altinordu-yayinlari","10":"pa_yazar-bahaeddin-ogel","12":"first","13":"instock","14":"sale","15":"shipping-taxable","16":"purchasable","17":"product-type-simple"},"_links":{"self":[{"href":"https:\/\/roveyayinevi.com.tr\/index.php\/wp-json\/wp\/v2\/product\/726390","targetHints":{"allow":["GET"]}}],"collection":[{"href":"https:\/\/roveyayinevi.com.tr\/index.php\/wp-json\/wp\/v2\/product"}],"about":[{"href":"https:\/\/roveyayinevi.com.tr\/index.php\/wp-json\/wp\/v2\/types\/product"}],"wp:attachment":[{"href":"https:\/\/roveyayinevi.com.tr\/index.php\/wp-json\/wp\/v2\/media?parent=726390"}],"wp:term":[{"taxonomy":"product_brand","embeddable":true,"href":"https:\/\/roveyayinevi.com.tr\/index.php\/wp-json\/wp\/v2\/product_brand?post=726390"},{"taxonomy":"product_cat","embeddable":true,"href":"https:\/\/roveyayinevi.com.tr\/index.php\/wp-json\/wp\/v2\/product_cat?post=726390"},{"taxonomy":"product_tag","embeddable":true,"href":"https:\/\/roveyayinevi.com.tr\/index.php\/wp-json\/wp\/v2\/product_tag?post=726390"}],"curies":[{"name":"wp","href":"https:\/\/api.w.org\/{rel}","templated":true}]}}