{"id":726385,"date":"2025-08-27T20:05:14","date_gmt":"2025-08-27T17:05:14","guid":{"rendered":"https:\/\/roveyayinevi.com.tr\/index.php\/urun\/locarno-dilencisi\/"},"modified":"2026-04-16T02:34:06","modified_gmt":"2026-04-15T23:34:06","slug":"locarno-dilencisi","status":"publish","type":"product","link":"https:\/\/roveyayinevi.com.tr\/index.php\/urun\/locarno-dilencisi\/","title":{"rendered":"Locarno Dilencisi"},"content":{"rendered":"<p>Heinrich von Kleist (1777 \u2013 1811) Alman edebiyat\u0131n\u0131n yabans\u0131, hatta delili\u011fin s\u0131n\u0131rlar\u0131nda gezinen yazar\u0131d\u0131r. Hi\u00e7bir yere k\u00f6k salamam\u0131\u015f, ya\u015fam\u0131n\u0131 trajik bi\u00e7imde sonland\u0131rm\u0131\u015ft\u0131r: \u00d6nce sevgilisini sonra kendisini vurmu\u015f, \u00f6ld\u00fckleri yerde birlikte g\u00f6m\u00fclm\u00fc\u015flerdir. Oysa Kleist yazar olarak bamba\u015fkad\u0131r, hi\u00e7 da\u011f\u0131lmadan sadece olaylar\u0131 anlat\u0131r. Locarno Dilencisi bu tekinsiz ustan\u0131n en g\u00fczel birka\u00e7 \u00f6yk\u00fcs\u00fcn\u00fc bir araya getiriyor. Locarno Dilencisi\u2019ni Mehmet Yekta D\u00fczg\u00fcn\u2019\u00fcn \u00e7evirisiyle sunuyoruz. <\/p>\n","protected":false},"excerpt":{"rendered":"<p>Heinrich von Kleist (1777 \u2013 1811) Alman edebiyat\u0131n\u0131n yabans\u0131, hatta delili\u011fin s\u0131n\u0131rlar\u0131nda gezinen yazar\u0131d\u0131r. Hi\u00e7bir yere k\u00f6k salamam\u0131\u015f, ya\u015fam\u0131n\u0131 trajik bi\u00e7imde sonland\u0131rm\u0131\u015ft\u0131r: \u00d6nce sevgilisini sonra kendisini<span class=\"excerpt-hellip\"> [\u2026]<\/span><\/p>\n","protected":false},"featured_media":0,"template":"","meta":{"_monsterinsights_skip_tracking":false,"_monsterinsights_sitenote_active":false,"_monsterinsights_sitenote_note":"","_monsterinsights_sitenote_category":0},"product_brand":[],"product_cat":[12291,17033],"product_tag":[],"class_list":{"0":"post-726385","1":"product","2":"type-product","3":"status-publish","5":"product_cat-edebiyat","6":"product_cat-korku-gerilim","7":"pa_cilt-ciltsiz","8":"pa_tur-kitap","9":"pa_yayinevi-cem-yayinevi","10":"pa_yazar-heinrich-von-kleist","12":"first","13":"instock","14":"sale","15":"shipping-taxable","16":"purchasable","17":"product-type-simple"},"_links":{"self":[{"href":"https:\/\/roveyayinevi.com.tr\/index.php\/wp-json\/wp\/v2\/product\/726385","targetHints":{"allow":["GET"]}}],"collection":[{"href":"https:\/\/roveyayinevi.com.tr\/index.php\/wp-json\/wp\/v2\/product"}],"about":[{"href":"https:\/\/roveyayinevi.com.tr\/index.php\/wp-json\/wp\/v2\/types\/product"}],"wp:attachment":[{"href":"https:\/\/roveyayinevi.com.tr\/index.php\/wp-json\/wp\/v2\/media?parent=726385"}],"wp:term":[{"taxonomy":"product_brand","embeddable":true,"href":"https:\/\/roveyayinevi.com.tr\/index.php\/wp-json\/wp\/v2\/product_brand?post=726385"},{"taxonomy":"product_cat","embeddable":true,"href":"https:\/\/roveyayinevi.com.tr\/index.php\/wp-json\/wp\/v2\/product_cat?post=726385"},{"taxonomy":"product_tag","embeddable":true,"href":"https:\/\/roveyayinevi.com.tr\/index.php\/wp-json\/wp\/v2\/product_tag?post=726385"}],"curies":[{"name":"wp","href":"https:\/\/api.w.org\/{rel}","templated":true}]}}