{"id":726383,"date":"2025-08-27T20:05:12","date_gmt":"2025-08-27T17:05:12","guid":{"rendered":"https:\/\/roveyayinevi.com.tr\/index.php\/urun\/napolyon\/"},"modified":"2026-04-16T02:34:06","modified_gmt":"2026-04-15T23:34:06","slug":"napolyon","status":"publish","type":"product","link":"https:\/\/roveyayinevi.com.tr\/index.php\/urun\/napolyon\/","title":{"rendered":"Napolyon"},"content":{"rendered":"<p>Carl Sternheim, XX. y\u00fczy\u0131l Alman yaz\u0131n\u0131n\u0131n, \u00f6zellikle ekspresyonizmin en \u00f6nemli oyun ve \u00f6yk\u00fc yazarlar\u0131ndan biridir. Toplumsal d\u00f6n\u00fc\u015f\u00fcm\u00fcn, hangi z\u00fcmreden olursa olsun insan\u0131 paraya, iktidara ve \u00fcne ko\u015fulland\u0131rmas\u0131yla her t\u00fcrl\u00fc ili\u015fkinin \u00f6l\u00e7\u00fcs\u00fc haline gelmesine, ac\u0131 ve ince alay\u0131n\u0131 y\u00f6neltir. En gizli insan niteliklerini s\u00f6z\u00fcn kurgusuna b\u00fcy\u00fck bir ustal\u0131kla yedirerek yaratt\u0131\u011f\u0131 yap\u0131tlar, dolamba\u00e7l\u0131 anlat\u0131ma y\u00fcz vermez. Do\u011frudan betimlerken, turnay\u0131 g\u00f6z\u00fcnden vuran keskin g\u00f6zlemini, ayr\u0131nt\u0131lar\u0131 ve incelikleri zengin bir dil da\u011far\u0131yla yans\u0131t\u0131r. <\/p>\n","protected":false},"excerpt":{"rendered":"<p>Carl Sternheim, XX. y\u00fczy\u0131l Alman yaz\u0131n\u0131n\u0131n, \u00f6zellikle ekspresyonizmin en \u00f6nemli oyun ve \u00f6yk\u00fc yazarlar\u0131ndan biridir. Toplumsal d\u00f6n\u00fc\u015f\u00fcm\u00fcn, hangi z\u00fcmreden olursa olsun insan\u0131 paraya, iktidara ve \u00fcne<span class=\"excerpt-hellip\"> [\u2026]<\/span><\/p>\n","protected":false},"featured_media":0,"template":"","meta":{"_monsterinsights_skip_tracking":false,"_monsterinsights_sitenote_active":false,"_monsterinsights_sitenote_note":"","_monsterinsights_sitenote_category":0},"product_brand":[],"product_cat":[13661,12291],"product_tag":[],"class_list":{"0":"post-726383","1":"product","2":"type-product","3":"status-publish","5":"product_cat-diger-ulke-edebiyatlari","6":"product_cat-edebiyat","7":"pa_cilt-ciltsiz","8":"pa_tur-kitap","9":"pa_yayinevi-cem-yayinevi","10":"pa_yazar-carl-sternheim","12":"first","13":"instock","14":"sale","15":"shipping-taxable","16":"purchasable","17":"product-type-simple"},"_links":{"self":[{"href":"https:\/\/roveyayinevi.com.tr\/index.php\/wp-json\/wp\/v2\/product\/726383","targetHints":{"allow":["GET"]}}],"collection":[{"href":"https:\/\/roveyayinevi.com.tr\/index.php\/wp-json\/wp\/v2\/product"}],"about":[{"href":"https:\/\/roveyayinevi.com.tr\/index.php\/wp-json\/wp\/v2\/types\/product"}],"wp:attachment":[{"href":"https:\/\/roveyayinevi.com.tr\/index.php\/wp-json\/wp\/v2\/media?parent=726383"}],"wp:term":[{"taxonomy":"product_brand","embeddable":true,"href":"https:\/\/roveyayinevi.com.tr\/index.php\/wp-json\/wp\/v2\/product_brand?post=726383"},{"taxonomy":"product_cat","embeddable":true,"href":"https:\/\/roveyayinevi.com.tr\/index.php\/wp-json\/wp\/v2\/product_cat?post=726383"},{"taxonomy":"product_tag","embeddable":true,"href":"https:\/\/roveyayinevi.com.tr\/index.php\/wp-json\/wp\/v2\/product_tag?post=726383"}],"curies":[{"name":"wp","href":"https:\/\/api.w.org\/{rel}","templated":true}]}}