{"id":726380,"date":"2025-08-27T20:05:10","date_gmt":"2025-08-27T17:05:10","guid":{"rendered":"https:\/\/roveyayinevi.com.tr\/index.php\/urun\/bay-penguen-ve-kayip-hazine\/"},"modified":"2026-04-16T02:34:06","modified_gmt":"2026-04-15T23:34:06","slug":"bay-penguen-ve-kayip-hazine","status":"publish","type":"product","link":"https:\/\/roveyayinevi.com.tr\/index.php\/urun\/bay-penguen-ve-kayip-hazine\/","title":{"rendered":"Bay Penguen ve Kay\u0131p Hazine"},"content":{"rendered":"<p>Ola\u011fan\u00fcst\u00fc Nesneler M\u00fczesi\u2019nden gelen telefonla i\u015fe koyulan Bay Penguen ve orta\u011f\u0131 kendilerini bir anda olmad\u0131k bir maceran\u0131n i\u00e7inde bulur.\u015eifreleri \u00e7\u00f6zmek, m\u00fczenin derinliklerinde balta girmemi\u015f ormanda yollar\u0131n\u0131 bulmak yetmezmi\u015f gibi bir de yarat\u0131klarla u\u011fra\u015f\u0131rlar.<\/p>\n","protected":false},"excerpt":{"rendered":"<p>Ola\u011fan\u00fcst\u00fc Nesneler M\u00fczesi\u2019nden gelen telefonla i\u015fe koyulan Bay Penguen ve orta\u011f\u0131 kendilerini bir anda olmad\u0131k bir maceran\u0131n i\u00e7inde bulur.\u015eifreleri \u00e7\u00f6zmek, m\u00fczenin derinliklerinde balta girmemi\u015f ormanda yollar\u0131n\u0131<span class=\"excerpt-hellip\"> [\u2026]<\/span><\/p>\n","protected":false},"featured_media":0,"template":"","meta":{"_monsterinsights_skip_tracking":false,"_monsterinsights_sitenote_active":false,"_monsterinsights_sitenote_note":"","_monsterinsights_sitenote_category":0},"product_brand":[],"product_cat":[12274,12284],"product_tag":[],"class_list":{"0":"post-726380","1":"product","2":"type-product","3":"status-publish","5":"product_cat-cocuk-ve-genclik-kitaplari","6":"product_cat-hikayeler","7":"pa_cilt-ciltsiz","8":"pa_tur-kitap","9":"pa_yayinevi-hep-kitap","10":"pa_yazar-alex-t-smith","12":"first","13":"instock","14":"sale","15":"shipping-taxable","16":"purchasable","17":"product-type-simple"},"_links":{"self":[{"href":"https:\/\/roveyayinevi.com.tr\/index.php\/wp-json\/wp\/v2\/product\/726380","targetHints":{"allow":["GET"]}}],"collection":[{"href":"https:\/\/roveyayinevi.com.tr\/index.php\/wp-json\/wp\/v2\/product"}],"about":[{"href":"https:\/\/roveyayinevi.com.tr\/index.php\/wp-json\/wp\/v2\/types\/product"}],"wp:attachment":[{"href":"https:\/\/roveyayinevi.com.tr\/index.php\/wp-json\/wp\/v2\/media?parent=726380"}],"wp:term":[{"taxonomy":"product_brand","embeddable":true,"href":"https:\/\/roveyayinevi.com.tr\/index.php\/wp-json\/wp\/v2\/product_brand?post=726380"},{"taxonomy":"product_cat","embeddable":true,"href":"https:\/\/roveyayinevi.com.tr\/index.php\/wp-json\/wp\/v2\/product_cat?post=726380"},{"taxonomy":"product_tag","embeddable":true,"href":"https:\/\/roveyayinevi.com.tr\/index.php\/wp-json\/wp\/v2\/product_tag?post=726380"}],"curies":[{"name":"wp","href":"https:\/\/api.w.org\/{rel}","templated":true}]}}