{"id":726374,"date":"2025-08-27T20:05:05","date_gmt":"2025-08-27T17:05:05","guid":{"rendered":"https:\/\/roveyayinevi.com.tr\/index.php\/urun\/masal-anlatan-sesler\/"},"modified":"2026-04-16T02:34:06","modified_gmt":"2026-04-15T23:34:06","slug":"masal-anlatan-sesler","status":"publish","type":"product","link":"https:\/\/roveyayinevi.com.tr\/index.php\/urun\/masal-anlatan-sesler\/","title":{"rendered":"Masal Anlatan Sesler"},"content":{"rendered":"<p>Masal Anlatan Sesler; alfabenin kolay ve e\u011flenceli bir \u015fekilde \u00f6\u011frenilmesini sa\u011flayacak 29 masal, 29 k\u00fc\u00e7\u00fck harf y\u00f6nergesi, 29 b\u00fcy\u00fck harf boyama sayfas\u0131 ve \u00e7ocuklar\u0131n yazma yetene\u011fini geli\u015ftirecek 29 harf \u00e7izim ve tamamlama al\u0131\u015ft\u0131rmalar\u0131ndan olu\u015fmaktad\u0131r. Masal Anlatan Sesler&#8217;de okuma yazma e\u011fitimi verilirken \u00e7ocuklar\u0131n kendini ifade etme becerilerini geli\u015ftirmeye olanak sa\u011flayan, drama \u00e7al\u0131\u015fmalar\u0131na uygun ve de\u011ferler e\u011fitimi konular\u0131n\u0131n yer verildi\u011fi masallar kaleme al\u0131nm\u0131\u015ft\u0131r. Masallar\u0131n i\u00e7inde k\u00fc\u00e7\u00fck harfin yaz\u0131l\u0131\u015f\u0131na y\u00f6nelik y\u00f6nergeler yerle\u015ftirilmi\u015ftir. Masal\u0131 dinleyen \u00e7ocuklar k\u00fc\u00e7\u00fck harfleri y\u00f6nergeleri takip ederek zorlanmadan yazabileceklerdir. Ayr\u0131ca masal\u0131n ana kahraman\u0131n\u0131 hayal g\u00fcc\u00fcn\u00fc kullanarak istedi\u011fi renge boyarken kahraman\u0131n alfabedeki ba\u015f harfini de kolayca \u00f6\u011frenecektir. G\u00f6rsel e\u015fle\u015ftirmeye imk\u00e2n sa\u011flayan \u00e7al\u0131\u015fmalar sayesinde harfler \u00f6\u011frenilirken k\u00fc\u00e7\u00fck harf b\u00fcy\u00fck harf e\u015fle\u015ftirmesi rahatl\u0131kla yap\u0131lacakt\u0131r. <\/p>\n","protected":false},"excerpt":{"rendered":"<p>Masal Anlatan Sesler; alfabenin kolay ve e\u011flenceli bir \u015fekilde \u00f6\u011frenilmesini sa\u011flayacak 29 masal, 29 k\u00fc\u00e7\u00fck harf y\u00f6nergesi, 29 b\u00fcy\u00fck harf boyama sayfas\u0131 ve \u00e7ocuklar\u0131n yazma yetene\u011fini<span class=\"excerpt-hellip\"> [\u2026]<\/span><\/p>\n","protected":false},"featured_media":0,"template":"","meta":{"_monsterinsights_skip_tracking":false,"_monsterinsights_sitenote_active":false,"_monsterinsights_sitenote_note":"","_monsterinsights_sitenote_category":0},"product_brand":[],"product_cat":[12274,15842],"product_tag":[],"class_list":{"0":"post-726374","1":"product","2":"type-product","3":"status-publish","5":"product_cat-cocuk-ve-genclik-kitaplari","6":"product_cat-egitici-kitaplar","7":"pa_cilt-ciltsiz","8":"pa_tur-kitap","9":"pa_yayinevi-us-yayinlari","10":"pa_yazar-alev-nural","12":"first","13":"instock","14":"sale","15":"shipping-taxable","16":"purchasable","17":"product-type-simple"},"_links":{"self":[{"href":"https:\/\/roveyayinevi.com.tr\/index.php\/wp-json\/wp\/v2\/product\/726374","targetHints":{"allow":["GET"]}}],"collection":[{"href":"https:\/\/roveyayinevi.com.tr\/index.php\/wp-json\/wp\/v2\/product"}],"about":[{"href":"https:\/\/roveyayinevi.com.tr\/index.php\/wp-json\/wp\/v2\/types\/product"}],"wp:attachment":[{"href":"https:\/\/roveyayinevi.com.tr\/index.php\/wp-json\/wp\/v2\/media?parent=726374"}],"wp:term":[{"taxonomy":"product_brand","embeddable":true,"href":"https:\/\/roveyayinevi.com.tr\/index.php\/wp-json\/wp\/v2\/product_brand?post=726374"},{"taxonomy":"product_cat","embeddable":true,"href":"https:\/\/roveyayinevi.com.tr\/index.php\/wp-json\/wp\/v2\/product_cat?post=726374"},{"taxonomy":"product_tag","embeddable":true,"href":"https:\/\/roveyayinevi.com.tr\/index.php\/wp-json\/wp\/v2\/product_tag?post=726374"}],"curies":[{"name":"wp","href":"https:\/\/api.w.org\/{rel}","templated":true}]}}