{"id":726339,"date":"2025-08-27T20:04:38","date_gmt":"2025-08-27T17:04:38","guid":{"rendered":"https:\/\/roveyayinevi.com.tr\/index.php\/urun\/milliyetcilik-ve-dis-politika-turkiyenin-kuzey-irak-ve-israil-politikalarina-teorik-bir-bakis\/"},"modified":"2026-04-16T02:34:05","modified_gmt":"2026-04-15T23:34:05","slug":"milliyetcilik-ve-dis-politika-turkiyenin-kuzey-irak-ve-israil-politikalarina-teorik-bir-bakis","status":"publish","type":"product","link":"https:\/\/roveyayinevi.com.tr\/index.php\/urun\/milliyetcilik-ve-dis-politika-turkiyenin-kuzey-irak-ve-israil-politikalarina-teorik-bir-bakis\/","title":{"rendered":"Milliyet\u00e7ilik ve D\u0131\u015f Politika : T\u00fcrkiye\u2019nin Kuzey Irak ve \u0130srail Politikalar\u0131na Teorik Bir Bak\u0131\u015f"},"content":{"rendered":"<p>\u0130\u00e7indekiler1. B\u00f6l\u00fcm: Kavramsal \u00c7er\u00e7eve Teorik Yakla\u015f\u0131m2. B\u00f6l\u00fcm: T\u00fcrk Milliyet\u00e7ili\u011fi: Tarihsel Arka Plan\u0131 ve Tipolojiler 3. B\u00f6l\u00fcm: T\u00fcrk Milliyet\u00e7ili\u011fi Tipolojilerini Temsil Eden Akt\u00f6rler ve D\u0131\u015f Politika Alg\u0131lar\u0131 4. B\u00f6l\u00fcm: \u00d6rnek Olay \u00c7al\u0131\u015fmas\u0131 1: T\u00fcrkiye\u2019nin Kuzey Irak Politikas\u01315. B\u00f6l\u00fcm: \u00d6rnek Olay \u00c7al\u0131\u015fmas\u0131 2: T\u00fcrkiye\u2019nin \u0130srail Politikas\u0131 Sonu\u00e7 ve De\u011ferlendirme 6. 7 Haziran 2015 Genel Se\u00e7imlerinden G\u00fcn\u00fcm\u00fcze Kadar Ge\u00e7en S\u00fcre\u00e7te Ya\u015fanan Geli\u015fmelerin De\u011ferlendirilmesi <\/p>\n","protected":false},"excerpt":{"rendered":"<p>\u0130\u00e7indekiler1. B\u00f6l\u00fcm: Kavramsal \u00c7er\u00e7eve Teorik Yakla\u015f\u0131m2. B\u00f6l\u00fcm: T\u00fcrk Milliyet\u00e7ili\u011fi: Tarihsel Arka Plan\u0131 ve Tipolojiler 3. B\u00f6l\u00fcm: T\u00fcrk Milliyet\u00e7ili\u011fi Tipolojilerini Temsil Eden Akt\u00f6rler ve D\u0131\u015f Politika Alg\u0131lar\u0131<span class=\"excerpt-hellip\"> [\u2026]<\/span><\/p>\n","protected":false},"featured_media":0,"template":"","meta":{"_monsterinsights_skip_tracking":false,"_monsterinsights_sitenote_active":false,"_monsterinsights_sitenote_note":"","_monsterinsights_sitenote_category":0},"product_brand":[],"product_cat":[12337,14706],"product_tag":[],"class_list":{"0":"post-726339","1":"product","2":"type-product","3":"status-publish","5":"product_cat-politika-siyaset","6":"product_cat-siyaset-bilimi","7":"pa_cilt-ciltsiz","8":"pa_tur-kitap","9":"pa_yayinevi-gazi-kitabevi","10":"pa_yazar-yusuf-ziya-bolukbasi","12":"first","13":"instock","14":"sale","15":"shipping-taxable","16":"purchasable","17":"product-type-simple"},"_links":{"self":[{"href":"https:\/\/roveyayinevi.com.tr\/index.php\/wp-json\/wp\/v2\/product\/726339","targetHints":{"allow":["GET"]}}],"collection":[{"href":"https:\/\/roveyayinevi.com.tr\/index.php\/wp-json\/wp\/v2\/product"}],"about":[{"href":"https:\/\/roveyayinevi.com.tr\/index.php\/wp-json\/wp\/v2\/types\/product"}],"wp:attachment":[{"href":"https:\/\/roveyayinevi.com.tr\/index.php\/wp-json\/wp\/v2\/media?parent=726339"}],"wp:term":[{"taxonomy":"product_brand","embeddable":true,"href":"https:\/\/roveyayinevi.com.tr\/index.php\/wp-json\/wp\/v2\/product_brand?post=726339"},{"taxonomy":"product_cat","embeddable":true,"href":"https:\/\/roveyayinevi.com.tr\/index.php\/wp-json\/wp\/v2\/product_cat?post=726339"},{"taxonomy":"product_tag","embeddable":true,"href":"https:\/\/roveyayinevi.com.tr\/index.php\/wp-json\/wp\/v2\/product_tag?post=726339"}],"curies":[{"name":"wp","href":"https:\/\/api.w.org\/{rel}","templated":true}]}}

Milliyetçilik ve Dış Politika : Türkiye’nin Kuzey Irak ve İsrail Politikalarına Teorik Bir Bakış

<p>İçindekiler1. Bölüm: Kavramsal Çerçeve Teorik Yaklaşım2. Bölüm: Türk Milliyetçiliği: Tarihsel Arka Planı ve Tipolojiler 3. Bölüm: Türk Milliyetçiliği Tipolojilerini Temsil Eden Aktörler ve Dış Politika Algıları 4. Bölüm: Örnek Olay Çalışması 1: Türkiye’nin Kuzey Irak Politikası5. Bölüm: Örnek Olay Çalışması 2: Türkiye’nin İsrail Politikası Sonuç ve Değerlendirme 6. 7 Haziran 2015 Genel Seçimlerinden Günümüze Kadar Geçen Süreçte Yaşanan Gelişmelerin Değerlendirilmesi </p>

<p>İçindekiler1. Bölüm: Kavramsal Çerçeve Teorik Yaklaşım2. Bölüm: Türk Milliyetçiliği: Tarihsel Arka Planı ve Tipolojiler 3. Bölüm: Türk Milliyetçiliği Tipolojilerini Temsil Eden Aktörler ve Dış Politika Algıları<span class="excerpt-hellip"> […]</span></p>
