{"id":726335,"date":"2025-08-27T20:04:34","date_gmt":"2025-08-27T17:04:34","guid":{"rendered":"https:\/\/roveyayinevi.com.tr\/index.php\/urun\/sihirli-mucizeler-bolluk-bereket-tezahuru\/"},"modified":"2026-04-16T02:34:05","modified_gmt":"2026-04-15T23:34:05","slug":"sihirli-mucizeler-bolluk-bereket-tezahuru","status":"publish","type":"product","link":"https:\/\/roveyayinevi.com.tr\/index.php\/urun\/sihirli-mucizeler-bolluk-bereket-tezahuru\/","title":{"rendered":"Sihirli Mucizeler Bolluk Bereket Tezah\u00fcr\u00fc"},"content":{"rendered":"<p>Bolluk bir bilin\u00e7tir. Bolluk bilincimizin a\u00e7\u0131kl\u0131\u011f\u0131na ba\u011fl\u0131 olarak \u2018varl\u0131k i\u00e7inde yokluk, yokluk i\u00e7inde bolluk\u2019 ya\u015fayabiliriz. Asl\u0131nda her \u015fey bizim bollu\u011fu g\u00f6rme ve kabul etme \u015feklimiz ile ilgilidir. Baz\u0131 zamanlarda elimizde olmayanlar i\u00e7in yak\u0131n\u0131r\u0131z ama elimizdekilerin g\u00fczelli\u011finin fark\u0131na var\u0131r, ald\u0131\u011f\u0131m\u0131z nefes i\u00e7in \u015f\u00fckreder isek bolluk bilincimiz a\u00e7\u0131l\u0131r ve bolluk ak\u0131\u015f\u0131m\u0131z artar&#8230; Madem &#8220;BOLLUK B\u0130R B\u0130L\u0130N\u00c7T\u0130R&#8221; diyoruz. Bu bilinci edinmemizi sa\u011flayacak 21 g\u00fcnl\u00fck bolluk \u00e7al\u0131\u015fmas\u0131na var m\u0131s\u0131n\u0131z?<\/p>\n","protected":false},"excerpt":{"rendered":"<p>Bolluk bir bilin\u00e7tir. Bolluk bilincimizin a\u00e7\u0131kl\u0131\u011f\u0131na ba\u011fl\u0131 olarak \u2018varl\u0131k i\u00e7inde yokluk, yokluk i\u00e7inde bolluk\u2019 ya\u015fayabiliriz. Asl\u0131nda her \u015fey bizim bollu\u011fu g\u00f6rme ve kabul etme \u015feklimiz ile<span class=\"excerpt-hellip\"> [\u2026]<\/span><\/p>\n","protected":false},"featured_media":0,"template":"","meta":{"_monsterinsights_skip_tracking":false,"_monsterinsights_sitenote_active":false,"_monsterinsights_sitenote_note":"","_monsterinsights_sitenote_category":0},"product_brand":[],"product_cat":[12364,12376],"product_tag":[],"class_list":{"0":"post-726335","1":"product","2":"type-product","3":"status-publish","5":"product_cat-genel-konular","6":"product_cat-kisisel-gelisim","7":"pa_cilt-ciltsiz","8":"pa_tur-kitap","9":"pa_yayinevi-muptela-yayinevi","10":"pa_yazar-zafer-altintas","12":"first","13":"instock","14":"sale","15":"shipping-taxable","16":"purchasable","17":"product-type-simple"},"_links":{"self":[{"href":"https:\/\/roveyayinevi.com.tr\/index.php\/wp-json\/wp\/v2\/product\/726335","targetHints":{"allow":["GET"]}}],"collection":[{"href":"https:\/\/roveyayinevi.com.tr\/index.php\/wp-json\/wp\/v2\/product"}],"about":[{"href":"https:\/\/roveyayinevi.com.tr\/index.php\/wp-json\/wp\/v2\/types\/product"}],"wp:attachment":[{"href":"https:\/\/roveyayinevi.com.tr\/index.php\/wp-json\/wp\/v2\/media?parent=726335"}],"wp:term":[{"taxonomy":"product_brand","embeddable":true,"href":"https:\/\/roveyayinevi.com.tr\/index.php\/wp-json\/wp\/v2\/product_brand?post=726335"},{"taxonomy":"product_cat","embeddable":true,"href":"https:\/\/roveyayinevi.com.tr\/index.php\/wp-json\/wp\/v2\/product_cat?post=726335"},{"taxonomy":"product_tag","embeddable":true,"href":"https:\/\/roveyayinevi.com.tr\/index.php\/wp-json\/wp\/v2\/product_tag?post=726335"}],"curies":[{"name":"wp","href":"https:\/\/api.w.org\/{rel}","templated":true}]}}