{"id":726328,"date":"2025-08-27T20:04:28","date_gmt":"2025-08-27T17:04:28","guid":{"rendered":"https:\/\/roveyayinevi.com.tr\/index.php\/urun\/ada-ile-efe-internette-guvende\/"},"modified":"2026-04-16T02:34:05","modified_gmt":"2026-04-15T23:34:05","slug":"ada-ile-efe-internette-guvende","status":"publish","type":"product","link":"https:\/\/roveyayinevi.com.tr\/index.php\/urun\/ada-ile-efe-internette-guvende\/","title":{"rendered":"Ada \u0130le Efe \u0130nternette G\u00fcvende"},"content":{"rendered":"<p>Ada i\u00e7in \u00f6nemli bir g\u00fcn! \u0130nterneti kullan\u0131rken kendini g\u00fcvende hissetmek isteyen Ada\u2019ya Duygu \u00d6\u011fretmen bir s\u00fcrpriz yap\u0131yor. \u0130nternet Fark\u0131ndal\u0131\u011f\u0131 dersinde misafir bir uzman \u00f6\u011fretmen s\u0131n\u0131flar\u0131n\u0131 ziyaret edecek ve onlara bilin\u00e7li bir internet kullan\u0131c\u0131s\u0131 olman\u0131n ve interneti g\u00fcvenli bir \u015fekilde kullanman\u0131n alt\u0131n kurallar\u0131n\u0131 \u00f6\u011fretecek. Bilin\u00e7li bir internet kullan\u0131c\u0131s\u0131 olman\u0131n ve interneti g\u00fcvenli kullanmay\u0131 \u00f6\u011frenmenin tam zaman\u0131! Bu kitapta yer alan \u0130nternet G\u00fcvenli\u011fi Anketi&#8217;ni doldurmay\u0131 unutma! Ada ile Efe serisi uzman yazar Osman \u00d6zt\u00fcrk ta raf\u0131ndan g\u00fcvenli bir ya\u015fam i\u00e7in edinilebilecek temel davran\u0131\u015f kal\u0131plar\u0131n\u0131 \u00f6\u011fretmek ve fark\u0131ndal\u0131\u011f\u0131 art\u0131rmak \u00fczere haz\u0131rlanm\u0131\u015ft\u0131r.<\/p>\n","protected":false},"excerpt":{"rendered":"<p>Ada i\u00e7in \u00f6nemli bir g\u00fcn! \u0130nterneti kullan\u0131rken kendini g\u00fcvende hissetmek isteyen Ada\u2019ya Duygu \u00d6\u011fretmen bir s\u00fcrpriz yap\u0131yor. \u0130nternet Fark\u0131ndal\u0131\u011f\u0131 dersinde misafir bir uzman \u00f6\u011fretmen s\u0131n\u0131flar\u0131n\u0131 ziyaret<span class=\"excerpt-hellip\"> [\u2026]<\/span><\/p>\n","protected":false},"featured_media":0,"template":"","meta":{"_monsterinsights_skip_tracking":false,"_monsterinsights_sitenote_active":false,"_monsterinsights_sitenote_note":"","_monsterinsights_sitenote_category":0},"product_brand":[],"product_cat":[12275,12274],"product_tag":[],"class_list":{"0":"post-726328","1":"product","2":"type-product","3":"status-publish","5":"product_cat-6-12-yas-kitaplari","6":"product_cat-cocuk-ve-genclik-kitaplari","7":"pa_cilt-ciltsiz","8":"pa_tur-kitap","9":"pa_yayinevi-dogan-egmont-yayincilik","10":"pa_yazar-osman-ozturk","12":"first","13":"instock","14":"sale","15":"shipping-taxable","16":"purchasable","17":"product-type-simple"},"_links":{"self":[{"href":"https:\/\/roveyayinevi.com.tr\/index.php\/wp-json\/wp\/v2\/product\/726328","targetHints":{"allow":["GET"]}}],"collection":[{"href":"https:\/\/roveyayinevi.com.tr\/index.php\/wp-json\/wp\/v2\/product"}],"about":[{"href":"https:\/\/roveyayinevi.com.tr\/index.php\/wp-json\/wp\/v2\/types\/product"}],"wp:attachment":[{"href":"https:\/\/roveyayinevi.com.tr\/index.php\/wp-json\/wp\/v2\/media?parent=726328"}],"wp:term":[{"taxonomy":"product_brand","embeddable":true,"href":"https:\/\/roveyayinevi.com.tr\/index.php\/wp-json\/wp\/v2\/product_brand?post=726328"},{"taxonomy":"product_cat","embeddable":true,"href":"https:\/\/roveyayinevi.com.tr\/index.php\/wp-json\/wp\/v2\/product_cat?post=726328"},{"taxonomy":"product_tag","embeddable":true,"href":"https:\/\/roveyayinevi.com.tr\/index.php\/wp-json\/wp\/v2\/product_tag?post=726328"}],"curies":[{"name":"wp","href":"https:\/\/api.w.org\/{rel}","templated":true}]}}