{"id":726323,"date":"2025-08-27T20:04:24","date_gmt":"2025-08-27T17:04:24","guid":{"rendered":"https:\/\/roveyayinevi.com.tr\/index.php\/urun\/pandemili-ko-rona\/"},"modified":"2026-04-16T02:34:05","modified_gmt":"2026-04-15T23:34:05","slug":"pandemili-ko-rona","status":"publish","type":"product","link":"https:\/\/roveyayinevi.com.tr\/index.php\/urun\/pandemili-ko-rona\/","title":{"rendered":"Pandemili Ko rona"},"content":{"rendered":"<p>Latif Demirci, 1961 y\u0131l\u0131nda \u0130stanbul\u2019da do\u011fdu. 1975 y\u0131l\u0131nda ilk karikat\u00fcr\u00fc G\u0131rg\u0131r dergisinde yay\u0131nland\u0131. 1978-1979 y\u0131llar\u0131nda Mikrop dergisinde, sonraki on y\u0131l boyunca G\u0131rg\u0131r, F\u0131rt dergilerinde \u00e7al\u0131\u015ft\u0131. 1989 y\u0131l\u0131nda \u00e7\u0131kan H\u0131b\u0131r dergisinin kurucular\u0131ndan olan Demirci, daha sonra \u00e7al\u0131\u015fmalar\u0131n\u0131 kendi adlar\u0131na \u00e7\u0131kard\u0131klar\u0131 HBR Maymun dergisinde s\u00fcrd\u00fcrd\u00fc. \u201cCanavar Koyun Orhan\u201d, \u201cMuhlis Bey\u201d, \u201cArap Kadri\u201d, \u201cMithat-Mirsat\u201d, \u201cPress Bey\u201d ve \u201cE-vli Cepli\u201d tiplerinin \u00e7izeri olan sanat\u00e7\u0131, mizah dergilerinin yan\u0131 s\u0131ra Yeni G\u00fcndem, Nokta, Panorama, Gazete Pazar, S\u00f6z gibi g\u00fcnl\u00fck gazete ve haftal\u0131k siyasi dergilerde de \u00e7al\u0131\u015ft\u0131. 90\u2019l\u0131 y\u0131llarda yurti\u00e7inde iki, yurtd\u0131\u015f\u0131nda \u00fc\u00e7 (Hollanda, Fransa, Finlandiya) karikat\u00fcr sergisi a\u00e7an sanat\u00e7\u0131n\u0131n kitap kapaklar\u0131, poster ve \u00e7izgi film \u00e7al\u0131\u015fmalar\u0131 oldu. Bug\u00fcne kadar 19 karikat\u00fcr alb\u00fcm\u00fc yay\u0131nlayan Demirci, \u00e7al\u0131\u015fmalar\u0131n\u0131 1997\u2019den beri H\u00fcrriyet gazetesinde s\u00fcrd\u00fcrmektedir.<\/p>\n","protected":false},"excerpt":{"rendered":"<p>Latif Demirci, 1961 y\u0131l\u0131nda \u0130stanbul\u2019da do\u011fdu. 1975 y\u0131l\u0131nda ilk karikat\u00fcr\u00fc G\u0131rg\u0131r dergisinde yay\u0131nland\u0131. 1978-1979 y\u0131llar\u0131nda Mikrop dergisinde, sonraki on y\u0131l boyunca G\u0131rg\u0131r, F\u0131rt dergilerinde \u00e7al\u0131\u015ft\u0131. 1989<span class=\"excerpt-hellip\"> [\u2026]<\/span><\/p>\n","protected":false},"featured_media":0,"template":"","meta":{"_monsterinsights_skip_tracking":false,"_monsterinsights_sitenote_active":false,"_monsterinsights_sitenote_note":"","_monsterinsights_sitenote_category":0},"product_brand":[],"product_cat":[12291,14825],"product_tag":[],"class_list":{"0":"post-726323","1":"product","2":"type-product","3":"status-publish","5":"product_cat-edebiyat","6":"product_cat-mizah","7":"pa_cilt-ciltsiz","8":"pa_tur-kitap","9":"pa_yayinevi-dogan-kitap","10":"pa_yazar-latif-demirci","12":"first","13":"instock","14":"sale","15":"shipping-taxable","16":"purchasable","17":"product-type-simple"},"_links":{"self":[{"href":"https:\/\/roveyayinevi.com.tr\/index.php\/wp-json\/wp\/v2\/product\/726323","targetHints":{"allow":["GET"]}}],"collection":[{"href":"https:\/\/roveyayinevi.com.tr\/index.php\/wp-json\/wp\/v2\/product"}],"about":[{"href":"https:\/\/roveyayinevi.com.tr\/index.php\/wp-json\/wp\/v2\/types\/product"}],"wp:attachment":[{"href":"https:\/\/roveyayinevi.com.tr\/index.php\/wp-json\/wp\/v2\/media?parent=726323"}],"wp:term":[{"taxonomy":"product_brand","embeddable":true,"href":"https:\/\/roveyayinevi.com.tr\/index.php\/wp-json\/wp\/v2\/product_brand?post=726323"},{"taxonomy":"product_cat","embeddable":true,"href":"https:\/\/roveyayinevi.com.tr\/index.php\/wp-json\/wp\/v2\/product_cat?post=726323"},{"taxonomy":"product_tag","embeddable":true,"href":"https:\/\/roveyayinevi.com.tr\/index.php\/wp-json\/wp\/v2\/product_tag?post=726323"}],"curies":[{"name":"wp","href":"https:\/\/api.w.org\/{rel}","templated":true}]}}