{"id":726322,"date":"2025-08-27T20:04:23","date_gmt":"2025-08-27T17:04:23","guid":{"rendered":"https:\/\/roveyayinevi.com.tr\/index.php\/urun\/hikayesini-arayan-gelecek\/"},"modified":"2026-04-16T02:34:05","modified_gmt":"2026-04-15T23:34:05","slug":"hikayesini-arayan-gelecek","status":"publish","type":"product","link":"https:\/\/roveyayinevi.com.tr\/index.php\/urun\/hikayesini-arayan-gelecek\/","title":{"rendered":"Hikayesini Arayan Gelecek"},"content":{"rendered":"<p>Co*vid 19 \u00f6ncesinde ba\u015flayan, ancak \u015fimdi varl\u0131\u011f\u0131n\u0131 kuvvetle hissettiren bir \u00e7a\u011f de\u011fi\u015fiminin ortas\u0131nday\u0131z. K\u00fcresel \u0131s\u0131nma, iklim de\u011fi\u015fikli\u011fi ve azalan do\u011fal kaynaklarla yerk\u00fcrenin ritmi de\u011fi\u015fti. Bilgi devrimine giden yolda bildik hiyerar\u015fik modeller \u00e7\u00f6kt\u00fc, yepyeni ileti\u015fim bi\u00e7imleri ve anonimle\u015fen bilgi g\u00fcndelik hayat\u0131 de\u011fi\u015ftirdi. B\u00fcy\u00fck g\u00f6\u00e7 dalgalar\u0131 ve metropolle\u015fmeyle insan hareketlerinin ritmi de\u011fi\u015fti. Belirsizlik ve karma\u015f\u0131kl\u0131k esasl\u0131 yeni bir \u00e7a\u011f\u0131n e\u015fi\u011findeyiz&#8230;D\u00fcnya nereye gidiyor?T\u00fcrkiye t\u00fcm bu d\u00f6n\u00fc\u015f\u00fcm\u00fcn neresinde?Gelece\u011fe dair senaryolar\u0131n \u00e7o\u011fu distopik bir hik\u00e2ye anlat\u0131rken, hen\u00fcz hik\u00e2yesini bilmedi\u011fimiz gelece\u011fin \u00fctopyas\u0131n\u0131 nas\u0131l yazar, nas\u0131l hayata ge\u00e7irebiliriz?Bekir A\u011f\u0131rd\u0131r b\u00fcy\u00fck birikimi ve KONDA ara\u015ft\u0131rmalar\u0131n\u0131n \u00f6nemli verileriyle yola \u00e7\u0131karak ya\u015fad\u0131\u011f\u0131m\u0131z \u00e7a\u011f, d\u00fcnya ve T\u00fcrkiye\u2019yle ilgili sa\u011flam de\u011ferlendirmelerde bulunuyor\u2026<\/p>\n","protected":false},"excerpt":{"rendered":"<p>Co*vid 19 \u00f6ncesinde ba\u015flayan, ancak \u015fimdi varl\u0131\u011f\u0131n\u0131 kuvvetle hissettiren bir \u00e7a\u011f de\u011fi\u015fiminin ortas\u0131nday\u0131z. K\u00fcresel \u0131s\u0131nma, iklim de\u011fi\u015fikli\u011fi ve azalan do\u011fal kaynaklarla yerk\u00fcrenin ritmi de\u011fi\u015fti. Bilgi devrimine<span class=\"excerpt-hellip\"> [\u2026]<\/span><\/p>\n","protected":false},"featured_media":0,"template":"","meta":{"_monsterinsights_skip_tracking":false,"_monsterinsights_sitenote_active":false,"_monsterinsights_sitenote_note":"","_monsterinsights_sitenote_category":0},"product_brand":[],"product_cat":[14787,13488],"product_tag":[],"class_list":{"0":"post-726322","1":"product","2":"type-product","3":"status-publish","5":"product_cat-diger-toplum-ve-insan","6":"product_cat-toplum-ve-insan","7":"pa_cilt-ciltsiz","8":"pa_tur-kitap","9":"pa_yayinevi-dogan-kitap","10":"pa_yazar-bekir-agirdir","12":"first","13":"instock","14":"sale","15":"shipping-taxable","16":"purchasable","17":"product-type-simple"},"_links":{"self":[{"href":"https:\/\/roveyayinevi.com.tr\/index.php\/wp-json\/wp\/v2\/product\/726322","targetHints":{"allow":["GET"]}}],"collection":[{"href":"https:\/\/roveyayinevi.com.tr\/index.php\/wp-json\/wp\/v2\/product"}],"about":[{"href":"https:\/\/roveyayinevi.com.tr\/index.php\/wp-json\/wp\/v2\/types\/product"}],"wp:attachment":[{"href":"https:\/\/roveyayinevi.com.tr\/index.php\/wp-json\/wp\/v2\/media?parent=726322"}],"wp:term":[{"taxonomy":"product_brand","embeddable":true,"href":"https:\/\/roveyayinevi.com.tr\/index.php\/wp-json\/wp\/v2\/product_brand?post=726322"},{"taxonomy":"product_cat","embeddable":true,"href":"https:\/\/roveyayinevi.com.tr\/index.php\/wp-json\/wp\/v2\/product_cat?post=726322"},{"taxonomy":"product_tag","embeddable":true,"href":"https:\/\/roveyayinevi.com.tr\/index.php\/wp-json\/wp\/v2\/product_tag?post=726322"}],"curies":[{"name":"wp","href":"https:\/\/api.w.org\/{rel}","templated":true}]}}

<p>Co*vid 19 öncesinde başlayan, ancak şimdi varlığını kuvvetle hissettiren bir çağ değişiminin ortasındayız. Küresel ısınma, iklim değişikliği ve azalan doğal kaynaklarla yerkürenin ritmi değişti. Bilgi devrimine giden yolda bildik hiyerarşik modeller çöktü, yepyeni iletişim biçimleri ve anonimleşen bilgi gündelik hayatı değiştirdi. Büyük göç dalgaları ve metropolleşmeyle insan hareketlerinin ritmi değişti. Belirsizlik ve karmaşıklık esaslı yeni bir çağın eşiğindeyiz&#8230;Dünya nereye gidiyor?Türkiye tüm bu dönüşümün neresinde?Geleceğe dair senaryoların çoğu distopik bir hikâye anlatırken, henüz hikâyesini bilmediğimiz geleceğin ütopyasını nasıl yazar, nasıl hayata geçirebiliriz?Bekir Ağırdır büyük birikimi ve KONDA araştırmalarının önemli verileriyle yola çıkarak yaşadığımız çağ, dünya ve Türkiye’yle ilgili sağlam değerlendirmelerde bulunuyor…</p>

<p>Co*vid 19 öncesinde başlayan, ancak şimdi varlığını kuvvetle hissettiren bir çağ değişiminin ortasındayız. Küresel ısınma, iklim değişikliği ve azalan doğal kaynaklarla yerkürenin ritmi değişti. Bilgi devrimine<span class="excerpt-hellip"> […]</span></p>
