{"id":726305,"date":"2025-08-27T20:04:09","date_gmt":"2025-08-27T17:04:09","guid":{"rendered":"https:\/\/roveyayinevi.com.tr\/index.php\/urun\/arilar-ne-yapar\/"},"modified":"2026-04-16T02:34:04","modified_gmt":"2026-04-15T23:34:04","slug":"arilar-ne-yapar","status":"publish","type":"product","link":"https:\/\/roveyayinevi.com.tr\/index.php\/urun\/arilar-ne-yapar\/","title":{"rendered":"Ar\u0131lar Ne Yapar?"},"content":{"rendered":"<p>Okul \u00f6ncesi e\u011fitim kurumlar\u0131n\u0131n bir iste\u011fi var: \u201c2-6 ya\u015f grubu \u00e7ocuklar resimli, c\u0131v\u0131l c\u0131v\u0131l masallar\u0131 okusun.\u201d Bir\u00e7ok ailenin iste\u011fi de \u015f\u00f6yle. \u201cKitaplar \u00e7ocuklar\u0131 \u00fcretime \u00f6zendirsin.\u201d Hayata ad\u0131m atmak isteyen \u00e7ocuk ne g\u00fczel \u00e7ocuktur. \u00c7ocuklar k\u00fc\u00e7\u00fck ya\u015ftan \u00fcretim i\u00e7in \u00e7ok heveslidir. Yeter ki siz olanak haz\u0131rlay\u0131n ve f\u0131rsat verin. Haz\u0131rdan yiyen de\u011fil, \u00e7ocuklar\u0131m\u0131z \u00fcretici olsun. Y\u00fccel Feyzio\u011flu\u2019ndan okul \u00f6ncesi \u00e7ocuklar i\u00e7in: Diya ile Nuni,  masal dizisi tam da bu iste\u011fi kar\u015f\u0131l\u0131yor. Diya ile Nuni dedeleriyle bah\u00e7eye \u00e7ilek ekiyorlar&#8230; \u00c7ilekler \u00e7i\u00e7ek a\u00e7maya ba\u015flay\u0131nca ar\u0131lar bah\u00e7eye geliyor&#8230; Ar\u0131lar\u0131 yakalay\u0131p kovana koyuyorlar&#8230; S\u0131cac\u0131k masallarla \u00e7ocuklarda \u00fcretime ilgi uyand\u0131r\u0131l\u0131yor&#8230; <\/p>\n","protected":false},"excerpt":{"rendered":"<p>Okul \u00f6ncesi e\u011fitim kurumlar\u0131n\u0131n bir iste\u011fi var: \u201c2-6 ya\u015f grubu \u00e7ocuklar resimli, c\u0131v\u0131l c\u0131v\u0131l masallar\u0131 okusun.\u201d Bir\u00e7ok ailenin iste\u011fi de \u015f\u00f6yle. \u201cKitaplar \u00e7ocuklar\u0131 \u00fcretime \u00f6zendirsin.\u201d Hayata<span class=\"excerpt-hellip\"> [\u2026]<\/span><\/p>\n","protected":false},"featured_media":0,"template":"","meta":{"_monsterinsights_skip_tracking":false,"_monsterinsights_sitenote_active":false,"_monsterinsights_sitenote_note":"","_monsterinsights_sitenote_category":0},"product_brand":[],"product_cat":[12913,12274],"product_tag":[],"class_list":{"0":"post-726305","1":"product","2":"type-product","3":"status-publish","5":"product_cat-3-6-yas-kitaplari","6":"product_cat-cocuk-ve-genclik-kitaplari","7":"pa_cilt-ciltsiz","8":"pa_tur-kitap","9":"pa_yayinevi-dogu-bati-cocuk","10":"pa_yazar-yucel-feyzioglu","12":"first","13":"instock","14":"sale","15":"shipping-taxable","16":"purchasable","17":"product-type-simple"},"_links":{"self":[{"href":"https:\/\/roveyayinevi.com.tr\/index.php\/wp-json\/wp\/v2\/product\/726305","targetHints":{"allow":["GET"]}}],"collection":[{"href":"https:\/\/roveyayinevi.com.tr\/index.php\/wp-json\/wp\/v2\/product"}],"about":[{"href":"https:\/\/roveyayinevi.com.tr\/index.php\/wp-json\/wp\/v2\/types\/product"}],"wp:attachment":[{"href":"https:\/\/roveyayinevi.com.tr\/index.php\/wp-json\/wp\/v2\/media?parent=726305"}],"wp:term":[{"taxonomy":"product_brand","embeddable":true,"href":"https:\/\/roveyayinevi.com.tr\/index.php\/wp-json\/wp\/v2\/product_brand?post=726305"},{"taxonomy":"product_cat","embeddable":true,"href":"https:\/\/roveyayinevi.com.tr\/index.php\/wp-json\/wp\/v2\/product_cat?post=726305"},{"taxonomy":"product_tag","embeddable":true,"href":"https:\/\/roveyayinevi.com.tr\/index.php\/wp-json\/wp\/v2\/product_tag?post=726305"}],"curies":[{"name":"wp","href":"https:\/\/api.w.org\/{rel}","templated":true}]}}