{"id":726294,"date":"2025-08-27T20:04:01","date_gmt":"2025-08-27T17:04:01","guid":{"rendered":"https:\/\/roveyayinevi.com.tr\/index.php\/urun\/elveda-haziran\/"},"modified":"2026-04-16T02:34:04","modified_gmt":"2026-04-15T23:34:04","slug":"elveda-haziran","status":"publish","type":"product","link":"https:\/\/roveyayinevi.com.tr\/index.php\/urun\/elveda-haziran\/","title":{"rendered":"Elveda Haziran"},"content":{"rendered":"<p>\u201cAma sana bir tavsiye verecek olsam sadece \u015funu s\u00f6ylerdim, hayat\u0131m: \u015eanss\u0131z bir d\u00f6nemden ge\u00e7ti\u011finde ve i\u015fler istedi\u011fin gibi gitmedi\u011finde, kendi hik\u00e2yenin yazar\u0131 oldu\u011funu hat\u0131rla. Onu se\u00e7ti\u011fin herhangi biriyle, istedi\u011fin herhangi bir \u015fekilde yazabilirsin. Ve bu g\u00fczel ya da trajik bir hik\u00e2ye olabilir. Se\u00e7im senin.\u201dJune Andersen New York\u2019ta ya\u015fayan ba\u015far\u0131l\u0131 bir bankac\u0131d\u0131r.\u0130\u015f hayat\u0131nda her \u015fey yolunda gitse de \u00f6zel hayat\u0131nda bir\u015feyler eksiktir. Bu huzursuz ve tekd\u00fcze ya\u015fam\u0131 ald\u0131\u011f\u0131 haberle yerle bir olur: T\u00fcm \u00e7ocuklu\u011funu beraber ge\u00e7irdi\u011fi b\u00fcy\u00fck teyzesi Ruby \u00f6lm\u00fc\u015ft\u00fcr. Ruby\u2019nin Seattle\u2019daki kitabevi ise June\u2019a miras kal\u0131r. Hem kitabevinin gelece\u011fiyle hem de kendi hayat\u0131yla ilgili June\u2019un bir karar vermesi gerekmektedir.Bu karar\u0131 verirken ge\u00e7mi\u015f ona \u0131\u015f\u0131k tutar. Kitabevinde, \u00e7ocuklu\u011funda say\u0131s\u0131z kere dinledi\u011fi masal\u0131n yazar\u0131 ve teyzesi aras\u0131ndaki mektupla\u015fmay\u0131 \u00f6\u011frenir. New York\u2019tan Seattle\u2019a yapt\u0131\u011f\u0131 bu yolculukta June kendini, ge\u00e7mi\u015fini ve bildi\u011fini sand\u0131\u011f\u0131 \u015feyleri yeniden ke\u015ffeder.Sarah Jio, Amerikan Edebiyat\u0131\u2019n\u0131n \u00f6nemli eseri \u0130yi GecelerAydede\u2019den ilham alarak yazd\u0131\u011f\u0131 bu roman\u0131nda okurlar\u0131June\u2019un gizemli ge\u00e7mi\u015fine ve gelece\u011fine davet ediyor<\/p>\n","protected":false},"excerpt":{"rendered":"<p>\u201cAma sana bir tavsiye verecek olsam sadece \u015funu s\u00f6ylerdim, hayat\u0131m: \u015eanss\u0131z bir d\u00f6nemden ge\u00e7ti\u011finde ve i\u015fler istedi\u011fin gibi gitmedi\u011finde, kendi hik\u00e2yenin yazar\u0131 oldu\u011funu hat\u0131rla. Onu se\u00e7ti\u011fin<span class=\"excerpt-hellip\"> [\u2026]<\/span><\/p>\n","protected":false},"featured_media":0,"template":"","meta":{"_monsterinsights_skip_tracking":false,"_monsterinsights_sitenote_active":false,"_monsterinsights_sitenote_note":"","_monsterinsights_sitenote_category":0},"product_brand":[],"product_cat":[12291,12711],"product_tag":[],"class_list":{"0":"post-726294","1":"product","2":"type-product","3":"status-publish","5":"product_cat-edebiyat","6":"product_cat-roman-oyku","7":"pa_cilt-ciltsiz","8":"pa_tur-kitap","9":"pa_yayinevi-epsilon-yayinlari","10":"pa_yazar-sarah-jio","12":"first","13":"instock","14":"sale","15":"shipping-taxable","16":"purchasable","17":"product-type-simple"},"_links":{"self":[{"href":"https:\/\/roveyayinevi.com.tr\/index.php\/wp-json\/wp\/v2\/product\/726294","targetHints":{"allow":["GET"]}}],"collection":[{"href":"https:\/\/roveyayinevi.com.tr\/index.php\/wp-json\/wp\/v2\/product"}],"about":[{"href":"https:\/\/roveyayinevi.com.tr\/index.php\/wp-json\/wp\/v2\/types\/product"}],"wp:attachment":[{"href":"https:\/\/roveyayinevi.com.tr\/index.php\/wp-json\/wp\/v2\/media?parent=726294"}],"wp:term":[{"taxonomy":"product_brand","embeddable":true,"href":"https:\/\/roveyayinevi.com.tr\/index.php\/wp-json\/wp\/v2\/product_brand?post=726294"},{"taxonomy":"product_cat","embeddable":true,"href":"https:\/\/roveyayinevi.com.tr\/index.php\/wp-json\/wp\/v2\/product_cat?post=726294"},{"taxonomy":"product_tag","embeddable":true,"href":"https:\/\/roveyayinevi.com.tr\/index.php\/wp-json\/wp\/v2\/product_tag?post=726294"}],"curies":[{"name":"wp","href":"https:\/\/api.w.org\/{rel}","templated":true}]}}