{"id":726280,"date":"2025-08-27T20:03:49","date_gmt":"2025-08-27T17:03:49","guid":{"rendered":"https:\/\/roveyayinevi.com.tr\/index.php\/urun\/ademden-oncesine-donus\/"},"modified":"2026-04-16T02:34:04","modified_gmt":"2026-04-15T23:34:04","slug":"ademden-oncesine-donus","status":"publish","type":"product","link":"https:\/\/roveyayinevi.com.tr\/index.php\/urun\/ademden-oncesine-donus\/","title":{"rendered":"Adem\u2019den \u00d6ncesine D\u00f6n\u00fc\u015f"},"content":{"rendered":"<p>Tarihten g\u00fcn\u00fcm\u00fcze ya\u015famaya \u00e7al\u0131\u015ft\u0131\u011f\u0131m\u0131z co\u011frafya b\u00fcy\u00fck bir \u015fiddet sarmal\u0131 i\u00e7inde k\u0131vranmaktad\u0131r. Bu konudaki en \u00f6nemli sorun ise dinsel ve sek\u00fcler ayr\u0131m\u0131n\u0131n yap\u0131lamam\u0131\u015f olmas\u0131d\u0131r. Ekonomik, politik ve toplumsal sebeplerden \u00f6t\u00fcr\u00fc \u015fiddete ba\u015fvuran insan, ne yaz\u0131k ki bunu dinsel bir ifadeyle etiketlemektedir. Sonu\u00e7ta huzur ve esenlikle an\u0131lmas\u0131 gereken \u0130slam dini, intihar bombac\u0131lar\u0131n\u0131n dilinde \u015fiddet i\u00e7eren bir s\u00f6z h\u00e2line gelmektedir. Bu eser,  son y\u0131llarda ya\u015fanan ve ya\u015fanmakta olan \u015fiddeti hayat\u0131m\u0131z\u0131n bir par\u00e7as\u0131 h\u00e2line d\u00f6n\u00fc\u015ft\u00fcrmemek ad\u0131na okuyuculara yeni bir kap\u0131 aralamaktad\u0131r. Her g\u00fcn \u015fahit oldu\u011fumuz olaylar\u0131n bilmedi\u011fimiz y\u00f6nlerini g\u00f6zler \u00f6n\u00fcne sererek K\u00e2billere kar\u015f\u0131 birlikte kalkan olman\u0131n yollar\u0131n\u0131 g\u00f6stermektedir.<\/p>\n","protected":false},"excerpt":{"rendered":"<p>Tarihten g\u00fcn\u00fcm\u00fcze ya\u015famaya \u00e7al\u0131\u015ft\u0131\u011f\u0131m\u0131z co\u011frafya b\u00fcy\u00fck bir \u015fiddet sarmal\u0131 i\u00e7inde k\u0131vranmaktad\u0131r. Bu konudaki en \u00f6nemli sorun ise dinsel ve sek\u00fcler ayr\u0131m\u0131n\u0131n yap\u0131lamam\u0131\u015f olmas\u0131d\u0131r. Ekonomik, politik ve<span class=\"excerpt-hellip\"> [\u2026]<\/span><\/p>\n","protected":false},"featured_media":0,"template":"","meta":{"_monsterinsights_skip_tracking":false,"_monsterinsights_sitenote_active":false,"_monsterinsights_sitenote_note":"","_monsterinsights_sitenote_category":0},"product_brand":[],"product_cat":[16789,12718,12719],"product_tag":[],"class_list":{"0":"post-726280","1":"product","2":"type-product","3":"status-publish","5":"product_cat-diger-islam","6":"product_cat-din","7":"product_cat-islam","8":"pa_cilt-ciltsiz","9":"pa_tur-kitap","10":"pa_yayinevi-otto-yayinlari","11":"pa_yazar-saban-ali-duzgun","13":"first","14":"instock","15":"sale","16":"shipping-taxable","17":"purchasable","18":"product-type-simple"},"_links":{"self":[{"href":"https:\/\/roveyayinevi.com.tr\/index.php\/wp-json\/wp\/v2\/product\/726280","targetHints":{"allow":["GET"]}}],"collection":[{"href":"https:\/\/roveyayinevi.com.tr\/index.php\/wp-json\/wp\/v2\/product"}],"about":[{"href":"https:\/\/roveyayinevi.com.tr\/index.php\/wp-json\/wp\/v2\/types\/product"}],"wp:attachment":[{"href":"https:\/\/roveyayinevi.com.tr\/index.php\/wp-json\/wp\/v2\/media?parent=726280"}],"wp:term":[{"taxonomy":"product_brand","embeddable":true,"href":"https:\/\/roveyayinevi.com.tr\/index.php\/wp-json\/wp\/v2\/product_brand?post=726280"},{"taxonomy":"product_cat","embeddable":true,"href":"https:\/\/roveyayinevi.com.tr\/index.php\/wp-json\/wp\/v2\/product_cat?post=726280"},{"taxonomy":"product_tag","embeddable":true,"href":"https:\/\/roveyayinevi.com.tr\/index.php\/wp-json\/wp\/v2\/product_tag?post=726280"}],"curies":[{"name":"wp","href":"https:\/\/api.w.org\/{rel}","templated":true}]}}