{"id":726270,"date":"2025-08-27T20:03:41","date_gmt":"2025-08-27T17:03:41","guid":{"rendered":"https:\/\/roveyayinevi.com.tr\/index.php\/urun\/buyuk-araclar-dunyayi-ogreniyorum\/"},"modified":"2026-04-16T02:34:03","modified_gmt":"2026-04-15T23:34:03","slug":"buyuk-araclar-dunyayi-ogreniyorum","status":"publish","type":"product","link":"https:\/\/roveyayinevi.com.tr\/index.php\/urun\/buyuk-araclar-dunyayi-ogreniyorum\/","title":{"rendered":"B\u00fcy\u00fck Ara\u00e7lar  D\u00fcnyay\u0131 \u00d6\u011freniyorum"},"content":{"rendered":"<p>Bir motor otomobili nas\u0131l y\u00fcr\u00fct\u00fcr? Tarlada bi\u00e7erd\u00f6ver ne i\u015fe yarar? \u0130n\u015faat alan\u0131nda kep\u00e7eli ekskavat\u00f6r neden kullan\u0131l\u0131r? Bu ve benzer sorular\u0131n yan\u0131t\u0131n\u0131 alabilece\u011finiz, e\u011fitici ve e\u011flendirici bir kitap. <\/p>\n","protected":false},"excerpt":{"rendered":"<p>Bir motor otomobili nas\u0131l y\u00fcr\u00fct\u00fcr? Tarlada bi\u00e7erd\u00f6ver ne i\u015fe yarar? \u0130n\u015faat alan\u0131nda kep\u00e7eli ekskavat\u00f6r neden kullan\u0131l\u0131r? Bu ve benzer sorular\u0131n yan\u0131t\u0131n\u0131 alabilece\u011finiz, e\u011fitici ve e\u011flendirici bir<span class=\"excerpt-hellip\"> [\u2026]<\/span><\/p>\n","protected":false},"featured_media":0,"template":"","meta":{"_monsterinsights_skip_tracking":false,"_monsterinsights_sitenote_active":false,"_monsterinsights_sitenote_note":"","_monsterinsights_sitenote_category":0},"product_brand":[],"product_cat":[12274,12518],"product_tag":[],"class_list":{"0":"post-726270","1":"product","2":"type-product","3":"status-publish","5":"product_cat-cocuk-ve-genclik-kitaplari","6":"product_cat-okul-oncesi-kitaplar","7":"pa_cilt-ciltsiz","8":"pa_tur-kitap","9":"pa_yayinevi-is-bankasi-kultur-yayinlari","10":"pa_yazar-frank-littek","12":"first","13":"instock","14":"sale","15":"shipping-taxable","16":"purchasable","17":"product-type-simple"},"_links":{"self":[{"href":"https:\/\/roveyayinevi.com.tr\/index.php\/wp-json\/wp\/v2\/product\/726270","targetHints":{"allow":["GET"]}}],"collection":[{"href":"https:\/\/roveyayinevi.com.tr\/index.php\/wp-json\/wp\/v2\/product"}],"about":[{"href":"https:\/\/roveyayinevi.com.tr\/index.php\/wp-json\/wp\/v2\/types\/product"}],"wp:attachment":[{"href":"https:\/\/roveyayinevi.com.tr\/index.php\/wp-json\/wp\/v2\/media?parent=726270"}],"wp:term":[{"taxonomy":"product_brand","embeddable":true,"href":"https:\/\/roveyayinevi.com.tr\/index.php\/wp-json\/wp\/v2\/product_brand?post=726270"},{"taxonomy":"product_cat","embeddable":true,"href":"https:\/\/roveyayinevi.com.tr\/index.php\/wp-json\/wp\/v2\/product_cat?post=726270"},{"taxonomy":"product_tag","embeddable":true,"href":"https:\/\/roveyayinevi.com.tr\/index.php\/wp-json\/wp\/v2\/product_tag?post=726270"}],"curies":[{"name":"wp","href":"https:\/\/api.w.org\/{rel}","templated":true}]}}