{"id":726265,"date":"2025-08-27T20:03:37","date_gmt":"2025-08-27T17:03:37","guid":{"rendered":"https:\/\/roveyayinevi.com.tr\/index.php\/urun\/buz-ordegi\/"},"modified":"2026-04-16T02:34:03","modified_gmt":"2026-04-15T23:34:03","slug":"buz-ordegi","status":"publish","type":"product","link":"https:\/\/roveyayinevi.com.tr\/index.php\/urun\/buz-ordegi\/","title":{"rendered":"Buz \u00d6rde\u011fi"},"content":{"rendered":"<p>Ludovico ayn\u0131 di\u011fer \u00f6rdekler gibi u\u00e7an, y\u00fczen ve yemek yiyen bir \u00f6rdek. \u0130lk k\u0131\u015f mevsiminin geli\u015fiyle, umulmad\u0131k bir yetene\u011finin oldu\u011funu ke\u015ffedecek.  Hayat ve hayat\u0131n k\u00fc\u00e7\u00fck tesad\u00fcfleri \u00fczerine e\u011flenceli bir \u00f6yk\u00fc. <\/p>\n","protected":false},"excerpt":{"rendered":"<p>Ludovico ayn\u0131 di\u011fer \u00f6rdekler gibi u\u00e7an, y\u00fczen ve yemek yiyen bir \u00f6rdek. \u0130lk k\u0131\u015f mevsiminin geli\u015fiyle, umulmad\u0131k bir yetene\u011finin oldu\u011funu ke\u015ffedecek. Hayat ve hayat\u0131n k\u00fc\u00e7\u00fck tesad\u00fcfleri<span class=\"excerpt-hellip\"> [\u2026]<\/span><\/p>\n","protected":false},"featured_media":0,"template":"","meta":{"_monsterinsights_skip_tracking":false,"_monsterinsights_sitenote_active":false,"_monsterinsights_sitenote_note":"","_monsterinsights_sitenote_category":0},"product_brand":[],"product_cat":[12274,12518],"product_tag":[],"class_list":{"0":"post-726265","1":"product","2":"type-product","3":"status-publish","5":"product_cat-cocuk-ve-genclik-kitaplari","6":"product_cat-okul-oncesi-kitaplar","7":"pa_cilt-ciltsiz","8":"pa_tur-kitap","9":"pa_yayinevi-is-bankasi-kultur-yayinlari","10":"pa_yazar-alex-nogues","12":"first","13":"instock","14":"sale","15":"shipping-taxable","16":"purchasable","17":"product-type-simple"},"_links":{"self":[{"href":"https:\/\/roveyayinevi.com.tr\/index.php\/wp-json\/wp\/v2\/product\/726265","targetHints":{"allow":["GET"]}}],"collection":[{"href":"https:\/\/roveyayinevi.com.tr\/index.php\/wp-json\/wp\/v2\/product"}],"about":[{"href":"https:\/\/roveyayinevi.com.tr\/index.php\/wp-json\/wp\/v2\/types\/product"}],"wp:attachment":[{"href":"https:\/\/roveyayinevi.com.tr\/index.php\/wp-json\/wp\/v2\/media?parent=726265"}],"wp:term":[{"taxonomy":"product_brand","embeddable":true,"href":"https:\/\/roveyayinevi.com.tr\/index.php\/wp-json\/wp\/v2\/product_brand?post=726265"},{"taxonomy":"product_cat","embeddable":true,"href":"https:\/\/roveyayinevi.com.tr\/index.php\/wp-json\/wp\/v2\/product_cat?post=726265"},{"taxonomy":"product_tag","embeddable":true,"href":"https:\/\/roveyayinevi.com.tr\/index.php\/wp-json\/wp\/v2\/product_tag?post=726265"}],"curies":[{"name":"wp","href":"https:\/\/api.w.org\/{rel}","templated":true}]}}