{"id":726262,"date":"2025-08-27T20:03:34","date_gmt":"2025-08-27T17:03:34","guid":{"rendered":"https:\/\/roveyayinevi.com.tr\/index.php\/urun\/akilciliktan-varolusculuga\/"},"modified":"2025-09-19T11:38:31","modified_gmt":"2025-09-19T08:38:31","slug":"akilciliktan-varolusculuga","status":"publish","type":"product","link":"https:\/\/roveyayinevi.com.tr\/index.php\/urun\/akilciliktan-varolusculuga\/","title":{"rendered":"Ak\u0131lc\u0131l\u0131ktan Varolu\u015f\u00e7ulu\u011fa"},"content":{"rendered":"<p>\u00dcnl\u00fc Amerikal\u0131 akademisyen Robert C. Solomon felsefe alan\u0131nda oldu\u011fu kadar tiyatro, roman, \u015fiir gibi yaz\u0131nsal alanlarda ve psikolojide de 20. y\u00fczy\u0131l\u0131n en pop\u00fcler ve etkili entelekt\u00fcel ak\u0131m\u0131 olmu\u015f varolu\u015f\u00e7ulu\u011fun k\u00f6kenlerine dair detayl\u0131 bir inceleme sunuyor. Nietzsche, Kierkegaard, Husserl, Heidegger, Sartre ve Merleau-Ponty gibi \u00f6nde gelen d\u00fc\u015f\u00fcn\u00fcrlerin, k\u00f6kleri Hegel\u2019e ve Kant\u2019a uzanan rasyonalist gelenekle nas\u0131l hesapla\u015ft\u0131klar\u0131n\u0131 ve nas\u0131l bir anlamda onun s\u00fcrd\u00fcr\u00fcc\u00fcs\u00fc olduklar\u0131n\u0131 mercek alt\u0131na al\u0131yor. Kayg\u0131, sahicilik, hi\u00e7lik, abs\u00fcrtl\u00fck, \u00fcmitsizlik, ba\u015fkalar\u0131yla ili\u015fkiler gibi somut insani deneyimleri felsefenin merkezine ta\u015f\u0131yan ve etki g\u00fcc\u00fcn\u00fc bu somutluktan alan varolu\u015f\u00e7ulu\u011fun san\u0131ld\u0131\u011f\u0131 gibi ak\u0131lc\u0131l\u0131k kar\u015f\u0131t\u0131 bir felsefi gelenek olmad\u0131\u011f\u0131n\u0131 g\u00f6steren kitab\u0131n, felsefe \u00f6\u011frencileri ve merakl\u0131lar\u0131 i\u00e7in T\u00fcrk\u00e7ede de\u011ferli bir giri\u015f metni olu\u015fturaca\u011f\u0131n\u0131 umuyoruz.<\/p>\n","protected":false},"excerpt":{"rendered":"<p>\u00dcnl\u00fc Amerikal\u0131 akademisyen Robert C. Solomon felsefe alan\u0131nda oldu\u011fu kadar tiyatro, roman, \u015fiir gibi yaz\u0131nsal alanlarda ve psikolojide de 20. y\u00fczy\u0131l\u0131n en pop\u00fcler ve etkili entelekt\u00fcel<span class=\"excerpt-hellip\"> [\u2026]<\/span><\/p>\n","protected":false},"featured_media":0,"template":"","meta":{"_monsterinsights_skip_tracking":false,"_monsterinsights_sitenote_active":false,"_monsterinsights_sitenote_note":"","_monsterinsights_sitenote_category":0},"product_brand":[],"product_cat":[12358,12357],"product_tag":[],"class_list":{"0":"post-726262","1":"product","2":"type-product","3":"status-publish","5":"product_cat-genel-psikoloji","6":"product_cat-psikoloji","7":"pa_cilt-ciltli","8":"pa_tur-kitap","9":"pa_yayinevi-is-bankasi-kultur-yayinlari","10":"pa_yazar-robert-c-solomon","12":"first","13":"instock","14":"sale","15":"shipping-taxable","16":"purchasable","17":"product-type-simple"},"_links":{"self":[{"href":"https:\/\/roveyayinevi.com.tr\/index.php\/wp-json\/wp\/v2\/product\/726262","targetHints":{"allow":["GET"]}}],"collection":[{"href":"https:\/\/roveyayinevi.com.tr\/index.php\/wp-json\/wp\/v2\/product"}],"about":[{"href":"https:\/\/roveyayinevi.com.tr\/index.php\/wp-json\/wp\/v2\/types\/product"}],"wp:attachment":[{"href":"https:\/\/roveyayinevi.com.tr\/index.php\/wp-json\/wp\/v2\/media?parent=726262"}],"wp:term":[{"taxonomy":"product_brand","embeddable":true,"href":"https:\/\/roveyayinevi.com.tr\/index.php\/wp-json\/wp\/v2\/product_brand?post=726262"},{"taxonomy":"product_cat","embeddable":true,"href":"https:\/\/roveyayinevi.com.tr\/index.php\/wp-json\/wp\/v2\/product_cat?post=726262"},{"taxonomy":"product_tag","embeddable":true,"href":"https:\/\/roveyayinevi.com.tr\/index.php\/wp-json\/wp\/v2\/product_tag?post=726262"}],"curies":[{"name":"wp","href":"https:\/\/api.w.org\/{rel}","templated":true}]}}