{"id":726256,"date":"2025-08-27T20:03:28","date_gmt":"2025-08-27T17:03:28","guid":{"rendered":"https:\/\/roveyayinevi.com.tr\/index.php\/urun\/olum-ve-beyhudelik\/"},"modified":"2026-04-16T02:34:03","modified_gmt":"2026-04-15T23:34:03","slug":"olum-ve-beyhudelik","status":"publish","type":"product","link":"https:\/\/roveyayinevi.com.tr\/index.php\/urun\/olum-ve-beyhudelik\/","title":{"rendered":"\u00d6l\u00fcm Ve Beyhudelik"},"content":{"rendered":"<p>D\u00fcnyan\u0131n b\u00fct\u00fcn \u015fairlerini tan\u0131d\u0131m, b\u00fct\u00fcn a\u015fklar\u0131n\u0131, aldan\u0131\u015flar\u0131n\u0131. Baudelaire&#8217;i tan\u0131d\u0131m Albatros&#8217;undan, Poe&#8217;yu Kuzgun&#8217;undan, Yesenin&#8217;i ise kendi kan\u0131ndan. S\u00f6ylemek istedi\u011fim o ki benden \u00f6nce de b\u00fcy\u00fck ustalarca tekrar tekrar s\u00f6ylenenler, ayn\u0131 duygu h\u00e2llerinin yans\u0131mas\u0131ym\u0131\u015f me\u011fer. Kan\u0131mca \u015fiir, d\u00fc\u015f\u00fcnceyi ifade etmede de\u011fil de duygular\u0131 terenn\u00fcm etmede kullan\u0131lan ortak sesler b\u00fct\u00fcn\u00fc&#8230; \u015eairlerin duygu terenn\u00fcm\u00fcndeki b\u00fct\u00fcne duygu h\u00e2limden bir par\u00e7a yans\u0131ma olan bu kitab\u0131, ortak sesler ad\u0131na kazan\u0131lm\u0131\u015f bir zafer say\u0131yorum. Nicelerine mihenk ta\u015f\u0131 olsun diye&#8230; <\/p>\n","protected":false},"excerpt":{"rendered":"<p>D\u00fcnyan\u0131n b\u00fct\u00fcn \u015fairlerini tan\u0131d\u0131m, b\u00fct\u00fcn a\u015fklar\u0131n\u0131, aldan\u0131\u015flar\u0131n\u0131. Baudelaire&#8217;i tan\u0131d\u0131m Albatros&#8217;undan, Poe&#8217;yu Kuzgun&#8217;undan, Yesenin&#8217;i ise kendi kan\u0131ndan. S\u00f6ylemek istedi\u011fim o ki benden \u00f6nce de b\u00fcy\u00fck ustalarca tekrar<span class=\"excerpt-hellip\"> [\u2026]<\/span><\/p>\n","protected":false},"featured_media":0,"template":"","meta":{"_monsterinsights_skip_tracking":false,"_monsterinsights_sitenote_active":false,"_monsterinsights_sitenote_note":"","_monsterinsights_sitenote_category":0},"product_brand":[],"product_cat":[12291,12509],"product_tag":[],"class_list":{"0":"post-726256","1":"product","2":"type-product","3":"status-publish","5":"product_cat-edebiyat","6":"product_cat-siir","7":"pa_cilt-ciltsiz","8":"pa_tur-kitap","9":"pa_yayinevi-sifir6-yayinevi","10":"pa_yazar-sercan-atar","12":"first","13":"instock","14":"sale","15":"shipping-taxable","16":"purchasable","17":"product-type-simple"},"_links":{"self":[{"href":"https:\/\/roveyayinevi.com.tr\/index.php\/wp-json\/wp\/v2\/product\/726256","targetHints":{"allow":["GET"]}}],"collection":[{"href":"https:\/\/roveyayinevi.com.tr\/index.php\/wp-json\/wp\/v2\/product"}],"about":[{"href":"https:\/\/roveyayinevi.com.tr\/index.php\/wp-json\/wp\/v2\/types\/product"}],"wp:attachment":[{"href":"https:\/\/roveyayinevi.com.tr\/index.php\/wp-json\/wp\/v2\/media?parent=726256"}],"wp:term":[{"taxonomy":"product_brand","embeddable":true,"href":"https:\/\/roveyayinevi.com.tr\/index.php\/wp-json\/wp\/v2\/product_brand?post=726256"},{"taxonomy":"product_cat","embeddable":true,"href":"https:\/\/roveyayinevi.com.tr\/index.php\/wp-json\/wp\/v2\/product_cat?post=726256"},{"taxonomy":"product_tag","embeddable":true,"href":"https:\/\/roveyayinevi.com.tr\/index.php\/wp-json\/wp\/v2\/product_tag?post=726256"}],"curies":[{"name":"wp","href":"https:\/\/api.w.org\/{rel}","templated":true}]}}