{"id":726245,"date":"2025-08-27T20:03:20","date_gmt":"2025-08-27T17:03:20","guid":{"rendered":"https:\/\/roveyayinevi.com.tr\/index.php\/urun\/genclik-ve-spor-bakanliginda-orgut-ikliminin-isgoren-performansi-uzerine-etkisi-alan-arastirmasi\/"},"modified":"2026-04-16T02:34:03","modified_gmt":"2026-04-15T23:34:03","slug":"genclik-ve-spor-bakanliginda-orgut-ikliminin-isgoren-performansi-uzerine-etkisi-alan-arastirmasi","status":"publish","type":"product","link":"https:\/\/roveyayinevi.com.tr\/index.php\/urun\/genclik-ve-spor-bakanliginda-orgut-ikliminin-isgoren-performansi-uzerine-etkisi-alan-arastirmasi\/","title":{"rendered":"Gen\u00e7lik ve Spor Bakanl\u0131\u011f\u0131nda \u00d6rg\u00fct \u0130kliminin \u0130\u015fg\u00f6ren Performans\u0131 \u00dczerine Etkisi: Alan Ara\u015ft\u0131rmas\u0131"},"content":{"rendered":"<p>1. GENEL B\u0130LG\u0130LER 1.1.   Y\u00d6NET\u0130M 1.2.   \u00d6RG\u00dcT \u0130KL\u0130M\u0130 1.3.   \u0130\u015eG\u00d6REN PERFORMANSI 1.4.   \u00d6RG\u00dcT \u0130KL\u0130M\u0130 VE \u0130\u015eG\u00d6REN PERFORMANSI \u0130L\u0130\u015eK\u0130S\u0130 2.   GERE\u00c7 VE Y\u00d6NTEM 2.1.   Ara\u015ft\u0131rman\u0131n Amac\u0131 ve \u00d6nemi 2.2.   Ara\u015ft\u0131rman\u0131n \u00d6n Kabulleri 2.3.   Ara\u015ft\u0131rman\u0131n Evreni ve \u00d6rneklem Y\u00f6ntemi 2.4.   Ara\u015ft\u0131rman\u0131n Y\u00f6ntemi 2.5.   Ara\u015ft\u0131rman\u0131n Hipotezleri 2.6.   Ara\u015ft\u0131rman\u0131n Veri Toplama Arac\u0131 2.7.   Ara\u015ft\u0131rman\u0131n Pilot Uygulamas\u0131 3. BULGULAR 3.1.   \u00d6l\u00e7eklere \u0130li\u015fkin G\u00fcvenirlik Analizleri <\/p>\n","protected":false},"excerpt":{"rendered":"<p>1. GENEL B\u0130LG\u0130LER 1.1. Y\u00d6NET\u0130M 1.2. \u00d6RG\u00dcT \u0130KL\u0130M\u0130 1.3. \u0130\u015eG\u00d6REN PERFORMANSI 1.4. \u00d6RG\u00dcT \u0130KL\u0130M\u0130 VE \u0130\u015eG\u00d6REN PERFORMANSI \u0130L\u0130\u015eK\u0130S\u0130 2. GERE\u00c7 VE Y\u00d6NTEM 2.1. Ara\u015ft\u0131rman\u0131n Amac\u0131 ve<span class=\"excerpt-hellip\"> [\u2026]<\/span><\/p>\n","protected":false},"featured_media":0,"template":"","meta":{"_monsterinsights_skip_tracking":false,"_monsterinsights_sitenote_active":false,"_monsterinsights_sitenote_note":"","_monsterinsights_sitenote_category":0},"product_brand":[],"product_cat":[15563,15564],"product_tag":[],"class_list":{"0":"post-726245","1":"product","2":"type-product","3":"status-publish","5":"product_cat-hobi","6":"product_cat-spor","7":"pa_cilt-ciltsiz","8":"pa_tur-kitap","9":"pa_yayinevi-gazi-kitabevi","10":"pa_yazar-cisem-unlu","12":"first","13":"instock","14":"sale","15":"shipping-taxable","16":"purchasable","17":"product-type-simple"},"_links":{"self":[{"href":"https:\/\/roveyayinevi.com.tr\/index.php\/wp-json\/wp\/v2\/product\/726245","targetHints":{"allow":["GET"]}}],"collection":[{"href":"https:\/\/roveyayinevi.com.tr\/index.php\/wp-json\/wp\/v2\/product"}],"about":[{"href":"https:\/\/roveyayinevi.com.tr\/index.php\/wp-json\/wp\/v2\/types\/product"}],"wp:attachment":[{"href":"https:\/\/roveyayinevi.com.tr\/index.php\/wp-json\/wp\/v2\/media?parent=726245"}],"wp:term":[{"taxonomy":"product_brand","embeddable":true,"href":"https:\/\/roveyayinevi.com.tr\/index.php\/wp-json\/wp\/v2\/product_brand?post=726245"},{"taxonomy":"product_cat","embeddable":true,"href":"https:\/\/roveyayinevi.com.tr\/index.php\/wp-json\/wp\/v2\/product_cat?post=726245"},{"taxonomy":"product_tag","embeddable":true,"href":"https:\/\/roveyayinevi.com.tr\/index.php\/wp-json\/wp\/v2\/product_tag?post=726245"}],"curies":[{"name":"wp","href":"https:\/\/api.w.org\/{rel}","templated":true}]}}