{"id":726231,"date":"2025-08-27T20:03:09","date_gmt":"2025-08-27T17:03:09","guid":{"rendered":"https:\/\/roveyayinevi.com.tr\/index.php\/urun\/derinlikler\/"},"modified":"2026-04-16T02:34:02","modified_gmt":"2026-04-15T23:34:02","slug":"derinlikler","status":"publish","type":"product","link":"https:\/\/roveyayinevi.com.tr\/index.php\/urun\/derinlikler\/","title":{"rendered":"Derinlikler"},"content":{"rendered":"<p>Hugo En \u0130yi K\u0131sa Roman Aday\u0131  &#8211; Nebula En \u0130yi K\u0131sa Roman Aday\u0131  &#8211; Locus En \u0130yi K\u0131sa Roman Aday\u0131\u201cTarih ile belle\u011fin gereklili\u011fi ve g\u00fcc\u00fcne dair sa\u011flam bir hik\u00e2ye. Bu kitab\u0131 ka\u00e7\u0131rmay\u0131n.\u201d &#8211; ANN LECKIE\u201cGe\u00e7mi\u015fin \u00f6rt\u00fcs\u00fcn\u00fc kald\u0131rmakla, d\u00f6n\u00fc\u015fmek ve ke\u015ffetmekle ilgili y\u00fcrek par\u00e7alay\u0131c\u0131 bir hayatta kalma hik\u00e2yesi. Okumal\u0131s\u0131n\u0131z.\u201d &#8211; MARTHA WELLSK\u00f6le ticareti yap\u0131lan y\u0131llarda gemilerden denize at\u0131lan Afrikal\u0131 kad\u0131nlardan do\u011fan talihsiz nesiller, okyanusun derinliklerinde yeni, b\u00fcy\u00fcl\u00fc bir hayat kurar. Wajinrular adl\u0131 bu halk, geleceklerini in\u015fa etmek i\u00e7in ge\u00e7mi\u015flerine sahip \u00e7\u0131kmak ve orada yatan ac\u0131y\u0131 hat\u0131rlamak zorundad\u0131r. Hat\u0131rlama g\u00f6revi de bir \u201ctarih\u00e7i\u201d olan Yetu\u2019nun omuzlar\u0131nda bir y\u00fckt\u00fcr. O, halk\u0131n\u0131n ge\u00e7mi\u015fte ya\u015fad\u0131\u011f\u0131 her \u015feyi, sanki kendi o esnada ya\u015f\u0131yormu\u015f\u00e7as\u0131na hisseder. Bu kedere dayanmakta zorlanan Yetu, ge\u00e7mi\u015ften ve hat\u0131rlad\u0131klar\u0131ndan uzakla\u015fmak isterken, bir yandan da yeni bir d\u00fcnya ke\u015ffeder; hem uzak sularda hem de kendi derinliklerinde\u2026Son y\u0131llar\u0131n en \u00e7ok ses getiren fantastik kurgu yazarlar\u0131ndan olan Rivers Solomon, Amerikal\u0131 hip hop grubu Clipping\u2019in bir \u015fark\u0131s\u0131ndan ilham alarak kaleme ald\u0131\u011f\u0131 Derinlikler\u2019de toplumsal ele\u015ftiri ile do\u011fa\u00fcst\u00fc unsurlar\u0131 harmanl\u0131yor. Tarih yaz\u0131m\u0131 ile hik\u00e2ye anlat\u0131c\u0131l\u0131\u011f\u0131n\u0131n aras\u0131ndaki ba\u011flar\u0131 e\u015fsiz bir hayal g\u00fcc\u00fcyle d\u00fc\u011f\u00fcml\u00fcyor.\u201cCan\u0131n\u0131z ac\u0131d\u0131\u00ac\u011f\u0131nda bazen tek ka\u00e7\u0131\u015f yolu ba\u015fka bir ac\u0131dad\u0131r.\u201d\u201c\u0130\u015fte muhta\u00e7 oldu\u011fumuz o tuhaf, g\u00fczel, d\u00f6n\u00fc\u015ft\u00fcr\u00fcc\u00fc hik\u00e2ye.\u201d-CHARLIE JANE ANDERS\u201cKu\u015faktan ku\u015fa\u011fa ge\u00e7en travmalar hakk\u0131nda zeki ve sars\u0131c\u0131 bir roman.\u201d-CARMEN MARIA MACHADO<\/p>\n","protected":false},"excerpt":{"rendered":"<p>Hugo En \u0130yi K\u0131sa Roman Aday\u0131 &#8211; Nebula En \u0130yi K\u0131sa Roman Aday\u0131 &#8211; Locus En \u0130yi K\u0131sa Roman Aday\u0131\u201cTarih ile belle\u011fin gereklili\u011fi ve g\u00fcc\u00fcne dair<span class=\"excerpt-hellip\"> [\u2026]<\/span><\/p>\n","protected":false},"featured_media":0,"template":"","meta":{"_monsterinsights_skip_tracking":false,"_monsterinsights_sitenote_active":false,"_monsterinsights_sitenote_note":"","_monsterinsights_sitenote_category":0},"product_brand":[],"product_cat":[12540,12291],"product_tag":[],"class_list":{"0":"post-726231","1":"product","2":"type-product","3":"status-publish","5":"product_cat-bilim-kurgu","6":"product_cat-edebiyat","7":"pa_cilt-ciltsiz","8":"pa_tur-kitap","9":"pa_yayinevi-cinar-yayinlari","10":"pa_yazar-rivers-solomon","12":"first","13":"instock","14":"sale","15":"shipping-taxable","16":"purchasable","17":"product-type-simple"},"_links":{"self":[{"href":"https:\/\/roveyayinevi.com.tr\/index.php\/wp-json\/wp\/v2\/product\/726231","targetHints":{"allow":["GET"]}}],"collection":[{"href":"https:\/\/roveyayinevi.com.tr\/index.php\/wp-json\/wp\/v2\/product"}],"about":[{"href":"https:\/\/roveyayinevi.com.tr\/index.php\/wp-json\/wp\/v2\/types\/product"}],"wp:attachment":[{"href":"https:\/\/roveyayinevi.com.tr\/index.php\/wp-json\/wp\/v2\/media?parent=726231"}],"wp:term":[{"taxonomy":"product_brand","embeddable":true,"href":"https:\/\/roveyayinevi.com.tr\/index.php\/wp-json\/wp\/v2\/product_brand?post=726231"},{"taxonomy":"product_cat","embeddable":true,"href":"https:\/\/roveyayinevi.com.tr\/index.php\/wp-json\/wp\/v2\/product_cat?post=726231"},{"taxonomy":"product_tag","embeddable":true,"href":"https:\/\/roveyayinevi.com.tr\/index.php\/wp-json\/wp\/v2\/product_tag?post=726231"}],"curies":[{"name":"wp","href":"https:\/\/api.w.org\/{rel}","templated":true}]}}