{"id":726221,"date":"2025-08-27T20:02:54","date_gmt":"2025-08-27T17:02:54","guid":{"rendered":"https:\/\/roveyayinevi.com.tr\/index.php\/urun\/tutundugum-yakamoz\/"},"modified":"2026-04-16T02:34:02","modified_gmt":"2026-04-15T23:34:02","slug":"tutundugum-yakamoz","status":"publish","type":"product","link":"https:\/\/roveyayinevi.com.tr\/index.php\/urun\/tutundugum-yakamoz\/","title":{"rendered":"Tutundu\u011fum Yakamoz"},"content":{"rendered":"<p>Duygular\u0131m\u0131 dile getirirken akl\u0131mdan hi\u00e7 bir zaman \u00e7\u0131kmayan anneme ve babama, beni bu g\u00fcnlere getirdikleri i\u00e7in \u00e7ok te\u015fekk\u00fcr ediyorum. Tecr\u00fcbesine ve kaleminin g\u00fcc\u00fcne \u00e7ok g\u00fcvendi\u011fim, kitab\u0131ma edit\u00f6rl\u00fck yaparak beni onurland\u0131ran de\u011ferli yazar, Hasan Murat\u2019a minnettar\u0131m. G\u00fczeli yazmak, g\u00fczeli ya\u015famak demektir, kaleminizin hep g\u00fczeli yazmas\u0131 ve hep g\u00fczeli ya\u015faman\u0131z dile\u011fiyle. <\/p>\n","protected":false},"excerpt":{"rendered":"<p>Duygular\u0131m\u0131 dile getirirken akl\u0131mdan hi\u00e7 bir zaman \u00e7\u0131kmayan anneme ve babama, beni bu g\u00fcnlere getirdikleri i\u00e7in \u00e7ok te\u015fekk\u00fcr ediyorum. Tecr\u00fcbesine ve kaleminin g\u00fcc\u00fcne \u00e7ok g\u00fcvendi\u011fim, kitab\u0131ma<span class=\"excerpt-hellip\"> [\u2026]<\/span><\/p>\n","protected":false},"featured_media":0,"template":"","meta":{"_monsterinsights_skip_tracking":false,"_monsterinsights_sitenote_active":false,"_monsterinsights_sitenote_note":"","_monsterinsights_sitenote_category":0},"product_brand":[],"product_cat":[12291,12509],"product_tag":[],"class_list":{"0":"post-726221","1":"product","2":"type-product","3":"status-publish","5":"product_cat-edebiyat","6":"product_cat-siir","7":"pa_cilt-ciltsiz","8":"pa_tur-kitap","9":"pa_yayinevi-nar-agaci-yayinlari","10":"pa_yazar-dogukan-kacan","12":"first","13":"instock","14":"sale","15":"shipping-taxable","16":"purchasable","17":"product-type-simple"},"_links":{"self":[{"href":"https:\/\/roveyayinevi.com.tr\/index.php\/wp-json\/wp\/v2\/product\/726221","targetHints":{"allow":["GET"]}}],"collection":[{"href":"https:\/\/roveyayinevi.com.tr\/index.php\/wp-json\/wp\/v2\/product"}],"about":[{"href":"https:\/\/roveyayinevi.com.tr\/index.php\/wp-json\/wp\/v2\/types\/product"}],"wp:attachment":[{"href":"https:\/\/roveyayinevi.com.tr\/index.php\/wp-json\/wp\/v2\/media?parent=726221"}],"wp:term":[{"taxonomy":"product_brand","embeddable":true,"href":"https:\/\/roveyayinevi.com.tr\/index.php\/wp-json\/wp\/v2\/product_brand?post=726221"},{"taxonomy":"product_cat","embeddable":true,"href":"https:\/\/roveyayinevi.com.tr\/index.php\/wp-json\/wp\/v2\/product_cat?post=726221"},{"taxonomy":"product_tag","embeddable":true,"href":"https:\/\/roveyayinevi.com.tr\/index.php\/wp-json\/wp\/v2\/product_tag?post=726221"}],"curies":[{"name":"wp","href":"https:\/\/api.w.org\/{rel}","templated":true}]}}