{"id":726204,"date":"2025-08-27T20:02:38","date_gmt":"2025-08-27T17:02:38","guid":{"rendered":"https:\/\/roveyayinevi.com.tr\/index.php\/urun\/anneannem-internette\/"},"modified":"2026-04-16T02:34:02","modified_gmt":"2026-04-15T23:34:02","slug":"anneannem-internette","status":"publish","type":"product","link":"https:\/\/roveyayinevi.com.tr\/index.php\/urun\/anneannem-internette\/","title":{"rendered":"Anneannem \u0130nternette"},"content":{"rendered":"<p>Ya\u015farken \u00f6l\u00fcnesi  \u00c7arp\u0131k d\u00fczen d\u00fcnyada A\u011flarken g\u00fcl\u00fcnesi O kadar \u00e7ok \u015fey var ki&#8230; Kahkahalar beyninden A\u011f\u0131tlar y\u00fcre\u011finden Kopup gelirse e\u011fer Hayat\u0131n anas\u0131n\u0131 Satman d\u00fcnyaya de\u011fer&#8230; Canan Tan, T\u00fcrkiye\u2019de mizah \u00f6yk\u00fcleri kitab\u0131 olan ilk ve tek kad\u0131n mizah yazar\u0131 unvan\u0131n\u0131 kazanm\u0131\u015f yazar\u0131m\u0131z&#8230; Aziz Nesin ve R\u0131fat Ilgaz G\u00fclmece \u00d6yk\u00fc \u00f6d\u00fcllerinin de sahibi yazar, kad\u0131n\u0131n espri yetene\u011finin tart\u0131\u015f\u0131ld\u0131\u011f\u0131 \u00fclkemizde, romanlar\u0131n\u0131n ve \u00f6yk\u00fclerinin yan\u0131nda mizah alan\u0131ndaki ser\u00fcvenini s\u00fcrd\u00fcrmekte&#8230; Yazar Hakk\u0131nda: Canan Tan, Ankara\u2019da do\u011fdu. Ankara \u00dcniversitesi Eczac\u0131l\u0131k Faku\u0308ltesi mezunu. Yeni As\u0131r (\u0130zmir) gazetesinde k\u00f6\u015fe yazarl\u0131\u011f\u0131 yapt\u0131. Milliyet Pazar\u2019da gu\u0308ncel olaylar\u0131 esprili bir dille yorumlayan yaz\u0131lar\u0131 yay\u0131mland\u0131. Mimoza dergisinde \u00c7uvald\u0131z, Kazete adl\u0131 kad\u0131n gazetesinde \u201cKazete-Mazete\u201d adl\u0131 k\u00f6\u015felerde yaz\u0131lar yazd\u0131. Yazar\u0131n \u00f6yku\u0308, roman, mizah ve \u00e7ocuk edebiyat\u0131 \u00e7er\u00e7evesinde \u00e7ok say\u0131da kitab\u0131 ve senaryo \u00e7al\u0131\u015fmalar\u0131 vard\u0131r. Roman: Piraye, Eroinle Dans, Yu\u0308re\u011fim Seni \u00c7ok Sevdi, En Son Yu\u0308rekler \u00d6lu\u0308r, \u0130z, Iss\u0131z Erkekler Korosu, Hasret, Pembe ve Yusuf, Kelep\u00e7e, Ba\u015f\u0131bozuk Sevdalar, S\u0131z\u0131 \u00d6yku\u0308: \u00c7ikolata Kapl\u0131 Hu\u0308zu\u0308nler, S\u00f6ylenmemi\u015f \u015eark\u0131lar<\/p>\n","protected":false},"excerpt":{"rendered":"<p>Ya\u015farken \u00f6l\u00fcnesi \u00c7arp\u0131k d\u00fczen d\u00fcnyada A\u011flarken g\u00fcl\u00fcnesi O kadar \u00e7ok \u015fey var ki&#8230; Kahkahalar beyninden A\u011f\u0131tlar y\u00fcre\u011finden Kopup gelirse e\u011fer Hayat\u0131n anas\u0131n\u0131 Satman d\u00fcnyaya de\u011fer&#8230; Canan<span class=\"excerpt-hellip\"> [\u2026]<\/span><\/p>\n","protected":false},"featured_media":0,"template":"","meta":{"_monsterinsights_skip_tracking":false,"_monsterinsights_sitenote_active":false,"_monsterinsights_sitenote_note":"","_monsterinsights_sitenote_category":0},"product_brand":[],"product_cat":[12274,12631],"product_tag":[],"class_list":{"0":"post-726204","1":"product","2":"type-product","3":"status-publish","5":"product_cat-cocuk-ve-genclik-kitaplari","6":"product_cat-diger-cocuk-ve-genclik-kitaplari","7":"pa_cilt-ciltsiz","8":"pa_tur-kitap","9":"pa_yayinevi-dogan-kitap","10":"pa_yazar-canan-tan","12":"first","13":"instock","14":"sale","15":"shipping-taxable","16":"purchasable","17":"product-type-simple"},"_links":{"self":[{"href":"https:\/\/roveyayinevi.com.tr\/index.php\/wp-json\/wp\/v2\/product\/726204","targetHints":{"allow":["GET"]}}],"collection":[{"href":"https:\/\/roveyayinevi.com.tr\/index.php\/wp-json\/wp\/v2\/product"}],"about":[{"href":"https:\/\/roveyayinevi.com.tr\/index.php\/wp-json\/wp\/v2\/types\/product"}],"wp:attachment":[{"href":"https:\/\/roveyayinevi.com.tr\/index.php\/wp-json\/wp\/v2\/media?parent=726204"}],"wp:term":[{"taxonomy":"product_brand","embeddable":true,"href":"https:\/\/roveyayinevi.com.tr\/index.php\/wp-json\/wp\/v2\/product_brand?post=726204"},{"taxonomy":"product_cat","embeddable":true,"href":"https:\/\/roveyayinevi.com.tr\/index.php\/wp-json\/wp\/v2\/product_cat?post=726204"},{"taxonomy":"product_tag","embeddable":true,"href":"https:\/\/roveyayinevi.com.tr\/index.php\/wp-json\/wp\/v2\/product_tag?post=726204"}],"curies":[{"name":"wp","href":"https:\/\/api.w.org\/{rel}","templated":true}]}}