{"id":726192,"date":"2025-08-27T20:02:27","date_gmt":"2025-08-27T17:02:27","guid":{"rendered":"https:\/\/roveyayinevi.com.tr\/index.php\/urun\/bayan-westawayin-olumu\/"},"modified":"2026-04-16T02:34:02","modified_gmt":"2026-04-15T23:34:02","slug":"bayan-westawayin-olumu","status":"publish","type":"product","link":"https:\/\/roveyayinevi.com.tr\/index.php\/urun\/bayan-westawayin-olumu\/","title":{"rendered":"Bayan Westaway\u2019in \u00d6l\u00fcm\u00fc"},"content":{"rendered":"<p>Tarot kartlar\u0131yla fal bakarak ge\u00e7inen Hal, bir g\u00fcn evine gelen gizemli mektubu a\u00e7ar ve b\u00fcy\u00fckannesinden, y\u00fckl\u00fc bir miras\u0131n ona kald\u0131\u011f\u0131n\u0131 \u00f6\u011frenir. Tam da paraya en \u00e7ok ihtiya\u00e7 duydu\u011fu anda. Yaln\u0131zca tek bir sorun vard\u0131r, Hal\u2019\u0131n iki b\u00fcy\u00fckannesi de hayatta de\u011fildir. Yani mektup yanl\u0131\u015f ki\u015fiye gelmi\u015ftir. Hal yine de bu paray\u0131 elde etmenin bir yolunun olup olmad\u0131\u011f\u0131n\u0131 d\u00fc\u015f\u00fcn\u00fcr. Falc\u0131l\u0131k mesle\u011fi sayesinde, kar\u015f\u0131s\u0131ndakini neredeyse bir bak\u0131\u015fta \u00e7\u00f6zebilece\u011fi yetenekler kazanm\u0131\u015ft\u0131r. Belki bu insanlar\u0131 da kand\u0131rabilecektir.Cenazeye, olmad\u0131\u011f\u0131 biriymi\u015f gibi kat\u0131lan Hal, k\u0131sa s\u00fcrede miras\u0131n etraf\u0131nda tuhaf \u015feyler d\u00f6nd\u00fc\u011f\u00fcn\u00fc ke\u015ffeder. Fakat bu gizemli ailenin nas\u0131l yalanlar s\u00f6yledi\u011fini \u00f6\u011frenmesi i\u00e7in \u00f6nce kendi yalanlar\u0131na s\u0131k\u0131 s\u0131k\u0131 tutunmak zorundad\u0131r.Kapkaranl\u0131k Ormanda, Yalan Oyunu gibi New York Times \u00e7oksatan\u0131 romanlar\u0131n yazar\u0131 Ruth Ware, Bayan Westaway\u2019in \u00d6l\u00fcm\u00fc\u2019nde aniden al\u0131nan bir karar\u0131n ard\u0131ndan sonuna dek s\u00fcrd\u00fcr\u00fclmesi gereken yalanlar kadar \u00e7etrefil bir hik\u00e2yeyle \u00e7\u0131k\u0131yor kar\u015f\u0131n\u0131za.\u201cDaphne du Maurier\u2019nin Rebecca\u2019s\u0131yla ayn\u0131 tavra sahip kusursuzca \u00e7al\u0131\u015f\u0131lm\u0131\u015f bir gerilim hik\u00e2yesi.\u201d \u2013Washington Post\u201cWare\u2019in bu eserinde tasarlad\u0131\u011f\u0131 labirent, bekledi\u011finizden daha dolamba\u00e7l\u0131, son sayfalarda bile yeni bir \u015fey a\u00e7\u0131\u011fa \u00e7\u0131k\u0131yor\u2026\u201d \u2013Booklist<\/p>\n","protected":false},"excerpt":{"rendered":"<p>Tarot kartlar\u0131yla fal bakarak ge\u00e7inen Hal, bir g\u00fcn evine gelen gizemli mektubu a\u00e7ar ve b\u00fcy\u00fckannesinden, y\u00fckl\u00fc bir miras\u0131n ona kald\u0131\u011f\u0131n\u0131 \u00f6\u011frenir. Tam da paraya en \u00e7ok<span class=\"excerpt-hellip\"> [\u2026]<\/span><\/p>\n","protected":false},"featured_media":0,"template":"","meta":{"_monsterinsights_skip_tracking":false,"_monsterinsights_sitenote_active":false,"_monsterinsights_sitenote_note":"","_monsterinsights_sitenote_category":0},"product_brand":[],"product_cat":[12291,17033],"product_tag":[],"class_list":{"0":"post-726192","1":"product","2":"type-product","3":"status-publish","5":"product_cat-edebiyat","6":"product_cat-korku-gerilim","7":"pa_cilt-ciltsiz","8":"pa_tur-kitap","9":"pa_yayinevi-ithaki-yayinlari","10":"pa_yazar-ruth-ware","12":"first","13":"instock","14":"sale","15":"shipping-taxable","16":"purchasable","17":"product-type-simple"},"_links":{"self":[{"href":"https:\/\/roveyayinevi.com.tr\/index.php\/wp-json\/wp\/v2\/product\/726192","targetHints":{"allow":["GET"]}}],"collection":[{"href":"https:\/\/roveyayinevi.com.tr\/index.php\/wp-json\/wp\/v2\/product"}],"about":[{"href":"https:\/\/roveyayinevi.com.tr\/index.php\/wp-json\/wp\/v2\/types\/product"}],"wp:attachment":[{"href":"https:\/\/roveyayinevi.com.tr\/index.php\/wp-json\/wp\/v2\/media?parent=726192"}],"wp:term":[{"taxonomy":"product_brand","embeddable":true,"href":"https:\/\/roveyayinevi.com.tr\/index.php\/wp-json\/wp\/v2\/product_brand?post=726192"},{"taxonomy":"product_cat","embeddable":true,"href":"https:\/\/roveyayinevi.com.tr\/index.php\/wp-json\/wp\/v2\/product_cat?post=726192"},{"taxonomy":"product_tag","embeddable":true,"href":"https:\/\/roveyayinevi.com.tr\/index.php\/wp-json\/wp\/v2\/product_tag?post=726192"}],"curies":[{"name":"wp","href":"https:\/\/api.w.org\/{rel}","templated":true}]}}