{"id":726166,"date":"2025-08-27T20:02:06","date_gmt":"2025-08-27T17:02:06","guid":{"rendered":"https:\/\/roveyayinevi.com.tr\/index.php\/urun\/karanlik-dukkanlar-sokagi\/"},"modified":"2026-04-16T02:34:01","modified_gmt":"2026-04-15T23:34:01","slug":"karanlik-dukkanlar-sokagi","status":"publish","type":"product","link":"https:\/\/roveyayinevi.com.tr\/index.php\/urun\/karanlik-dukkanlar-sokagi\/","title":{"rendered":"Karanl\u0131k D\u00fckkanlar Soka\u011f\u0131"},"content":{"rendered":"<p>Gizemli bir kaza sonucunda haf\u0131zas\u0131n\u0131 kaybeden ve ge\u00e7mi\u015fini ard\u0131nda b\u0131rak\u0131p \u00f6zel dedektiflik yapmaya ba\u015flayan Guy Roland, on y\u0131l sonra ge\u00e7mi\u015fiyle y\u00fczle\u015fmeye, ger\u00e7ek kimli\u011fini ke\u015ffetmeye karar verir. Bu aray\u0131\u015fta kar\u015f\u0131s\u0131na baz\u0131 ipu\u00e7lar\u0131, birtak\u0131m insanlar, eski foto\u011fraflar, kilitli kap\u0131lar, adresler ve telefon numaralar\u0131 \u00e7\u0131kar. Belle\u011finin karanl\u0131k dehlizlerinde el yordam\u0131yla ilerleyen dedektif, baz\u0131 ger\u00e7eklere ula\u015ft\u0131\u011f\u0131n\u0131 d\u00fc\u015f\u00fcnd\u00fc\u011f\u00fc anda \u00e7\u0131kmaz sokaklara sapar. Ancak aray\u0131\u015f\u0131 asla sona ermez, an\u0131 k\u0131r\u0131nt\u0131lar\u0131 bu yolda ona \u0131\u015f\u0131k tutan i\u015faret fi\u015fekleridir. Yay\u0131mland\u0131\u011f\u0131 y\u0131l Goncourt \u00d6d\u00fcl\u00fc kazanan Karanl\u0131k D\u00fckk\u00e2nlar Soka\u011f\u0131, Nobel Komitesi taraf\u0131ndan \u00e7a\u011f\u0131m\u0131z\u0131n Proust\u2019u olarak g\u00f6sterilen Patrick Modiano\u2019nun yaz\u0131n\u0131n\u0131 kavramak i\u00e7in anahtar niteli\u011finde bir roman.  \u0130\u015fgal d\u00f6nemi Fransa\u2019s\u0131n\u0131n etkilerinden kurtulamam\u0131\u015f insanlar\u0131n bireysel ve kolektif yazg\u0131s\u0131n\u0131 anlatan \u00e7arp\u0131c\u0131 bir tan\u0131kl\u0131k. \u201cModiano ger\u00e7ek bir yarat\u0131c\u0131.\u201d Adam Thirlwell #frans\u0131zedebiyat\u0131 #nobel\u00f6d\u00fcl\u00fc #ge\u00e7mi\u015f #yabanc\u0131la\u015fma #bellek #kimlik #aray\u0131\u015f #gizem<\/p>\n","protected":false},"excerpt":{"rendered":"<p>Gizemli bir kaza sonucunda haf\u0131zas\u0131n\u0131 kaybeden ve ge\u00e7mi\u015fini ard\u0131nda b\u0131rak\u0131p \u00f6zel dedektiflik yapmaya ba\u015flayan Guy Roland, on y\u0131l sonra ge\u00e7mi\u015fiyle y\u00fczle\u015fmeye, ger\u00e7ek kimli\u011fini ke\u015ffetmeye karar verir.<span class=\"excerpt-hellip\"> [\u2026]<\/span><\/p>\n","protected":false},"featured_media":0,"template":"","meta":{"_monsterinsights_skip_tracking":false,"_monsterinsights_sitenote_active":false,"_monsterinsights_sitenote_note":"","_monsterinsights_sitenote_category":0},"product_brand":[],"product_cat":[12291,12711],"product_tag":[],"class_list":{"0":"post-726166","1":"product","2":"type-product","3":"status-publish","5":"product_cat-edebiyat","6":"product_cat-roman-oyku","7":"pa_cilt-ciltsiz","8":"pa_tur-kitap","9":"pa_yayinevi-can-yayinlari","10":"pa_yazar-patrick-modiano","12":"first","13":"instock","14":"sale","15":"shipping-taxable","16":"purchasable","17":"product-type-simple"},"_links":{"self":[{"href":"https:\/\/roveyayinevi.com.tr\/index.php\/wp-json\/wp\/v2\/product\/726166","targetHints":{"allow":["GET"]}}],"collection":[{"href":"https:\/\/roveyayinevi.com.tr\/index.php\/wp-json\/wp\/v2\/product"}],"about":[{"href":"https:\/\/roveyayinevi.com.tr\/index.php\/wp-json\/wp\/v2\/types\/product"}],"wp:attachment":[{"href":"https:\/\/roveyayinevi.com.tr\/index.php\/wp-json\/wp\/v2\/media?parent=726166"}],"wp:term":[{"taxonomy":"product_brand","embeddable":true,"href":"https:\/\/roveyayinevi.com.tr\/index.php\/wp-json\/wp\/v2\/product_brand?post=726166"},{"taxonomy":"product_cat","embeddable":true,"href":"https:\/\/roveyayinevi.com.tr\/index.php\/wp-json\/wp\/v2\/product_cat?post=726166"},{"taxonomy":"product_tag","embeddable":true,"href":"https:\/\/roveyayinevi.com.tr\/index.php\/wp-json\/wp\/v2\/product_tag?post=726166"}],"curies":[{"name":"wp","href":"https:\/\/api.w.org\/{rel}","templated":true}]}}