{"id":726131,"date":"2025-08-27T20:01:35","date_gmt":"2025-08-27T17:01:35","guid":{"rendered":"https:\/\/roveyayinevi.com.tr\/index.php\/urun\/golgedeki-cicekler\/"},"modified":"2026-04-16T02:34:00","modified_gmt":"2026-04-15T23:34:00","slug":"golgedeki-cicekler","status":"publish","type":"product","link":"https:\/\/roveyayinevi.com.tr\/index.php\/urun\/golgedeki-cicekler\/","title":{"rendered":"G\u00f6lgedeki \u00c7i\u00e7ekler"},"content":{"rendered":"<p>G\u00fcney\u2019in zifiri Kuzey\u2019e, Kuzey\u2019in so\u011fuk zehri G\u00fcney\u2019e. Arada kalm\u0131\u015flar\u0131n \u00e7etin sava\u015flar\u0131, arada kalanlar\u0131n yar\u0131m hayatlar\u0131. Bu d\u00fcnya tam de\u011fil: Yar\u0131s\u0131 k\u0131r\u0131k d\u00f6k\u00fck, di\u011fer yar\u0131s\u0131 sular alt\u0131nda g\u00f6\u00e7\u00fck.Geriye kalansa, dikensiz bir g\u00fcl kadar savunmas\u0131z ve s\u00f6n\u00fck.Monreo ve Alaz\u00e7eki\u00e7\u2019in yar\u0131m hayatlar i\u00e7in m\u00fccadelesine tan\u0131k olacaks\u0131n\u0131z.<\/p>\n","protected":false},"excerpt":{"rendered":"<p>G\u00fcney\u2019in zifiri Kuzey\u2019e, Kuzey\u2019in so\u011fuk zehri G\u00fcney\u2019e. Arada kalm\u0131\u015flar\u0131n \u00e7etin sava\u015flar\u0131, arada kalanlar\u0131n yar\u0131m hayatlar\u0131. Bu d\u00fcnya tam de\u011fil: Yar\u0131s\u0131 k\u0131r\u0131k d\u00f6k\u00fck, di\u011fer yar\u0131s\u0131 sular alt\u0131nda<span class=\"excerpt-hellip\"> [\u2026]<\/span><\/p>\n","protected":false},"featured_media":0,"template":"","meta":{"_monsterinsights_skip_tracking":false,"_monsterinsights_sitenote_active":false,"_monsterinsights_sitenote_note":"","_monsterinsights_sitenote_category":0},"product_brand":[],"product_cat":[12291,12711],"product_tag":[],"class_list":{"0":"post-726131","1":"product","2":"type-product","3":"status-publish","5":"product_cat-edebiyat","6":"product_cat-roman-oyku","7":"pa_cilt-ciltsiz","8":"pa_tur-kitap","9":"pa_yayinevi-iki-eylul-yayinevi","10":"pa_yazar-emre-yildirim-kazim-mert","12":"first","13":"instock","14":"sale","15":"shipping-taxable","16":"purchasable","17":"product-type-simple"},"_links":{"self":[{"href":"https:\/\/roveyayinevi.com.tr\/index.php\/wp-json\/wp\/v2\/product\/726131","targetHints":{"allow":["GET"]}}],"collection":[{"href":"https:\/\/roveyayinevi.com.tr\/index.php\/wp-json\/wp\/v2\/product"}],"about":[{"href":"https:\/\/roveyayinevi.com.tr\/index.php\/wp-json\/wp\/v2\/types\/product"}],"wp:attachment":[{"href":"https:\/\/roveyayinevi.com.tr\/index.php\/wp-json\/wp\/v2\/media?parent=726131"}],"wp:term":[{"taxonomy":"product_brand","embeddable":true,"href":"https:\/\/roveyayinevi.com.tr\/index.php\/wp-json\/wp\/v2\/product_brand?post=726131"},{"taxonomy":"product_cat","embeddable":true,"href":"https:\/\/roveyayinevi.com.tr\/index.php\/wp-json\/wp\/v2\/product_cat?post=726131"},{"taxonomy":"product_tag","embeddable":true,"href":"https:\/\/roveyayinevi.com.tr\/index.php\/wp-json\/wp\/v2\/product_tag?post=726131"}],"curies":[{"name":"wp","href":"https:\/\/api.w.org\/{rel}","templated":true}]}}