{"id":726093,"date":"2025-08-27T20:01:03","date_gmt":"2025-08-27T17:01:03","guid":{"rendered":"https:\/\/roveyayinevi.com.tr\/index.php\/urun\/kotu-karakterin-yukselisi\/"},"modified":"2026-04-16T02:33:59","modified_gmt":"2026-04-15T23:33:59","slug":"kotu-karakterin-yukselisi","status":"publish","type":"product","link":"https:\/\/roveyayinevi.com.tr\/index.php\/urun\/kotu-karakterin-yukselisi\/","title":{"rendered":"K\u00f6t\u00fc Karakterin Y\u00fckseli\u015fi"},"content":{"rendered":"<p>K\u00f6t\u00fc Karakterin Karizmas\u0131n\u0131n S\u0131rr\u0131 Nedir?Nas\u0131l oldu da k\u00f6t\u00fclere sempati duymaya ba\u015flad\u0131k? Bir g\u00fcn uyand\u0131k ve k\u00f6t\u00fcler \u00f6ylece sevimli gelmeye mi ba\u015flad\u0131? Neden bir filmin belirleyici unsuru \u201ck\u00f6t\u00fcn\u00fcn i\u015fleni\u015fi\u201d haline geldi?Gelin, hep beraber k\u00f6t\u00fcl\u00fc\u011f\u00fcn beyazperdedeki y\u00fckseli\u015fine tan\u0131kl\u0131k edelim! Tek amac\u0131 d\u00fcnyaya k\u00f6t\u00fcl\u00fck sa\u00e7mak olan, ge\u00e7mi\u015fin karton k\u00f6t\u00fclerinden, daha insan\u00ee motivasyonlar sebebiyle k\u00f6t\u00fcl\u00fc\u011fe y\u00f6nelenlere kadar, sinema tarihinin en karma\u015f\u0131k yolculuklar\u0131ndan birine \u00e7\u0131kmaya haz\u0131r m\u0131s\u0131n\u0131z?Bu derleme, salt bir \u201cSinema Tarihinin Gelmi\u015f Ge\u00e7mi\u015f En K\u00f6t\u00fc Karakterleri\u201d se\u00e7kisi sunmas\u0131n\u0131n da \u00f6tesinde, k\u00f6t\u00fclerin yarat\u0131m s\u00fcrecinde, akt\u00fcel ko\u015fullar\u0131n ne kadar etkili oldu\u011funu ve seyircinin k\u00f6t\u00fc adamlara besledi\u011fi sempatinin ge\u00e7erli kayg\u0131lar\u0131n\u0131 \u00f6n plana almay\u0131 hedefliyor!Nihayetinde, k\u00f6t\u00fcl\u00fc\u011f\u00fc olu\u015fturan ko\u015fullar, onun kendisinden daha k\u00f6t\u00fc de\u011fil mi?<\/p>\n","protected":false},"excerpt":{"rendered":"<p>K\u00f6t\u00fc Karakterin Karizmas\u0131n\u0131n S\u0131rr\u0131 Nedir?Nas\u0131l oldu da k\u00f6t\u00fclere sempati duymaya ba\u015flad\u0131k? Bir g\u00fcn uyand\u0131k ve k\u00f6t\u00fcler \u00f6ylece sevimli gelmeye mi ba\u015flad\u0131? Neden bir filmin belirleyici unsuru<span class=\"excerpt-hellip\"> [\u2026]<\/span><\/p>\n","protected":false},"featured_media":0,"template":"","meta":{"_monsterinsights_skip_tracking":false,"_monsterinsights_sitenote_active":false,"_monsterinsights_sitenote_note":"","_monsterinsights_sitenote_category":0},"product_brand":[],"product_cat":[12291,12711],"product_tag":[],"class_list":{"0":"post-726093","1":"product","2":"type-product","3":"status-publish","5":"product_cat-edebiyat","6":"product_cat-roman-oyku","7":"pa_cilt-ciltsiz","8":"pa_tur-kitap","9":"pa_yayinevi-efil-yayinevi","10":"pa_yazar-fatih-yurur","12":"first","13":"instock","14":"sale","15":"shipping-taxable","16":"purchasable","17":"product-type-simple"},"_links":{"self":[{"href":"https:\/\/roveyayinevi.com.tr\/index.php\/wp-json\/wp\/v2\/product\/726093","targetHints":{"allow":["GET"]}}],"collection":[{"href":"https:\/\/roveyayinevi.com.tr\/index.php\/wp-json\/wp\/v2\/product"}],"about":[{"href":"https:\/\/roveyayinevi.com.tr\/index.php\/wp-json\/wp\/v2\/types\/product"}],"wp:attachment":[{"href":"https:\/\/roveyayinevi.com.tr\/index.php\/wp-json\/wp\/v2\/media?parent=726093"}],"wp:term":[{"taxonomy":"product_brand","embeddable":true,"href":"https:\/\/roveyayinevi.com.tr\/index.php\/wp-json\/wp\/v2\/product_brand?post=726093"},{"taxonomy":"product_cat","embeddable":true,"href":"https:\/\/roveyayinevi.com.tr\/index.php\/wp-json\/wp\/v2\/product_cat?post=726093"},{"taxonomy":"product_tag","embeddable":true,"href":"https:\/\/roveyayinevi.com.tr\/index.php\/wp-json\/wp\/v2\/product_tag?post=726093"}],"curies":[{"name":"wp","href":"https:\/\/api.w.org\/{rel}","templated":true}]}}