{"id":726075,"date":"2025-08-27T20:00:50","date_gmt":"2025-08-27T17:00:50","guid":{"rendered":"https:\/\/roveyayinevi.com.tr\/index.php\/urun\/cin-kulturunde-bayramlar\/"},"modified":"2026-04-16T02:33:59","modified_gmt":"2026-04-15T23:33:59","slug":"cin-kulturunde-bayramlar","status":"publish","type":"product","link":"https:\/\/roveyayinevi.com.tr\/index.php\/urun\/cin-kulturunde-bayramlar\/","title":{"rendered":"\u00c7in K\u00fclt\u00fcr\u00fcnde Bayramlar"},"content":{"rendered":"<p>Bilim insan\u0131 Liu Dong bayramlar konusundaki g\u00f6r\u00fc\u015flerini &#8220;Bayramlar\u0131n kutlanmad\u0131\u011f\u0131 bir ya\u015fam uygar bir ya\u015fam de\u011fildir, bayramlar\u0131n\u0131 kutlamay\u0131 b\u0131rakan bir uygarl\u0131k ise kesinlikle kay\u0131p bir uygarl\u0131kt\u0131r&#8221; \u015feklinde ifade etmi\u015ftir. \u00c7in adeta bir bayramlar \u00fclkesidir. Uzun tarihi s\u00fcresince, birbirinden farkl\u0131 yery\u00fcz\u00fc \u015fekilleri ve engin topraklar\u0131 \u00fczerindeki \u00e7e\u015fitli etnik gruplar, \u00e7ok \u00e7e\u015fitli bayram k\u00fclt\u00fcrleri yaratm\u0131\u015f, s\u00fcrd\u00fcrm\u00fc\u015f ve geli\u015ftirmi\u015ftir. &#8220;\u00d6nemli bayramlar her \u00fc\u00e7 g\u00fcnde bir kutlan\u0131r, s\u0131radan bayramlar ise her g\u00fcn&#8221; atas\u00f6z\u00fc ka\u00e7 tane \u00c7in bayram\u0131 oldu\u011fu sorusuna e\u011flenceli bir cevap sunuyor. Efsaneler, mitler, dinler, ayinler, geleneksel \u00c7in operas\u0131, m\u00fczik, dans, yiyecek-i\u00e7ecekler ve el sanatlar\u0131 gibi \u00c7in k\u00fclt\u00fcr\u00fcn\u00fcn \u00e7e\u015fitli unsurlar\u0131 bayramlarla ayr\u0131lmaz bir b\u00fct\u00fcnl\u00fck i\u00e7erisindedir. Bayramlar, \u00c7in ulusunun tarihsel an\u0131lar\u0131n\u0131, k\u00fclt\u00fcrel yarat\u0131c\u0131l\u0131\u011f\u0131n\u0131, sosyal mekanizmalar\u0131n\u0131 ve ya\u015fam sevincini ifade eder. Bayramlarda insanlar, duygusal ihtiya\u00e7lar\u0131n\u0131 kar\u015f\u0131lar, birbirleriyle tan\u0131\u015f\u0131r, evlenir ve \u00e7ocuk sahibi olur, toplumsal grupla\u015fmalar\u0131n\u0131 g\u00fc\u00e7lendirir ve zihinsel huzuru ve manevi teselliyi ararlar. Bahar Bayram\u0131, Ejderha Kay\u0131\u011f\u0131 Bayram\u0131 ve Ay Bayram\u0131 gibi geleneksel bayramlar ve az\u0131nl\u0131k etnik gruplar\u0131n bayramlar\u0131ndan baz\u0131lar\u0131 \u00c7in&#8217;in genel geli\u015fimiyle birlikte g\u00fcn\u00fcm\u00fcze aktar\u0131lm\u0131\u015f, ancak ruhlar\u0131 ve i\u00e7eriklerinde de\u011fi\u015fimler olmu\u015ftur. Baz\u0131 geleneksel bayramlar, \u00e7e\u015fitli nedenlerle \u00f6nemini yitirmektedir, baz\u0131 bayramlar ise art\u0131k sadece eski kitaplarda ya da haf\u0131zalarda an\u0131 olarak kalm\u0131\u015ft\u0131r. Bunun aksine, 4 May\u0131s Gen\u00e7lik G\u00fcn\u00fc, 1 Haziran \u00c7ocuk G\u00fcn\u00fc ve \u00c7in Ulusal G\u00fcn\u00fc gibi bayramlar, ulusun ve devletin modern geli\u015fimi s\u0131ras\u0131nda ortaya \u00e7\u0131km\u0131\u015f ve \u00c7in halk\u0131n\u0131n ruhunda derin bir yer edinmi\u015flerdir. Noel ve Sevgililer G\u00fcn\u00fc gibi Bat\u0131 bayramlar\u0131 da \u00c7inli gen\u00e7lerin sevdikleri bayramlar aras\u0131ndad\u0131r. Bug\u00fcn \u00fclke, geleneksel ile yeniyi, k\u00fcresel ve b\u00f6lgeseli, dini ve d\u00fcnyeviyi birle\u015ftiren bir dizi bayrama sahiptir. Bu bayramlar, \u00c7in halk\u0131n\u0131n hayat\u0131na ahenk katmakta, \u00f6zel anlar yaratmakta ve ya\u015famlar\u0131n\u0131 \u015fekillendirmektedir.<\/p>\n","protected":false},"excerpt":{"rendered":"<p>Bilim insan\u0131 Liu Dong bayramlar konusundaki g\u00f6r\u00fc\u015flerini &#8220;Bayramlar\u0131n kutlanmad\u0131\u011f\u0131 bir ya\u015fam uygar bir ya\u015fam de\u011fildir, bayramlar\u0131n\u0131 kutlamay\u0131 b\u0131rakan bir uygarl\u0131k ise kesinlikle kay\u0131p bir uygarl\u0131kt\u0131r&#8221; \u015feklinde<span class=\"excerpt-hellip\"> [\u2026]<\/span><\/p>\n","protected":false},"featured_media":0,"template":"","meta":{"_monsterinsights_skip_tracking":false,"_monsterinsights_sitenote_active":false,"_monsterinsights_sitenote_note":"","_monsterinsights_sitenote_category":0},"product_brand":[],"product_cat":[12370,12304],"product_tag":[],"class_list":{"0":"post-726075","1":"product","2":"type-product","3":"status-publish","5":"product_cat-arastirma-inceleme","6":"product_cat-tarih","7":"pa_cilt-ciltsiz","8":"pa_tur-kitap","9":"pa_yayinevi-kaynak-yayinlari","10":"pa_yazar-wang-xuenwen","12":"first","13":"instock","14":"sale","15":"shipping-taxable","16":"purchasable","17":"product-type-simple"},"_links":{"self":[{"href":"https:\/\/roveyayinevi.com.tr\/index.php\/wp-json\/wp\/v2\/product\/726075","targetHints":{"allow":["GET"]}}],"collection":[{"href":"https:\/\/roveyayinevi.com.tr\/index.php\/wp-json\/wp\/v2\/product"}],"about":[{"href":"https:\/\/roveyayinevi.com.tr\/index.php\/wp-json\/wp\/v2\/types\/product"}],"wp:attachment":[{"href":"https:\/\/roveyayinevi.com.tr\/index.php\/wp-json\/wp\/v2\/media?parent=726075"}],"wp:term":[{"taxonomy":"product_brand","embeddable":true,"href":"https:\/\/roveyayinevi.com.tr\/index.php\/wp-json\/wp\/v2\/product_brand?post=726075"},{"taxonomy":"product_cat","embeddable":true,"href":"https:\/\/roveyayinevi.com.tr\/index.php\/wp-json\/wp\/v2\/product_cat?post=726075"},{"taxonomy":"product_tag","embeddable":true,"href":"https:\/\/roveyayinevi.com.tr\/index.php\/wp-json\/wp\/v2\/product_tag?post=726075"}],"curies":[{"name":"wp","href":"https:\/\/api.w.org\/{rel}","templated":true}]}}