{"id":726065,"date":"2025-08-27T20:00:40","date_gmt":"2025-08-27T17:00:40","guid":{"rendered":"https:\/\/roveyayinevi.com.tr\/index.php\/urun\/guz-donumu\/"},"modified":"2026-04-16T02:33:59","modified_gmt":"2026-04-15T23:33:59","slug":"guz-donumu","status":"publish","type":"product","link":"https:\/\/roveyayinevi.com.tr\/index.php\/urun\/guz-donumu\/","title":{"rendered":"G\u00fcz D\u00f6n\u00fcm\u00fc"},"content":{"rendered":"<p>ABD&#8217;de k\u00f6leli\u011fin kald\u0131r\u0131lmas\u0131ndan neredeyse y\u00fcz y\u0131l sonra, siyahlara y\u00f6nelik \u0131rk\u00e7\u0131l\u0131\u011f\u0131n, nefretin, \u015fiddetin ve bask\u0131n\u0131n h\u0131z kesmeden s\u00fcrd\u00fc\u011f\u00fc bir G\u00fcney eyaletinde, siyahi \u00e7ift\u00e7i Tucker Caliban, &#8220;anlam verilemeyen&#8221; eylemiyle beyazlar\u0131 deh\u015fete d\u00fc\u015f\u00fcr\u00fcr: T\u00fcm tarlas\u0131na tuz d\u00f6ker, a\u011fa\u00e7lar\u0131n\u0131 keser, hayvanlar\u0131n\u0131 \u00f6ld\u00fcr\u00fcr, evini ate\u015fe verir ve hi\u00e7bir a\u00e7\u0131klama yapmadan ailesiyle birlikte eyaleti terk eder. Bu sessiz isyan, benzeri g\u00f6r\u00fclmemi\u015f bir g\u00f6\u00e7\u00fcn, t\u00fcm siyahlar\u0131n Caliban&#8217;\u0131n ard\u0131ndan eyaleti terk etmesine yol a\u00e7an bir exodus&#8217;un fitilini ate\u015fler. Art\u0131k hi\u00e7bir \u015fey eskisi gibi olmayacakt\u0131rEle\u015ftirmenler taraf\u0131ndan &#8220;Amerikan edebiyat\u0131n\u0131n kay\u0131p ba\u015fyap\u0131t\u0131&#8221; olarak nitelendirilen G\u00fcz D\u00f6n\u00fcm\u00fc&#8217;nde Kelley, siyahlar\u0131n hik\u00e2yesini, beyazlar\u0131n pek de ho\u015flanmayaca\u011f\u0131 bir \u015fekilde, bizzat onlar\u0131n g\u00f6z\u00fcnden anlat\u0131r. Irk\u00e7\u0131l\u0131\u011f\u0131n 60&#8217;l\u0131 y\u0131llarda da en az \u015fimdiki kadar yak\u0131c\u0131 bir sorun oldu\u011fu ABD&#8217;de, bir siyah taraf\u0131ndan kaleme al\u0131nan bu e\u015fsiz roman\u0131n g\u00f6rmezden gelinmesi belki de bu y\u00fczden \u015fa\u015f\u0131rt\u0131c\u0131 de\u011fildir.G\u00fcz D\u00f6n\u00fcm\u00fc hem ayr\u0131mc\u0131l\u0131\u011f\u0131n deh\u015fetli etkilerine, hem de ya\u015fama ve direni\u015fe dair ke\u015ffedilmeyi bekleyen bir klasik.<\/p>\n","protected":false},"excerpt":{"rendered":"<p>ABD&#8217;de k\u00f6leli\u011fin kald\u0131r\u0131lmas\u0131ndan neredeyse y\u00fcz y\u0131l sonra, siyahlara y\u00f6nelik \u0131rk\u00e7\u0131l\u0131\u011f\u0131n, nefretin, \u015fiddetin ve bask\u0131n\u0131n h\u0131z kesmeden s\u00fcrd\u00fc\u011f\u00fc bir G\u00fcney eyaletinde, siyahi \u00e7ift\u00e7i Tucker Caliban, &#8220;anlam verilemeyen&#8221;<span class=\"excerpt-hellip\"> [\u2026]<\/span><\/p>\n","protected":false},"featured_media":0,"template":"","meta":{"_monsterinsights_skip_tracking":false,"_monsterinsights_sitenote_active":false,"_monsterinsights_sitenote_note":"","_monsterinsights_sitenote_category":0},"product_brand":[],"product_cat":[12291,12711],"product_tag":[],"class_list":{"0":"post-726065","1":"product","2":"type-product","3":"status-publish","5":"product_cat-edebiyat","6":"product_cat-roman-oyku","7":"pa_cilt-ciltsiz","8":"pa_tur-kitap","9":"pa_yayinevi-sel-yayincilik","10":"pa_yazar-william-melvin-kelley","12":"first","13":"instock","14":"sale","15":"shipping-taxable","16":"purchasable","17":"product-type-simple"},"_links":{"self":[{"href":"https:\/\/roveyayinevi.com.tr\/index.php\/wp-json\/wp\/v2\/product\/726065","targetHints":{"allow":["GET"]}}],"collection":[{"href":"https:\/\/roveyayinevi.com.tr\/index.php\/wp-json\/wp\/v2\/product"}],"about":[{"href":"https:\/\/roveyayinevi.com.tr\/index.php\/wp-json\/wp\/v2\/types\/product"}],"wp:attachment":[{"href":"https:\/\/roveyayinevi.com.tr\/index.php\/wp-json\/wp\/v2\/media?parent=726065"}],"wp:term":[{"taxonomy":"product_brand","embeddable":true,"href":"https:\/\/roveyayinevi.com.tr\/index.php\/wp-json\/wp\/v2\/product_brand?post=726065"},{"taxonomy":"product_cat","embeddable":true,"href":"https:\/\/roveyayinevi.com.tr\/index.php\/wp-json\/wp\/v2\/product_cat?post=726065"},{"taxonomy":"product_tag","embeddable":true,"href":"https:\/\/roveyayinevi.com.tr\/index.php\/wp-json\/wp\/v2\/product_tag?post=726065"}],"curies":[{"name":"wp","href":"https:\/\/api.w.org\/{rel}","templated":true}]}}