{"id":726056,"date":"2025-08-27T20:00:32","date_gmt":"2025-08-27T17:00:32","guid":{"rendered":"https:\/\/roveyayinevi.com.tr\/index.php\/urun\/ilkgenclik-kisaltilmis-metin\/"},"modified":"2026-04-16T02:33:59","modified_gmt":"2026-04-15T23:33:59","slug":"ilkgenclik-kisaltilmis-metin","status":"publish","type":"product","link":"https:\/\/roveyayinevi.com.tr\/index.php\/urun\/ilkgenclik-kisaltilmis-metin\/","title":{"rendered":"\u0130lkgen\u00e7lik (K\u0131salt\u0131lm\u0131\u015f Metin)"},"content":{"rendered":"<p>B\u00fcy\u00fck usta Tolstoy\u2019un kendi ya\u015fam \u00f6yk\u00fcs\u00fcn\u00fc anlatt\u0131\u011f\u0131 serinin ikinci kitab\u0131 \u0130lkgen\u00e7lik, okurlara \u00e7ok farkl\u0131 ve ilgi \u00e7ekici bir \u00f6yk\u00fc sunuyor. \u00dcnl\u00fc yazar, ki\u015fili\u011fini olu\u015fturmaya \u00e7al\u0131\u015ft\u0131\u011f\u0131 zorlu ergenlik g\u00fcnlerini, d\u00fcnyay\u0131 tan\u0131maya \u00e7al\u0131\u015f\u0131rken kar\u015f\u0131la\u015ft\u0131\u011f\u0131 olaylar\u0131, o \u00f6zel ya\u015flar\u0131n getirdi\u011fi duygu yo\u011funlu\u011funu, hayal k\u0131r\u0131kl\u0131klar\u0131n\u0131 ve mutluluklar\u0131n\u0131, s\u00fcr\u00fckleyici bir romana d\u00f6n\u00fc\u015ft\u00fcrerek anlatm\u0131\u015f. <\/p>\n","protected":false},"excerpt":{"rendered":"<p>B\u00fcy\u00fck usta Tolstoy\u2019un kendi ya\u015fam \u00f6yk\u00fcs\u00fcn\u00fc anlatt\u0131\u011f\u0131 serinin ikinci kitab\u0131 \u0130lkgen\u00e7lik, okurlara \u00e7ok farkl\u0131 ve ilgi \u00e7ekici bir \u00f6yk\u00fc sunuyor. \u00dcnl\u00fc yazar, ki\u015fili\u011fini olu\u015fturmaya \u00e7al\u0131\u015ft\u0131\u011f\u0131 zorlu<span class=\"excerpt-hellip\"> [\u2026]<\/span><\/p>\n","protected":false},"featured_media":0,"template":"","meta":{"_monsterinsights_skip_tracking":false,"_monsterinsights_sitenote_active":false,"_monsterinsights_sitenote_note":"","_monsterinsights_sitenote_category":0},"product_brand":[],"product_cat":[12274,12467],"product_tag":[],"class_list":{"0":"post-726056","1":"product","2":"type-product","3":"status-publish","5":"product_cat-cocuk-ve-genclik-kitaplari","6":"product_cat-dunya-klasikleri","7":"pa_cilt-ciltsiz","8":"pa_tur-kitap","9":"pa_yayinevi-is-bankasi-kultur-yayinlari","10":"pa_yazar-lev-nikolayevic-tolstoy","12":"first","13":"instock","14":"sale","15":"shipping-taxable","16":"purchasable","17":"product-type-simple"},"_links":{"self":[{"href":"https:\/\/roveyayinevi.com.tr\/index.php\/wp-json\/wp\/v2\/product\/726056","targetHints":{"allow":["GET"]}}],"collection":[{"href":"https:\/\/roveyayinevi.com.tr\/index.php\/wp-json\/wp\/v2\/product"}],"about":[{"href":"https:\/\/roveyayinevi.com.tr\/index.php\/wp-json\/wp\/v2\/types\/product"}],"wp:attachment":[{"href":"https:\/\/roveyayinevi.com.tr\/index.php\/wp-json\/wp\/v2\/media?parent=726056"}],"wp:term":[{"taxonomy":"product_brand","embeddable":true,"href":"https:\/\/roveyayinevi.com.tr\/index.php\/wp-json\/wp\/v2\/product_brand?post=726056"},{"taxonomy":"product_cat","embeddable":true,"href":"https:\/\/roveyayinevi.com.tr\/index.php\/wp-json\/wp\/v2\/product_cat?post=726056"},{"taxonomy":"product_tag","embeddable":true,"href":"https:\/\/roveyayinevi.com.tr\/index.php\/wp-json\/wp\/v2\/product_tag?post=726056"}],"curies":[{"name":"wp","href":"https:\/\/api.w.org\/{rel}","templated":true}]}}