{"id":726055,"date":"2025-08-27T20:00:30","date_gmt":"2025-08-27T17:00:30","guid":{"rendered":"https:\/\/roveyayinevi.com.tr\/index.php\/urun\/karpatlar-satosu-2\/"},"modified":"2026-04-16T02:33:59","modified_gmt":"2026-04-15T23:33:59","slug":"karpatlar-satosu-2","status":"publish","type":"product","link":"https:\/\/roveyayinevi.com.tr\/index.php\/urun\/karpatlar-satosu-2\/","title":{"rendered":"Karpatlar \u015eatosu"},"content":{"rendered":"<p>Bu kitapta anlat\u0131lan macera fantastik de\u011fil, ola\u011fan\u00fcst\u00fc sadece. \u015eimdi, inanmas\u0131 g\u00fc\u00e7 diye, bu olaylar\u0131 ger\u00e7ek saymamam\u0131z m\u0131 gerekiyor? Karar\u0131 siz vereceksiniz. Karpatlar \u015eatosu y\u00fczlerce y\u0131l boyunca \u00e7evresinde ya\u015fayan insanlar\u0131n hayal g\u00fcc\u00fcn\u00fc ate\u015fleyen bir yer olmu\u015ftu.  B\u00f6lge halk\u0131 bu \u015fatoda her t\u00fcrl\u00fc do\u011fa\u00fcst\u00fc varl\u0131\u011f\u0131n ya\u015fad\u0131\u011f\u0131na inan\u0131yor, bu yerin bir an \u00f6nce y\u0131k\u0131lmas\u0131n\u0131 umuyordu. Terkedilmi\u015f \u015fatoda bacalardan duman \u00e7\u0131kmaya ba\u015flay\u0131nca, i\u015fler iyice korkutucu bir hal ald\u0131. \u0130nsanlar korkudan evlerinden \u00e7\u0131kamaz olmu\u015flard\u0131. Sonunda cesur bir adam, \u015fatonun s\u0131rr\u0131n\u0131 \u00e7\u00f6zmeye karar verdi ve yola koyuldu. Macera sever okurlar\u0131n ka\u00e7\u0131rmak istemeyece\u011fi bir hayalet \u00f6yk\u00fcs\u00fc\u2026 <\/p>\n","protected":false},"excerpt":{"rendered":"<p>Bu kitapta anlat\u0131lan macera fantastik de\u011fil, ola\u011fan\u00fcst\u00fc sadece. \u015eimdi, inanmas\u0131 g\u00fc\u00e7 diye, bu olaylar\u0131 ger\u00e7ek saymamam\u0131z m\u0131 gerekiyor? Karar\u0131 siz vereceksiniz. Karpatlar \u015eatosu y\u00fczlerce y\u0131l boyunca<span class=\"excerpt-hellip\"> [\u2026]<\/span><\/p>\n","protected":false},"featured_media":0,"template":"","meta":{"_monsterinsights_skip_tracking":false,"_monsterinsights_sitenote_active":false,"_monsterinsights_sitenote_note":"","_monsterinsights_sitenote_category":0},"product_brand":[],"product_cat":[12274,12467],"product_tag":[],"class_list":{"0":"post-726055","1":"product","2":"type-product","3":"status-publish","5":"product_cat-cocuk-ve-genclik-kitaplari","6":"product_cat-dunya-klasikleri","7":"pa_cilt-ciltsiz","8":"pa_tur-kitap","9":"pa_yayinevi-is-bankasi-kultur-yayinlari","10":"pa_yazar-jules-verne","12":"first","13":"instock","14":"sale","15":"shipping-taxable","16":"purchasable","17":"product-type-simple"},"_links":{"self":[{"href":"https:\/\/roveyayinevi.com.tr\/index.php\/wp-json\/wp\/v2\/product\/726055","targetHints":{"allow":["GET"]}}],"collection":[{"href":"https:\/\/roveyayinevi.com.tr\/index.php\/wp-json\/wp\/v2\/product"}],"about":[{"href":"https:\/\/roveyayinevi.com.tr\/index.php\/wp-json\/wp\/v2\/types\/product"}],"wp:attachment":[{"href":"https:\/\/roveyayinevi.com.tr\/index.php\/wp-json\/wp\/v2\/media?parent=726055"}],"wp:term":[{"taxonomy":"product_brand","embeddable":true,"href":"https:\/\/roveyayinevi.com.tr\/index.php\/wp-json\/wp\/v2\/product_brand?post=726055"},{"taxonomy":"product_cat","embeddable":true,"href":"https:\/\/roveyayinevi.com.tr\/index.php\/wp-json\/wp\/v2\/product_cat?post=726055"},{"taxonomy":"product_tag","embeddable":true,"href":"https:\/\/roveyayinevi.com.tr\/index.php\/wp-json\/wp\/v2\/product_tag?post=726055"}],"curies":[{"name":"wp","href":"https:\/\/api.w.org\/{rel}","templated":true}]}}