{"id":726053,"date":"2025-08-27T20:00:29","date_gmt":"2025-08-27T17:00:29","guid":{"rendered":"https:\/\/roveyayinevi.com.tr\/index.php\/urun\/spinoza-mucizesi\/"},"modified":"2026-04-16T02:33:58","modified_gmt":"2026-04-15T23:33:58","slug":"spinoza-mucizesi","status":"publish","type":"product","link":"https:\/\/roveyayinevi.com.tr\/index.php\/urun\/spinoza-mucizesi\/","title":{"rendered":"Spinoza Mucizesi"},"content":{"rendered":"<p>Yirmi \u00fc\u00e7 ya\u015f\u0131ndayken sapk\u0131nl\u0131k su\u00e7lamas\u0131yla Yahudi cemaatinden at\u0131lan Baruch Spinoza, hayat\u0131n\u0131 felsefeye vakfetmeye karar verir. Amac\u0131 \u201c\u00fcst\u00fcn ve daimi bir sevincin hazz\u0131n\u0131 kendisine sonsuza dek verecek\u201d ger\u00e7ek iyiyi bulmakt\u0131r. Hayat\u0131n\u0131n kalan yirmi y\u0131l\u0131nda devrimci bir eser in\u015fa edecek, filolojinin, sosyolojinin ve etolojinin yan\u0131 s\u0131ra derinlik psikolojisinin de fikir babalar\u0131ndan biri olmay\u0131 ba\u015faracakt\u0131r. Ama hepsinden \u00f6nemlisi, arzuyu ve hazz\u0131 merkeze alan, Tanr\u0131, ahlak ve mutluluk tasavvurumuzu sarsacak bir felsefenin mucidi olacakt\u0131r. \u201cSpinoza pek \u00e7ok a\u00e7\u0131dan zaman\u0131n\u0131n \u00e7ok ilerisindeydi, ama sadece bu da de\u011fil: Bizim zaman\u0131m\u0131z\u0131n da ilerisindedir. Spinoza \u2018mucizesi\u2019 derken kastetti\u011fim budur.\u201d <\/p>\n","protected":false},"excerpt":{"rendered":"<p>Yirmi \u00fc\u00e7 ya\u015f\u0131ndayken sapk\u0131nl\u0131k su\u00e7lamas\u0131yla Yahudi cemaatinden at\u0131lan Baruch Spinoza, hayat\u0131n\u0131 felsefeye vakfetmeye karar verir. Amac\u0131 \u201c\u00fcst\u00fcn ve daimi bir sevincin hazz\u0131n\u0131 kendisine sonsuza dek verecek\u201d<span class=\"excerpt-hellip\"> [\u2026]<\/span><\/p>\n","protected":false},"featured_media":0,"template":"","meta":{"_monsterinsights_skip_tracking":false,"_monsterinsights_sitenote_active":false,"_monsterinsights_sitenote_note":"","_monsterinsights_sitenote_category":0},"product_brand":[],"product_cat":[16038,12388],"product_tag":[],"class_list":{"0":"post-726053","1":"product","2":"type-product","3":"status-publish","5":"product_cat-arastirma-inceleme-referans-felsefe","6":"product_cat-felsefe","7":"pa_cilt-ciltsiz","8":"pa_tur-kitap","9":"pa_yayinevi-is-bankasi-kultur-yayinlari","10":"pa_yazar-frederic-lenoir","12":"first","13":"instock","14":"sale","15":"shipping-taxable","16":"purchasable","17":"product-type-simple"},"_links":{"self":[{"href":"https:\/\/roveyayinevi.com.tr\/index.php\/wp-json\/wp\/v2\/product\/726053","targetHints":{"allow":["GET"]}}],"collection":[{"href":"https:\/\/roveyayinevi.com.tr\/index.php\/wp-json\/wp\/v2\/product"}],"about":[{"href":"https:\/\/roveyayinevi.com.tr\/index.php\/wp-json\/wp\/v2\/types\/product"}],"wp:attachment":[{"href":"https:\/\/roveyayinevi.com.tr\/index.php\/wp-json\/wp\/v2\/media?parent=726053"}],"wp:term":[{"taxonomy":"product_brand","embeddable":true,"href":"https:\/\/roveyayinevi.com.tr\/index.php\/wp-json\/wp\/v2\/product_brand?post=726053"},{"taxonomy":"product_cat","embeddable":true,"href":"https:\/\/roveyayinevi.com.tr\/index.php\/wp-json\/wp\/v2\/product_cat?post=726053"},{"taxonomy":"product_tag","embeddable":true,"href":"https:\/\/roveyayinevi.com.tr\/index.php\/wp-json\/wp\/v2\/product_tag?post=726053"}],"curies":[{"name":"wp","href":"https:\/\/api.w.org\/{rel}","templated":true}]}}