{"id":726052,"date":"2025-08-27T20:00:28","date_gmt":"2025-08-27T17:00:28","guid":{"rendered":"https:\/\/roveyayinevi.com.tr\/index.php\/urun\/cin-giyim-kulturu\/"},"modified":"2026-04-16T02:33:58","modified_gmt":"2026-04-15T23:33:58","slug":"cin-giyim-kulturu","status":"publish","type":"product","link":"https:\/\/roveyayinevi.com.tr\/index.php\/urun\/cin-giyim-kulturu\/","title":{"rendered":"\u00c7in Giyim K\u00fclt\u00fcr\u00fc"},"content":{"rendered":"<p>56 farkl\u0131 etnik milletin birlikte ya\u015fad\u0131\u011f\u0131 \u00c7in&#8217;in giyim-ku\u015fam k\u00fclt\u00fcr\u00fc, ola\u011fan\u00fcst\u00fc g\u00fczellikteki reng\u00e2renk \u00e7i\u00e7eklerle dolu bir bah\u00e7eye benziyor. K\u0131yafet tarzlar\u0131n\u0131n \u00e7e\u015fitlili\u011fi, gelenekler, esteti\u011fin \u00f6n planda tutulu\u015fu ve saray ile sokak aras\u0131ndaki ayr\u0131mla belirlenen binlerce y\u0131ll\u0131k giyim k\u00fclt\u00fcr\u00fcne sahip olan \u00c7inliler, tarih boyunca nas\u0131l giyindiler, hangi giysileri d\u00fcnyaya yayd\u0131lar ve d\u00fcnyadan nas\u0131l etkilendiler? \u00c7in Giyim K\u00fclt\u00fcr\u00fc, ele ald\u0131\u011f\u0131 konuya d\u00fcn, bug\u00fcn ve yar\u0131n a\u00e7\u0131s\u0131ndan yakla\u015fan benzersiz bir kaynak.- T\u00fcy gibi hafif muhte\u015fem \u00c7in ipe\u011fi- imparatorluk elbiseleri ve k\u0131l\u0131k k\u0131yafet d\u00fczeni- \u015e\u0131k ve rahat g\u00fcnl\u00fck giysiler- \u00c7in&#8217;de ya\u015fanan k\u0131yafet reformlar\u0131- Monar\u015finin sonu ve Bat\u0131 tarz\u0131n\u0131n giri\u015fi- Devrim ve giyside e\u015fitlik- Gen\u00e7lik ve modan\u0131n etkisi- Etnik gruplar\u0131n geleneksel giysileri- \u00c7in ayakkab\u0131lar\u0131- \u0130nternet \u00e7a\u011f\u0131 ve alt\u00fcst olan Konf\u00fc\u00e7y\u00fcs\u00e7\u00fc \u00f6\u011fretile<\/p>\n","protected":false},"excerpt":{"rendered":"<p>56 farkl\u0131 etnik milletin birlikte ya\u015fad\u0131\u011f\u0131 \u00c7in&#8217;in giyim-ku\u015fam k\u00fclt\u00fcr\u00fc, ola\u011fan\u00fcst\u00fc g\u00fczellikteki reng\u00e2renk \u00e7i\u00e7eklerle dolu bir bah\u00e7eye benziyor. K\u0131yafet tarzlar\u0131n\u0131n \u00e7e\u015fitlili\u011fi, gelenekler, esteti\u011fin \u00f6n planda tutulu\u015fu ve<span class=\"excerpt-hellip\"> [\u2026]<\/span><\/p>\n","protected":false},"featured_media":0,"template":"","meta":{"_monsterinsights_skip_tracking":false,"_monsterinsights_sitenote_active":false,"_monsterinsights_sitenote_note":"","_monsterinsights_sitenote_category":0},"product_brand":[],"product_cat":[12370,12304],"product_tag":[],"class_list":{"0":"post-726052","1":"product","2":"type-product","3":"status-publish","5":"product_cat-arastirma-inceleme","6":"product_cat-tarih","7":"pa_cilt-ciltsiz","8":"pa_tur-kitap","9":"pa_yayinevi-kaynak-yayinlari","10":"pa_yazar-hua-mei","12":"first","13":"instock","14":"sale","15":"shipping-taxable","16":"purchasable","17":"product-type-simple"},"_links":{"self":[{"href":"https:\/\/roveyayinevi.com.tr\/index.php\/wp-json\/wp\/v2\/product\/726052","targetHints":{"allow":["GET"]}}],"collection":[{"href":"https:\/\/roveyayinevi.com.tr\/index.php\/wp-json\/wp\/v2\/product"}],"about":[{"href":"https:\/\/roveyayinevi.com.tr\/index.php\/wp-json\/wp\/v2\/types\/product"}],"wp:attachment":[{"href":"https:\/\/roveyayinevi.com.tr\/index.php\/wp-json\/wp\/v2\/media?parent=726052"}],"wp:term":[{"taxonomy":"product_brand","embeddable":true,"href":"https:\/\/roveyayinevi.com.tr\/index.php\/wp-json\/wp\/v2\/product_brand?post=726052"},{"taxonomy":"product_cat","embeddable":true,"href":"https:\/\/roveyayinevi.com.tr\/index.php\/wp-json\/wp\/v2\/product_cat?post=726052"},{"taxonomy":"product_tag","embeddable":true,"href":"https:\/\/roveyayinevi.com.tr\/index.php\/wp-json\/wp\/v2\/product_tag?post=726052"}],"curies":[{"name":"wp","href":"https:\/\/api.w.org\/{rel}","templated":true}]}}