{"id":726051,"date":"2025-08-27T20:00:27","date_gmt":"2025-08-27T17:00:27","guid":{"rendered":"https:\/\/roveyayinevi.com.tr\/index.php\/urun\/turan-kizi\/"},"modified":"2026-04-16T02:33:58","modified_gmt":"2026-04-15T23:33:58","slug":"turan-kizi","status":"publish","type":"product","link":"https:\/\/roveyayinevi.com.tr\/index.php\/urun\/turan-kizi\/","title":{"rendered":"Turan K\u0131z\u0131"},"content":{"rendered":"<p>B\u00fcy\u00fcleyici g\u00fczelli\u011fi ve keskin zek\u00e2s\u0131yla yedi iklime \u00fcn salm\u0131\u015f bir prensesin hik\u00e2yesidir Turank\u0131z\u0131.Asya topraklar\u0131ndaki kad\u0131nlar\u0131n erkek boyunduru\u011fu alt\u0131nda ezili\u015fi, \u00f6zg\u00fcrl\u00fc\u011f\u00fcn\u00fc yitiri\u015fi, evlilikten ve erkek milletinden nefret ettirmi\u015ftir Turank\u0131z\u0131&#8217;n\u0131&#8230;Alman dilinin b\u00fcy\u00fck dram yazar\u0131 Friedrich Schiller&#8217;e bu \u00f6l\u00fcms\u00fcz yap\u0131t\u0131 yazd\u0131ran &#8221;Binbir Gece Masallar\u0131&#8221;ndan y\u00fckselen erdemin vear\u0131nm\u0131\u015fl\u0131k duygusunun sars\u0131c\u0131 g\u00fcc\u00fcd\u00fcr&#8230;(Al\u0131nt\u0131)\u201cSald\u0131rmas\u0131 m\u0131 gerekir her g\u00f6renin hemen vah\u015fi bir avc\u0131 zihniyetiyle g\u00fczelli\u011fime? Hem de s\u0131radanl\u0131\u011fa hi\u00e7 kimse dokunmazken.&#8221;<\/p>\n","protected":false},"excerpt":{"rendered":"<p>B\u00fcy\u00fcleyici g\u00fczelli\u011fi ve keskin zek\u00e2s\u0131yla yedi iklime \u00fcn salm\u0131\u015f bir prensesin hik\u00e2yesidir Turank\u0131z\u0131.Asya topraklar\u0131ndaki kad\u0131nlar\u0131n erkek boyunduru\u011fu alt\u0131nda ezili\u015fi, \u00f6zg\u00fcrl\u00fc\u011f\u00fcn\u00fc yitiri\u015fi, evlilikten ve erkek milletinden nefret<span class=\"excerpt-hellip\"> [\u2026]<\/span><\/p>\n","protected":false},"featured_media":0,"template":"","meta":{"_monsterinsights_skip_tracking":false,"_monsterinsights_sitenote_active":false,"_monsterinsights_sitenote_note":"","_monsterinsights_sitenote_category":0},"product_brand":[],"product_cat":[12312,12304],"product_tag":[],"class_list":{"0":"post-726051","1":"product","2":"type-product","3":"status-publish","5":"product_cat-diger","6":"product_cat-tarih","7":"pa_cilt-ciltsiz","8":"pa_tur-kitap","9":"pa_yayinevi-kaynak-yayinlari","10":"pa_yazar-friedrich-schiller","12":"first","13":"instock","14":"sale","15":"shipping-taxable","16":"purchasable","17":"product-type-simple"},"_links":{"self":[{"href":"https:\/\/roveyayinevi.com.tr\/index.php\/wp-json\/wp\/v2\/product\/726051","targetHints":{"allow":["GET"]}}],"collection":[{"href":"https:\/\/roveyayinevi.com.tr\/index.php\/wp-json\/wp\/v2\/product"}],"about":[{"href":"https:\/\/roveyayinevi.com.tr\/index.php\/wp-json\/wp\/v2\/types\/product"}],"wp:attachment":[{"href":"https:\/\/roveyayinevi.com.tr\/index.php\/wp-json\/wp\/v2\/media?parent=726051"}],"wp:term":[{"taxonomy":"product_brand","embeddable":true,"href":"https:\/\/roveyayinevi.com.tr\/index.php\/wp-json\/wp\/v2\/product_brand?post=726051"},{"taxonomy":"product_cat","embeddable":true,"href":"https:\/\/roveyayinevi.com.tr\/index.php\/wp-json\/wp\/v2\/product_cat?post=726051"},{"taxonomy":"product_tag","embeddable":true,"href":"https:\/\/roveyayinevi.com.tr\/index.php\/wp-json\/wp\/v2\/product_tag?post=726051"}],"curies":[{"name":"wp","href":"https:\/\/api.w.org\/{rel}","templated":true}]}}