{"id":726043,"date":"2025-08-27T20:00:21","date_gmt":"2025-08-27T17:00:21","guid":{"rendered":"https:\/\/roveyayinevi.com.tr\/index.php\/urun\/babaya-mektup-bez-ciltli\/"},"modified":"2026-04-16T02:33:58","modified_gmt":"2026-04-15T23:33:58","slug":"babaya-mektup-bez-ciltli","status":"publish","type":"product","link":"https:\/\/roveyayinevi.com.tr\/index.php\/urun\/babaya-mektup-bez-ciltli\/","title":{"rendered":"Babaya Mektup (Bez Ciltli)"},"content":{"rendered":"<p>Kafka\u2019n\u0131n 36 ya\u015f\u0131nda kaleme ald\u0131\u011f\u0131, orijinali 103 sayfal\u0131k el yazmas\u0131ndan olu\u015fan ve al\u0131c\u0131s\u0131na asla ula\u015famayan bu mektup, yaln\u0131zca bir baba-o\u011ful ili\u015fkisine \u0131\u015f\u0131k tutmuyor ayn\u0131 zamanda d\u00fcnya edebiyat\u0131n\u0131n en ikonik ve esrarengiz yazarlar\u0131ndan birinin yaralar\u0131n\u0131, yenilgilerini ve i\u00e7sel \u00e7at\u0131\u015fmalar\u0131n\u0131 da yak\u0131ndan g\u00f6rmemizi sa\u011fl\u0131yor. \u00c7ocukluk ve gen\u00e7lik y\u0131llar\u0131n\u0131 babas\u0131n\u0131n bask\u0131s\u0131 alt\u0131nda ge\u00e7iren, kendini \u00f6zg\u00fcrce geli\u015ftiremeyen \u00fcrkek, kafas\u0131 kar\u0131\u015f\u0131k bir \u00e7ocuk, delikanl\u0131 ve gen\u00e7 adam olarak Kafka her ya\u015fta kar\u015f\u0131s\u0131nda \u00e7ok g\u00fc\u00e7l\u00fc, kar\u015f\u0131 konulamaz bir baba bulmu\u015ftur. Ancak bir g\u00fcn olsun ondan kopamam\u0131\u015f, y\u00fcz\u00fcne s\u00f6yleyemedi\u011fi \u015feyleri yaz\u0131ya d\u00f6km\u00fc\u015ft\u00fcr.Kafka\u2019n\u0131n, ya\u015fam\u0131ndaki t\u00fcm olumsuzluklar\u0131n m\u00fcsebbibi olarak g\u00f6rd\u00fc\u011f\u00fc babas\u0131yla hesapla\u015ft\u0131\u011f\u0131, hem edebiyat tutkunlar\u0131na hem de psikologlara, psikiyatristlere ve anne babalara yeni katmanlar a\u00e7acak bu eseri Ahmet Arpad\u2019\u0131n \u00f6zenli \u00e7evirisiyle sunuyoruz.<\/p>\n","protected":false},"excerpt":{"rendered":"<p>Kafka\u2019n\u0131n 36 ya\u015f\u0131nda kaleme ald\u0131\u011f\u0131, orijinali 103 sayfal\u0131k el yazmas\u0131ndan olu\u015fan ve al\u0131c\u0131s\u0131na asla ula\u015famayan bu mektup, yaln\u0131zca bir baba-o\u011ful ili\u015fkisine \u0131\u015f\u0131k tutmuyor ayn\u0131 zamanda d\u00fcnya<span class=\"excerpt-hellip\"> [\u2026]<\/span><\/p>\n","protected":false},"featured_media":0,"template":"","meta":{"_monsterinsights_skip_tracking":false,"_monsterinsights_sitenote_active":false,"_monsterinsights_sitenote_note":"","_monsterinsights_sitenote_category":0},"product_brand":[],"product_cat":[12291,13872],"product_tag":[],"class_list":{"0":"post-726043","1":"product","2":"type-product","3":"status-publish","5":"product_cat-edebiyat","6":"product_cat-klasikler","7":"pa_cilt-ciltli","8":"pa_tur-kitap","9":"pa_yayinevi-koridor-yayincilik","10":"pa_yazar-franz-kafka","12":"first","13":"instock","14":"sale","15":"shipping-taxable","16":"purchasable","17":"product-type-simple"},"_links":{"self":[{"href":"https:\/\/roveyayinevi.com.tr\/index.php\/wp-json\/wp\/v2\/product\/726043","targetHints":{"allow":["GET"]}}],"collection":[{"href":"https:\/\/roveyayinevi.com.tr\/index.php\/wp-json\/wp\/v2\/product"}],"about":[{"href":"https:\/\/roveyayinevi.com.tr\/index.php\/wp-json\/wp\/v2\/types\/product"}],"wp:attachment":[{"href":"https:\/\/roveyayinevi.com.tr\/index.php\/wp-json\/wp\/v2\/media?parent=726043"}],"wp:term":[{"taxonomy":"product_brand","embeddable":true,"href":"https:\/\/roveyayinevi.com.tr\/index.php\/wp-json\/wp\/v2\/product_brand?post=726043"},{"taxonomy":"product_cat","embeddable":true,"href":"https:\/\/roveyayinevi.com.tr\/index.php\/wp-json\/wp\/v2\/product_cat?post=726043"},{"taxonomy":"product_tag","embeddable":true,"href":"https:\/\/roveyayinevi.com.tr\/index.php\/wp-json\/wp\/v2\/product_tag?post=726043"}],"curies":[{"name":"wp","href":"https:\/\/api.w.org\/{rel}","templated":true}]}}