{"id":726035,"date":"2025-08-27T20:00:15","date_gmt":"2025-08-27T17:00:15","guid":{"rendered":"https:\/\/roveyayinevi.com.tr\/index.php\/urun\/iletisimin-bizcesi\/"},"modified":"2026-04-08T02:42:23","modified_gmt":"2026-04-07T23:42:23","slug":"iletisimin-bizcesi","status":"publish","type":"product","link":"https:\/\/roveyayinevi.com.tr\/index.php\/urun\/iletisimin-bizcesi\/","title":{"rendered":"\u0130leti\u015fimin Biz&#8217;cesi"},"content":{"rendered":"<p>Hen\u00fcz lise e\u011fitimine yeni ba\u015flayan b\u00fcy\u00fck k\u0131z\u0131m\u0131n ideali ileride bir cerrah olmak. Kariyer sohbetlerimizde \u015f\u00f6yle derim:\u201cBak k\u0131z\u0131m, e\u011fitim sistemimiz insan\u0131 beklemedi\u011fi mesleklere y\u00f6nlendirebilir, ancak de\u011fi\u015fmeyen bir kural var. Profes\u00f6r de olsan \u00f6\u011frenci de lider olan daima daha iyi ileti\u015fim kurand\u0131r. Amac\u0131n sadece hocas\u0131yla, arkada\u015f\u0131yla, e\u015fiyle, ailesiyle, orta\u011f\u0131yla, \u00e7al\u0131\u015fan\u0131yla iyi ge\u00e7inen ba\u015far\u0131l\u0131 insanlardan biri olmak da olsa yine kural ayn\u0131; do\u011fru ileti\u015fim kuran her zaman kazan\u0131r.\u201dPeki, nas\u0131l kazanaca\u011f\u0131z?Do\u011fru ileti\u015fim nas\u0131l kuraca\u011f\u0131z?Neden anlatam\u0131yoruz?Nas\u0131l anlayaca\u011f\u0131z?Senaryosu belirlenmi\u015f olan bu hayat yolculu\u011funda do\u011fru ad\u0131mlar\u0131 nas\u0131l ataca\u011f\u0131z?\u0130\u015fte bu yolculu\u011fun kurallar\u0131, bizi anlatan Anadolu\u2019nun \u00f6zg\u00fcn ileti\u015fim rit\u00fcelleri, \u201c\u0130leti\u015fimin D\u00f6rt \u015eeritli Yolu\u201d ba\u015fl\u0131\u011f\u0131yla on binlerce insana anlat\u0131ld\u0131ktan sonra sizinle de payla\u015f\u0131l\u0131yor.Bu kitapta yazan ileti\u015fim kurallar\u0131n\u0131 uygularsan\u0131z bir daha ileti\u015fim problemi ya\u015famayacaks\u0131n\u0131z.Her b\u00f6l\u00fcm sonunda sorulanlar\u0131 cevaplay\u0131n, ileti\u015fim yetkinli\u011finizi b\u00f6ylelikle tartacaks\u0131n\u0131z.Ha bir de olmaz diyenlere ald\u0131rmay\u0131n, \u201cMutlulu\u011fun Form\u00fcl\u00fc\u201d bu kitapta; uygularsan\u0131z bir daha asla mutsuz olmayacaks\u0131n\u0131z.Muallaktan muhakkaka bir yolculuk bu,Haz\u0131r m\u0131s\u0131n\u0131z?<\/p>\n","protected":false},"excerpt":{"rendered":"<p>Hen\u00fcz lise e\u011fitimine yeni ba\u015flayan b\u00fcy\u00fck k\u0131z\u0131m\u0131n ideali ileride bir cerrah olmak. Kariyer sohbetlerimizde \u015f\u00f6yle derim:\u201cBak k\u0131z\u0131m, e\u011fitim sistemimiz insan\u0131 beklemedi\u011fi mesleklere y\u00f6nlendirebilir, ancak de\u011fi\u015fmeyen bir<span class=\"excerpt-hellip\"> [\u2026]<\/span><\/p>\n","protected":false},"featured_media":0,"template":"","meta":{"_monsterinsights_skip_tracking":false,"_monsterinsights_sitenote_active":false,"_monsterinsights_sitenote_note":"","_monsterinsights_sitenote_category":0},"product_brand":[],"product_cat":[12364,12376],"product_tag":[],"class_list":{"0":"post-726035","1":"product","2":"type-product","3":"status-publish","5":"product_cat-genel-konular","6":"product_cat-kisisel-gelisim","7":"pa_cilt-ciltsiz","8":"pa_tur-kitap","9":"pa_yayinevi-nesil-yayinlari","10":"pa_yazar-burak-yilmaz","12":"first","13":"instock","14":"sale","15":"shipping-taxable","16":"purchasable","17":"product-type-simple"},"_links":{"self":[{"href":"https:\/\/roveyayinevi.com.tr\/index.php\/wp-json\/wp\/v2\/product\/726035","targetHints":{"allow":["GET"]}}],"collection":[{"href":"https:\/\/roveyayinevi.com.tr\/index.php\/wp-json\/wp\/v2\/product"}],"about":[{"href":"https:\/\/roveyayinevi.com.tr\/index.php\/wp-json\/wp\/v2\/types\/product"}],"wp:attachment":[{"href":"https:\/\/roveyayinevi.com.tr\/index.php\/wp-json\/wp\/v2\/media?parent=726035"}],"wp:term":[{"taxonomy":"product_brand","embeddable":true,"href":"https:\/\/roveyayinevi.com.tr\/index.php\/wp-json\/wp\/v2\/product_brand?post=726035"},{"taxonomy":"product_cat","embeddable":true,"href":"https:\/\/roveyayinevi.com.tr\/index.php\/wp-json\/wp\/v2\/product_cat?post=726035"},{"taxonomy":"product_tag","embeddable":true,"href":"https:\/\/roveyayinevi.com.tr\/index.php\/wp-json\/wp\/v2\/product_tag?post=726035"}],"curies":[{"name":"wp","href":"https:\/\/api.w.org\/{rel}","templated":true}]}}