{"id":726033,"date":"2025-08-27T20:00:13","date_gmt":"2025-08-27T17:00:13","guid":{"rendered":"https:\/\/roveyayinevi.com.tr\/index.php\/urun\/dimdik-ayakta-her-an-tetikte\/"},"modified":"2026-04-08T02:42:23","modified_gmt":"2026-04-07T23:42:23","slug":"dimdik-ayakta-her-an-tetikte","status":"publish","type":"product","link":"https:\/\/roveyayinevi.com.tr\/index.php\/urun\/dimdik-ayakta-her-an-tetikte\/","title":{"rendered":"Dimdik Ayakta Her An Tetikte"},"content":{"rendered":"<p>Gelelim sadedin sadesine.Kristalize k\u0131r\u0131lganl\u0131kta ama inad\u0131na ci\u011ferg\u00e2h, yaz\u0131lmam\u0131\u015f bir senfoni gibi tarihin nemli k\u00fcfl\u00fc sayfalar\u0131nda pembemsi solgun g\u00fczelli\u011fiyle yer alan hatun ki\u015fi olarak&#8230;Nas\u0131l bilirdiniz? \u00d6yle bilirdik! \u00d6yle bilin siz! \u00d6yle g\u00f6m\u00fcn siz. \u0130yi misiniz?Soracak olursan\u0131z, hi\u00e7 de sand\u0131\u011f\u0131n\u0131z gibi de\u011fil madalyonun bu y\u00fcz\u00fc.Bir delilik bir dirilik bir yenilik var a\u015fik\u00e2r.\u00dcrk\u00fctt\u00fc m\u00fc? \u00dczd\u00fc m\u00fc? \u015ea\u015f\u0131rtt\u0131 m\u0131? G\u00fcld\u00fcrd\u00fc m\u00fc? Fark etmez.Her \u015feyden \u00f6zg\u00fcr\u00fcm art\u0131k.Ge\u00e7mi\u015fin a\u011f\u0131r y\u00fckleri, heyecan\u0131n\u0131 kaybetmi\u015f ili\u015fkiler, kad\u0131nl\u0131k halleri, sahte g\u00fcl\u00fc\u015fler, sebepsiz yalanlar, kula\u011fa \u00e7al\u0131nan sesler ve ya\u015fama sevinci gibi tan\u0131d\u0131k ama her okuyu\u015fta insan\u0131 yeniden \u00e7arpan ya\u015fant\u0131lar. Nil\u00fcfer A\u00e7\u0131kal\u0131n\u2019dan hayata, varolu\u015fa ve \u00f6zg\u00fcrl\u00fc\u011fe dair on iki yeni \u00f6yk\u00fc. Dimdik Ayakta Her An Tetikte, kentlerin b\u00fcy\u00fcl\u00fc caddelerinde kaybolan yaln\u0131z ve gezgin ruhlar i\u00e7in bir s\u0131\u011f\u0131nak.<\/p>\n","protected":false},"excerpt":{"rendered":"<p>Gelelim sadedin sadesine.Kristalize k\u0131r\u0131lganl\u0131kta ama inad\u0131na ci\u011ferg\u00e2h, yaz\u0131lmam\u0131\u015f bir senfoni gibi tarihin nemli k\u00fcfl\u00fc sayfalar\u0131nda pembemsi solgun g\u00fczelli\u011fiyle yer alan hatun ki\u015fi olarak&#8230;Nas\u0131l bilirdiniz? \u00d6yle bilirdik!<span class=\"excerpt-hellip\"> [\u2026]<\/span><\/p>\n","protected":false},"featured_media":0,"template":"","meta":{"_monsterinsights_skip_tracking":false,"_monsterinsights_sitenote_active":false,"_monsterinsights_sitenote_note":"","_monsterinsights_sitenote_category":0},"product_brand":[],"product_cat":[12291,12711],"product_tag":[],"class_list":{"0":"post-726033","1":"product","2":"type-product","3":"status-publish","5":"product_cat-edebiyat","6":"product_cat-roman-oyku","7":"pa_cilt-ciltsiz","8":"pa_tur-kitap","9":"pa_yayinevi-dogan-kitap","10":"pa_yazar-nilufer-acikalin","12":"first","13":"instock","14":"sale","15":"shipping-taxable","16":"purchasable","17":"product-type-simple"},"_links":{"self":[{"href":"https:\/\/roveyayinevi.com.tr\/index.php\/wp-json\/wp\/v2\/product\/726033","targetHints":{"allow":["GET"]}}],"collection":[{"href":"https:\/\/roveyayinevi.com.tr\/index.php\/wp-json\/wp\/v2\/product"}],"about":[{"href":"https:\/\/roveyayinevi.com.tr\/index.php\/wp-json\/wp\/v2\/types\/product"}],"wp:attachment":[{"href":"https:\/\/roveyayinevi.com.tr\/index.php\/wp-json\/wp\/v2\/media?parent=726033"}],"wp:term":[{"taxonomy":"product_brand","embeddable":true,"href":"https:\/\/roveyayinevi.com.tr\/index.php\/wp-json\/wp\/v2\/product_brand?post=726033"},{"taxonomy":"product_cat","embeddable":true,"href":"https:\/\/roveyayinevi.com.tr\/index.php\/wp-json\/wp\/v2\/product_cat?post=726033"},{"taxonomy":"product_tag","embeddable":true,"href":"https:\/\/roveyayinevi.com.tr\/index.php\/wp-json\/wp\/v2\/product_tag?post=726033"}],"curies":[{"name":"wp","href":"https:\/\/api.w.org\/{rel}","templated":true}]}}