{"id":726032,"date":"2025-08-27T20:00:12","date_gmt":"2025-08-27T17:00:12","guid":{"rendered":"https:\/\/roveyayinevi.com.tr\/index.php\/urun\/sanatci-mektuplari-ciltli\/"},"modified":"2026-03-12T02:43:38","modified_gmt":"2026-03-11T23:43:38","slug":"sanatci-mektuplari-ciltli","status":"publish","type":"product","link":"https:\/\/roveyayinevi.com.tr\/index.php\/urun\/sanatci-mektuplari-ciltli\/","title":{"rendered":"Sanat\u00e7\u0131 Mektuplar\u0131  ( Ciltli )"},"content":{"rendered":"<p>Sanat\u00e7\u0131 Mektuplar\u0131, usta sanat\u00e7\u0131lar\u0131n birbirlerine, d\u00f6nemin \u00fcnl\u00fc sanat simsarlar\u0131na, hamilerine, ailelerine ve sevgililerine yazd\u0131klar\u0131 mektuplar\u0131ndan \u00f6zenle se\u00e7ilmi\u015f hazine niteli\u011finde bir kaynak sunar. Tematik bir d\u00fczen izleyen mektuplar, sanat\u00e7\u0131lar\u0131n a\u015fk hayat\u0131na, g\u00fcndelik ve sanatsal ya\u015fam\u0131na \u0131\u015f\u0131k tutar. Yarat\u0131m s\u00fcre\u00e7leriyle ilgili duygu ve d\u00fc\u015f\u00fcncelerine dair birbirlerine yazd\u0131klar\u0131 notlar\u0131 ve mesajlar\u0131 i\u00e7erir. \u00dcnl\u00fc eserlerinin \u00fcretim ve sergi a\u015famas\u0131n\u0131n arka plan\u0131nda ya\u015fananlara odaklanarak sanat\u00e7\u0131lar\u0131n ki\u015fisel hayatlar\u0131 ve tarihsel d\u00f6nem hakk\u0131nda bilgi verir.Her bir mektup okur taraf\u0131ndan daha iyi anla\u015f\u0131labilmesi i\u00e7in, tarihsel arka plan bilgisi i\u00e7eren metinlerle desteklenmektedir. Kitap, mektuplar\u0131n orijinal g\u00f6rselleriyle zenginle\u015ftirilmi\u015ftir b\u00f6ylece okuru sanat d\u00fcnyas\u0131nda renkli bir yolculu\u011fa \u00e7\u0131kar\u0131r.Salvador Dali, Frida Kahlo, Michelangelo Buonarotti, Vincent Van Gogh, Rembrandt van rijn, Andy Warhol, Marina Abramovic, Marcel Duchamp, Pablo Picasso, David Hockney, Yayoi Kusama, Henry Moore, Gustav Klimt ve Georgia O\u2019Keeffe bu cezp edici koleksiyonda yer alan sanat\u00e7\u0131lardan yaln\u0131zca birka\u00e7\u0131d\u0131r<\/p>\n","protected":false},"excerpt":{"rendered":"<p>Sanat\u00e7\u0131 Mektuplar\u0131, usta sanat\u00e7\u0131lar\u0131n birbirlerine, d\u00f6nemin \u00fcnl\u00fc sanat simsarlar\u0131na, hamilerine, ailelerine ve sevgililerine yazd\u0131klar\u0131 mektuplar\u0131ndan \u00f6zenle se\u00e7ilmi\u015f hazine niteli\u011finde bir kaynak sunar. Tematik bir d\u00fczen izleyen<span class=\"excerpt-hellip\"> [\u2026]<\/span><\/p>\n","protected":false},"featured_media":0,"template":"","meta":{"_monsterinsights_skip_tracking":false,"_monsterinsights_sitenote_active":false,"_monsterinsights_sitenote_note":"","_monsterinsights_sitenote_category":0},"product_brand":[],"product_cat":[13548,12408],"product_tag":[],"class_list":{"0":"post-726032","1":"product","2":"type-product","3":"status-publish","5":"product_cat-kuram","6":"product_cat-sanat","7":"pa_cilt-ciltli","8":"pa_tur-kitap","9":"pa_yayinevi-hayalperest-yayinlari","10":"pa_yazar-michael-bird","12":"first","13":"instock","14":"sale","15":"shipping-taxable","16":"purchasable","17":"product-type-simple"},"_links":{"self":[{"href":"https:\/\/roveyayinevi.com.tr\/index.php\/wp-json\/wp\/v2\/product\/726032","targetHints":{"allow":["GET"]}}],"collection":[{"href":"https:\/\/roveyayinevi.com.tr\/index.php\/wp-json\/wp\/v2\/product"}],"about":[{"href":"https:\/\/roveyayinevi.com.tr\/index.php\/wp-json\/wp\/v2\/types\/product"}],"wp:attachment":[{"href":"https:\/\/roveyayinevi.com.tr\/index.php\/wp-json\/wp\/v2\/media?parent=726032"}],"wp:term":[{"taxonomy":"product_brand","embeddable":true,"href":"https:\/\/roveyayinevi.com.tr\/index.php\/wp-json\/wp\/v2\/product_brand?post=726032"},{"taxonomy":"product_cat","embeddable":true,"href":"https:\/\/roveyayinevi.com.tr\/index.php\/wp-json\/wp\/v2\/product_cat?post=726032"},{"taxonomy":"product_tag","embeddable":true,"href":"https:\/\/roveyayinevi.com.tr\/index.php\/wp-json\/wp\/v2\/product_tag?post=726032"}],"curies":[{"name":"wp","href":"https:\/\/api.w.org\/{rel}","templated":true}]}}