{"id":726031,"date":"2025-08-27T20:00:12","date_gmt":"2025-08-27T17:00:12","guid":{"rendered":"https:\/\/roveyayinevi.com.tr\/index.php\/urun\/gececi\/"},"modified":"2026-03-12T02:43:38","modified_gmt":"2026-03-11T23:43:38","slug":"gececi","status":"publish","type":"product","link":"https:\/\/roveyayinevi.com.tr\/index.php\/urun\/gececi\/","title":{"rendered":"Gececi"},"content":{"rendered":"<p>Gececi, Denden Orman\u0131\u2019n\u0131n en g\u00fczel yerinde bulunan bir k\u00fct\u00fcphanedir. Duvarlar\u0131 yoktur ve Bulancak ailesi 357 y\u0131ld\u0131r bu k\u00fct\u00fcphanenin m\u00fcd\u00fcrl\u00fc\u011f\u00fcn\u00fc yapar. Ailenin keskin k\u00f6ren g\u00f6zleri ya da 270 derece d\u00f6nen kafalar\u0131 sayesinde mi, bilinmez ama \u015fimdiye dek Gececi K\u00fct\u00fcphansinden tek bir kitap kaybolmam\u0131\u015f ya da \u00e7al\u0131nmam\u0131\u015ft\u0131, ta ki o tuhaf olaylar zincirine dek!<\/p>\n","protected":false},"excerpt":{"rendered":"<p>Gececi, Denden Orman\u0131\u2019n\u0131n en g\u00fczel yerinde bulunan bir k\u00fct\u00fcphanedir. Duvarlar\u0131 yoktur ve Bulancak ailesi 357 y\u0131ld\u0131r bu k\u00fct\u00fcphanenin m\u00fcd\u00fcrl\u00fc\u011f\u00fcn\u00fc yapar. Ailenin keskin k\u00f6ren g\u00f6zleri ya da<span class=\"excerpt-hellip\"> [\u2026]<\/span><\/p>\n","protected":false},"featured_media":0,"template":"","meta":{"_monsterinsights_skip_tracking":false,"_monsterinsights_sitenote_active":false,"_monsterinsights_sitenote_note":"","_monsterinsights_sitenote_category":0},"product_brand":[],"product_cat":[12274,12523],"product_tag":[],"class_list":{"0":"post-726031","1":"product","2":"type-product","3":"status-publish","5":"product_cat-cocuk-ve-genclik-kitaplari","6":"product_cat-masallar","7":"pa_cilt-ciltsiz","8":"pa_tur-kitap","9":"pa_yayinevi-kirmizi-cati-yayinlari","10":"pa_yazar-merve-dagkoyluoglu","12":"first","13":"instock","14":"sale","15":"shipping-taxable","16":"purchasable","17":"product-type-simple"},"_links":{"self":[{"href":"https:\/\/roveyayinevi.com.tr\/index.php\/wp-json\/wp\/v2\/product\/726031","targetHints":{"allow":["GET"]}}],"collection":[{"href":"https:\/\/roveyayinevi.com.tr\/index.php\/wp-json\/wp\/v2\/product"}],"about":[{"href":"https:\/\/roveyayinevi.com.tr\/index.php\/wp-json\/wp\/v2\/types\/product"}],"wp:attachment":[{"href":"https:\/\/roveyayinevi.com.tr\/index.php\/wp-json\/wp\/v2\/media?parent=726031"}],"wp:term":[{"taxonomy":"product_brand","embeddable":true,"href":"https:\/\/roveyayinevi.com.tr\/index.php\/wp-json\/wp\/v2\/product_brand?post=726031"},{"taxonomy":"product_cat","embeddable":true,"href":"https:\/\/roveyayinevi.com.tr\/index.php\/wp-json\/wp\/v2\/product_cat?post=726031"},{"taxonomy":"product_tag","embeddable":true,"href":"https:\/\/roveyayinevi.com.tr\/index.php\/wp-json\/wp\/v2\/product_tag?post=726031"}],"curies":[{"name":"wp","href":"https:\/\/api.w.org\/{rel}","templated":true}]}}