{"id":726029,"date":"2025-08-27T19:59:34","date_gmt":"2025-08-27T16:59:34","guid":{"rendered":"https:\/\/roveyayinevi.com.tr\/index.php\/urun\/sen-bana-yasak\/"},"modified":"2026-04-16T02:33:58","modified_gmt":"2026-04-15T23:33:58","slug":"sen-bana-yasak","status":"publish","type":"product","link":"https:\/\/roveyayinevi.com.tr\/index.php\/urun\/sen-bana-yasak\/","title":{"rendered":"Sen Bana Yasak"},"content":{"rendered":"<p>Kime \u00e2\u015f\u0131k olaca\u011f\u0131n\u0131z\u0131 se\u00e7emezsiniz.Son s\u0131n\u0131ftayken Elec bizimle ya\u015famaya ba\u015flad\u0131\u011f\u0131nda, onun nas\u0131l bir pislik oldu\u011funa dair en ufak bir fikrim yoktu.\u0130stemedi\u011fi bir yerde olman\u0131n ac\u0131s\u0131n\u0131 benden \u00e7\u0131karmas\u0131ndan nefret ettim.Eve her g\u00fcn yan\u0131nda ba\u015fka bir k\u0131zla gelmesinden nefret ettim.\u00d6zellikle de onu g\u00f6r\u00fcnce bedenimin verdi\u011fi tepkilerden nefret ettim.Ba\u015flarda sadece mermerden yontulmu\u015f y\u00fcz\u00fc, d\u00f6vmeleri ve kasl\u0131 v\u00fccudundan ibaret oldu\u011funu d\u00fc\u015f\u00fcn\u00fcyordum. Sonra tam da onu tan\u0131maya ba\u015flad\u0131\u011f\u0131m\u0131 sand\u0131\u011f\u0131m s\u0131rada her \u015fey de\u011fi\u015fti.Hayat\u0131mdan geldi\u011fi h\u0131zla \u00e7\u0131k\u0131p gitti ve onu bir daha g\u00f6rmedim.Ta ki o trajediye kadar.H\u00e2l\u00e2 hat\u0131rlad\u0131\u011f\u0131m gibiydi ama \u00e7ok \u00f6nemli bir \u015fey de\u011fi\u015fmi\u015fti.Bu kez kalbim belki de tamir olmamak \u00fczere k\u0131r\u0131lacakt\u0131.<\/p>\n","protected":false},"excerpt":{"rendered":"<p>Kime \u00e2\u015f\u0131k olaca\u011f\u0131n\u0131z\u0131 se\u00e7emezsiniz.Son s\u0131n\u0131ftayken Elec bizimle ya\u015famaya ba\u015flad\u0131\u011f\u0131nda, onun nas\u0131l bir pislik oldu\u011funa dair en ufak bir fikrim yoktu.\u0130stemedi\u011fi bir yerde olman\u0131n ac\u0131s\u0131n\u0131 benden \u00e7\u0131karmas\u0131ndan<span class=\"excerpt-hellip\"> [\u2026]<\/span><\/p>\n","protected":false},"featured_media":0,"template":"","meta":{"_monsterinsights_skip_tracking":false,"_monsterinsights_sitenote_active":false,"_monsterinsights_sitenote_note":"","_monsterinsights_sitenote_category":0},"product_brand":[],"product_cat":[14643,12291],"product_tag":[],"class_list":{"0":"post-726029","1":"product","2":"type-product","3":"status-publish","5":"product_cat-ask","6":"product_cat-edebiyat","7":"pa_cilt-ciltsiz","8":"pa_tur-kitap","9":"pa_yayinevi-yabanci-yayinevi","10":"pa_yazar-penelope-ward","12":"first","13":"instock","14":"sale","15":"shipping-taxable","16":"purchasable","17":"product-type-simple"},"_links":{"self":[{"href":"https:\/\/roveyayinevi.com.tr\/index.php\/wp-json\/wp\/v2\/product\/726029","targetHints":{"allow":["GET"]}}],"collection":[{"href":"https:\/\/roveyayinevi.com.tr\/index.php\/wp-json\/wp\/v2\/product"}],"about":[{"href":"https:\/\/roveyayinevi.com.tr\/index.php\/wp-json\/wp\/v2\/types\/product"}],"wp:attachment":[{"href":"https:\/\/roveyayinevi.com.tr\/index.php\/wp-json\/wp\/v2\/media?parent=726029"}],"wp:term":[{"taxonomy":"product_brand","embeddable":true,"href":"https:\/\/roveyayinevi.com.tr\/index.php\/wp-json\/wp\/v2\/product_brand?post=726029"},{"taxonomy":"product_cat","embeddable":true,"href":"https:\/\/roveyayinevi.com.tr\/index.php\/wp-json\/wp\/v2\/product_cat?post=726029"},{"taxonomy":"product_tag","embeddable":true,"href":"https:\/\/roveyayinevi.com.tr\/index.php\/wp-json\/wp\/v2\/product_tag?post=726029"}],"curies":[{"name":"wp","href":"https:\/\/api.w.org\/{rel}","templated":true}]}}