{"id":726026,"date":"2025-08-27T19:59:31","date_gmt":"2025-08-27T16:59:31","guid":{"rendered":"https:\/\/roveyayinevi.com.tr\/index.php\/urun\/budala-5\/"},"modified":"2026-04-16T02:33:58","modified_gmt":"2026-04-15T23:33:58","slug":"budala-5","status":"publish","type":"product","link":"https:\/\/roveyayinevi.com.tr\/index.php\/urun\/budala-5\/","title":{"rendered":"Budala"},"content":{"rendered":"<p>\u201cBence Budala bir ba\u015fyap\u0131t, evet bir\u00e7ok ba\u015fyap\u0131t gibi kusurlu, yer yer yorucu ya da fazla heyecanl\u0131 ama yine de yo\u011fun bir \u015fekilde dramatik olan Karamazov Karde\u015fler ya da m\u00fcthi\u015f incelikli ve korkutucu Ecinniler kadar d\u00fcnya edebiyat\u0131n\u0131n \u00f6nemli bir par\u00e7as\u0131.\u201d \u2013A. S. ByattDostoyevski\u2019nin \u00f6nceki romanlar\u0131n\u0131n aksine, Rusya\u2019dan uzakta kaleme ald\u0131\u011f\u0131, ikinci e\u015fi ve yaz\u0131c\u0131s\u0131 Anna Grigoryevna\u2019n\u0131n toparlad\u0131\u011f\u0131 Budala, ilk olarak 1868-1869 y\u0131llar\u0131 aras\u0131nda Russkiy Vestnik gazetesinde tefrika halinde yay\u0131mland\u0131. Roman\u0131n yaz\u0131m\u0131 s\u0131ras\u0131nda k\u0131z\u0131n\u0131 kaybeden Dostoyevski, ayn\u0131 zamanda sara n\u00f6betleriyle de bo\u011fu\u015fuyordu.Budala\u2019da, Prens Mi\u015fkin, ona kalan miras\u0131n\u0131 almak i\u00e7in geri d\u00f6nd\u00fc\u011f\u00fc Rusya\u2019da iki kad\u0131n aras\u0131nda kal\u0131r. Bir yanda Nastasya. Di\u011fer tarafta Aglaya. Bu \u00fc\u00e7genin i\u00e7ine Nastasya\u2019ya delice \u00e2\u015f\u0131k olan, zengin bir t\u00fcccar\u0131n o\u011flu Rogojin ve yozla\u015fm\u0131\u015f, g\u00f6z\u00fcn\u00fc para h\u0131rs\u0131 b\u00fcr\u00fcm\u00fc\u015f bir adam olan Ganya da girecektir. Dostoyevski\u2019nin \u201ctamam\u0131yla g\u00fczel bir insan\u0131 anlatmak\u201d amac\u0131yla yazd\u0131\u011f\u0131n\u0131 s\u00f6yledi\u011fi, peygamberler gibi saf, iyi biri olan Prens Mi\u015fkin, \u00e7ok ge\u00e7meden kendini skandallar\u0131n, hatta cinayetin ba\u015f g\u00f6sterdi\u011fi bir d\u00fcnyada bulur.Dostoyevski\u2019nin paran\u0131n, iki y\u00fczl\u00fcl\u00fc\u011f\u00fcn h\u00e2kim oldu\u011fu bir hayatta, iyi, temiz kalman\u0131n ne demek oldu\u011funu ara\u015ft\u0131rd\u0131\u011f\u0131, bir\u00e7ok roman\u0131na g\u00f6re olay \u00f6rg\u00fcs\u00fcn\u00fcn daha da\u011f\u0131n\u0131k, tahmin edilemez ilerledi\u011fi Budala, bir\u00e7oklar\u0131nca yazar\u0131n en b\u00fcy\u00fck d\u00f6rt eserinden biri.<\/p>\n","protected":false},"excerpt":{"rendered":"<p>\u201cBence Budala bir ba\u015fyap\u0131t, evet bir\u00e7ok ba\u015fyap\u0131t gibi kusurlu, yer yer yorucu ya da fazla heyecanl\u0131 ama yine de yo\u011fun bir \u015fekilde dramatik olan Karamazov Karde\u015fler<span class=\"excerpt-hellip\"> [\u2026]<\/span><\/p>\n","protected":false},"featured_media":0,"template":"","meta":{"_monsterinsights_skip_tracking":false,"_monsterinsights_sitenote_active":false,"_monsterinsights_sitenote_note":"","_monsterinsights_sitenote_category":0},"product_brand":[],"product_cat":[13661,12291],"product_tag":[],"class_list":{"0":"post-726026","1":"product","2":"type-product","3":"status-publish","5":"product_cat-diger-ulke-edebiyatlari","6":"product_cat-edebiyat","7":"pa_cilt-ciltsiz","8":"pa_tur-kitap","9":"pa_yayinevi-ithaki-yayinlari","10":"pa_yazar-fyodor-mihaylovic-dostoyevski","12":"first","13":"instock","14":"sale","15":"shipping-taxable","16":"purchasable","17":"product-type-simple"},"_links":{"self":[{"href":"https:\/\/roveyayinevi.com.tr\/index.php\/wp-json\/wp\/v2\/product\/726026","targetHints":{"allow":["GET"]}}],"collection":[{"href":"https:\/\/roveyayinevi.com.tr\/index.php\/wp-json\/wp\/v2\/product"}],"about":[{"href":"https:\/\/roveyayinevi.com.tr\/index.php\/wp-json\/wp\/v2\/types\/product"}],"wp:attachment":[{"href":"https:\/\/roveyayinevi.com.tr\/index.php\/wp-json\/wp\/v2\/media?parent=726026"}],"wp:term":[{"taxonomy":"product_brand","embeddable":true,"href":"https:\/\/roveyayinevi.com.tr\/index.php\/wp-json\/wp\/v2\/product_brand?post=726026"},{"taxonomy":"product_cat","embeddable":true,"href":"https:\/\/roveyayinevi.com.tr\/index.php\/wp-json\/wp\/v2\/product_cat?post=726026"},{"taxonomy":"product_tag","embeddable":true,"href":"https:\/\/roveyayinevi.com.tr\/index.php\/wp-json\/wp\/v2\/product_tag?post=726026"}],"curies":[{"name":"wp","href":"https:\/\/api.w.org\/{rel}","templated":true}]}}