{"id":726023,"date":"2025-08-27T19:59:27","date_gmt":"2025-08-27T16:59:27","guid":{"rendered":"https:\/\/roveyayinevi.com.tr\/index.php\/urun\/malorie-bir-kafes-romani\/"},"modified":"2026-04-16T02:33:58","modified_gmt":"2026-04-15T23:33:58","slug":"malorie-bir-kafes-romani","status":"publish","type":"product","link":"https:\/\/roveyayinevi.com.tr\/index.php\/urun\/malorie-bir-kafes-romani\/","title":{"rendered":"Malorie: Bir Kafes Roman\u0131"},"content":{"rendered":"<p>GEV\u015eEMEG\u00d6ZBA\u011eINI \u00c7IKARMAVE SAKIN G\u00d6ZLER\u0130N\u0130 A\u00c7MAKafes\u2019in gerilim dolu devam kitab\u0131 Malorie\u2019de Josh Malerman, okurlar\u0131 g\u00f6zle g\u00f6r\u00fclemeyen deh\u015fetlerle burun burna getiriyor.Malorie\u2019nin iki \u00e7ocu\u011fuyla birlikte bir nehri a\u015farak g\u00fcvenli\u011fe kavu\u015fmas\u0131n\u0131n on iki sene sonras\u0131nda, ak\u0131l sa\u011fl\u0131\u011f\u0131yla delili\u011fi ay\u0131ran tek \u015fey h\u00e2l\u00e2 bir g\u00f6zba\u011f\u0131yd\u0131. D\u00fcnyay\u0131 ele ge\u00e7irmi\u015f olan yarat\u0131klara at\u0131lan tek bir bak\u0131\u015f, insanlar\u0131n ak\u0131llar\u0131n\u0131 yitirip kendilerine ve etraflar\u0131ndakilere zarar vermelerine neden oluyordu.Bu yarat\u0131klara ne bir a\u00e7\u0131klama getirilmi\u015fti bug\u00fcne dek ne de bir \u00e7\u00f6z\u00fcm bulunmu\u015ftu.Malorie\u2019nin elinden gelen tek \u015feyse hayatta kalmakt\u0131. Ve \u00e7ocuklar\u0131n\u0131n da hayatta kalmas\u0131n\u0131 sa\u011flamak. Derken Malorie ona imk\u00e2ns\u0131z gibi g\u00f6r\u00fcnen bir haber alacakt\u0131. Bu haberle birlikte, \u00e7ok ama \u00e7ok uzun zamand\u0131r ilk kez umudun tad\u0131na bakacakt\u0131.Can\u0131ndan \u00e7ok sevdi\u011fi, onun i\u00e7in \u00e7ok \u015fey ifade eden ve bug\u00fcne dek \u00f6ld\u00fc\u011f\u00fcn\u00fc sand\u0131\u011f\u0131 birileri hayattayd\u0131. Ve onlara ula\u015fabilmesi i\u00e7in Malorie\u2019nin o g\u00fcne dek \u00e7\u0131kt\u0131\u011f\u0131 en tehlikeli yolculu\u011fu yapmas\u0131 gerekecekti. Hayata dair her \u015feyi kitaplardan \u00f6\u011frenmi\u015f olan Olympia ve ya\u015fad\u0131klar\u0131 hayat\u0131n kolayla\u015ft\u0131r\u0131labilece\u011fine inanan mucit Tom\u2019la beraber bir kez daha yarat\u0131klar\u0131n ve eski d\u00fcnyan\u0131n delili\u011fine sahip insanlar\u0131n aras\u0131na ad\u0131m atacakt\u0131.Ve Malorie\u2019nin ac\u0131 bir \u015fekilde \u00f6\u011frendi\u011fi gibi, bazen insanlar yarat\u0131klardan bile daha korkutucu olabilirlerdi.<\/p>\n","protected":false},"excerpt":{"rendered":"<p>GEV\u015eEMEG\u00d6ZBA\u011eINI \u00c7IKARMAVE SAKIN G\u00d6ZLER\u0130N\u0130 A\u00c7MAKafes\u2019in gerilim dolu devam kitab\u0131 Malorie\u2019de Josh Malerman, okurlar\u0131 g\u00f6zle g\u00f6r\u00fclemeyen deh\u015fetlerle burun burna getiriyor.Malorie\u2019nin iki \u00e7ocu\u011fuyla birlikte bir nehri a\u015farak g\u00fcvenli\u011fe<span class=\"excerpt-hellip\"> [\u2026]<\/span><\/p>\n","protected":false},"featured_media":0,"template":"","meta":{"_monsterinsights_skip_tracking":false,"_monsterinsights_sitenote_active":false,"_monsterinsights_sitenote_note":"","_monsterinsights_sitenote_category":0},"product_brand":[],"product_cat":[12291,17033],"product_tag":[],"class_list":{"0":"post-726023","1":"product","2":"type-product","3":"status-publish","5":"product_cat-edebiyat","6":"product_cat-korku-gerilim","7":"pa_cilt-ciltsiz","8":"pa_tur-kitap","9":"pa_yayinevi-ithaki-yayinlari","10":"pa_yazar-josh-malerman","12":"first","13":"instock","14":"sale","15":"shipping-taxable","16":"purchasable","17":"product-type-simple"},"_links":{"self":[{"href":"https:\/\/roveyayinevi.com.tr\/index.php\/wp-json\/wp\/v2\/product\/726023","targetHints":{"allow":["GET"]}}],"collection":[{"href":"https:\/\/roveyayinevi.com.tr\/index.php\/wp-json\/wp\/v2\/product"}],"about":[{"href":"https:\/\/roveyayinevi.com.tr\/index.php\/wp-json\/wp\/v2\/types\/product"}],"wp:attachment":[{"href":"https:\/\/roveyayinevi.com.tr\/index.php\/wp-json\/wp\/v2\/media?parent=726023"}],"wp:term":[{"taxonomy":"product_brand","embeddable":true,"href":"https:\/\/roveyayinevi.com.tr\/index.php\/wp-json\/wp\/v2\/product_brand?post=726023"},{"taxonomy":"product_cat","embeddable":true,"href":"https:\/\/roveyayinevi.com.tr\/index.php\/wp-json\/wp\/v2\/product_cat?post=726023"},{"taxonomy":"product_tag","embeddable":true,"href":"https:\/\/roveyayinevi.com.tr\/index.php\/wp-json\/wp\/v2\/product_tag?post=726023"}],"curies":[{"name":"wp","href":"https:\/\/api.w.org\/{rel}","templated":true}]}}