{"id":726016,"date":"2025-08-27T19:59:20","date_gmt":"2025-08-27T16:59:20","guid":{"rendered":"https:\/\/roveyayinevi.com.tr\/index.php\/urun\/kismet-degilmis\/"},"modified":"2026-04-16T02:33:58","modified_gmt":"2026-04-15T23:33:58","slug":"kismet-degilmis","status":"publish","type":"product","link":"https:\/\/roveyayinevi.com.tr\/index.php\/urun\/kismet-degilmis\/","title":{"rendered":"K\u0131smet De\u011filmi\u015f"},"content":{"rendered":"<p>A\u015fk destan\u0131 sand\u0131\u011f\u0131 bir yalan\u0131n kar\u015f\u0131s\u0131nda dimdik durarak kendi destan\u0131n\u0131 yazan bir kad\u0131n\u0131n hik\u00e2yesi&#8230;Ne kadar zordu olup bitenler&#8230; A\u015fk\u0131n cennet bah\u00e7elerinde dola\u015f\u0131rken, bir anda k\u0131yametimin s\u00fbrunu \u00fcfledi&#8230; Kanatlar\u0131m\u0131 k\u0131r\u0131p beni rahatl\u0131kla cehenneme at\u0131\u015f\u0131n\u0131, bir yalan\u0131n nas\u0131l ac\u0131lara yol a\u00e7t\u0131\u011f\u0131n\u0131 anlataca\u011f\u0131m size&#8230; T\u00fcm kad\u0131nlara!Heba olmu\u015f onca emek, a\u015fk u\u011fruna sava\u015f vermek ve bu yolda tek ba\u015f\u0131na y\u00fcr\u00fcyebilmek&#8230; Y\u00fcre\u011fim yansa da s\u00f6z verdim; s\u00f6z\u00fcm\u00fc \u00e7i\u00e7eklerle m\u00fch\u00fcrledim topra\u011fa. Bir bidon benzin de ben d\u00f6kt\u00fcm i\u00e7imdeki yang\u0131na! Yand\u0131k\u00e7a daha da g\u00fc\u00e7l\u00fc \u00e7\u0131kaca\u011f\u0131m yar\u0131nlara! Yana yana k\u00fcl olup ayr\u0131l\u0131k bi\u00e7ilen t\u00fcm a\u015fk tarlalar\u0131na savrulacak ve her ayr\u0131l\u0131k hik\u00e2yesinde bir efsane olarak hat\u0131rlanaca\u011f\u0131m.\u0130\u015fte bu benim zaferim! \u0130\u015fte bu benim destan\u0131m! Kendi ayaklar\u0131m\u0131n \u00fczerinde dimdik duru\u015fumun, hem bug\u00fcn\u00fcm\u00fcn hem de ge\u00e7mi\u015fimin kan\u0131t\u0131\u2026Hayat\u0131n\u0131n a\u015fk\u0131 taraf\u0131ndan kand\u0131r\u0131ld\u0131\u011f\u0131n\u0131 \u00f6\u011frenen bir kad\u0131n\u0131n t\u00fcm d\u00fcnyas\u0131 yerle bir olur. Ancak \u00e7ok ge\u00e7meden y\u00fcre\u011findeki ac\u0131y\u0131 duymazl\u0131ktan gelerek kendi ayaklar\u0131n\u0131n \u00fczerinde dimdik duracak ve kendi destan\u0131n\u0131 yazacakt\u0131r.<\/p>\n","protected":false},"excerpt":{"rendered":"<p>A\u015fk destan\u0131 sand\u0131\u011f\u0131 bir yalan\u0131n kar\u015f\u0131s\u0131nda dimdik durarak kendi destan\u0131n\u0131 yazan bir kad\u0131n\u0131n hik\u00e2yesi&#8230;Ne kadar zordu olup bitenler&#8230; A\u015fk\u0131n cennet bah\u00e7elerinde dola\u015f\u0131rken, bir anda k\u0131yametimin s\u00fbrunu<span class=\"excerpt-hellip\"> [\u2026]<\/span><\/p>\n","protected":false},"featured_media":0,"template":"","meta":{"_monsterinsights_skip_tracking":false,"_monsterinsights_sitenote_active":false,"_monsterinsights_sitenote_note":"","_monsterinsights_sitenote_category":0},"product_brand":[],"product_cat":[12291,12711],"product_tag":[],"class_list":{"0":"post-726016","1":"product","2":"type-product","3":"status-publish","5":"product_cat-edebiyat","6":"product_cat-roman-oyku","7":"pa_cilt-ciltsiz","8":"pa_tur-kitap","9":"pa_yayinevi-indigo-kitap","10":"pa_yazar-tuba-ezici","12":"first","13":"instock","14":"sale","15":"shipping-taxable","16":"purchasable","17":"product-type-simple"},"_links":{"self":[{"href":"https:\/\/roveyayinevi.com.tr\/index.php\/wp-json\/wp\/v2\/product\/726016","targetHints":{"allow":["GET"]}}],"collection":[{"href":"https:\/\/roveyayinevi.com.tr\/index.php\/wp-json\/wp\/v2\/product"}],"about":[{"href":"https:\/\/roveyayinevi.com.tr\/index.php\/wp-json\/wp\/v2\/types\/product"}],"wp:attachment":[{"href":"https:\/\/roveyayinevi.com.tr\/index.php\/wp-json\/wp\/v2\/media?parent=726016"}],"wp:term":[{"taxonomy":"product_brand","embeddable":true,"href":"https:\/\/roveyayinevi.com.tr\/index.php\/wp-json\/wp\/v2\/product_brand?post=726016"},{"taxonomy":"product_cat","embeddable":true,"href":"https:\/\/roveyayinevi.com.tr\/index.php\/wp-json\/wp\/v2\/product_cat?post=726016"},{"taxonomy":"product_tag","embeddable":true,"href":"https:\/\/roveyayinevi.com.tr\/index.php\/wp-json\/wp\/v2\/product_tag?post=726016"}],"curies":[{"name":"wp","href":"https:\/\/api.w.org\/{rel}","templated":true}]}}