{"id":726007,"date":"2025-08-27T19:59:11","date_gmt":"2025-08-27T16:59:11","guid":{"rendered":"https:\/\/roveyayinevi.com.tr\/index.php\/urun\/mini-bilim-6-evren\/"},"modified":"2026-04-16T02:33:57","modified_gmt":"2026-04-15T23:33:57","slug":"mini-bilim-6-evren","status":"publish","type":"product","link":"https:\/\/roveyayinevi.com.tr\/index.php\/urun\/mini-bilim-6-evren\/","title":{"rendered":"Mini Bilim 6 &#8211; Evren"},"content":{"rendered":"<p>Astrofizik\u00e7i bir baban\u0131n \u00e7ocuklar\u0131yla gittikleri kampta, y\u0131ld\u0131zl\u0131 bir gecede,evrenimiz \u00fczerine yapt\u0131\u011f\u0131 zihin a\u00e7\u0131c\u0131 sohbete kulak vermek ister misiniz?D\u00fcnya\u2019n\u0131n adresini biliyor musunuz?Samanyolu nedir?Evren ka\u00e7 ya\u015f\u0131nda?Evren ne kadar b\u00fcy\u00fck?S\u00fcper bir teleskopla Evrenin t\u00fcm galaksilerini g\u00f6rebilir miyiz?Y\u0131ld\u0131zlar neden yap\u0131lm\u0131\u015ft\u0131r?Karanl\u0131k Madde nedir?Hepimiz y\u0131ld\u0131z tozu muyuz?Zaman ve uzayda yolculuk edebilir miyiz?<\/p>\n","protected":false},"excerpt":{"rendered":"<p>Astrofizik\u00e7i bir baban\u0131n \u00e7ocuklar\u0131yla gittikleri kampta, y\u0131ld\u0131zl\u0131 bir gecede,evrenimiz \u00fczerine yapt\u0131\u011f\u0131 zihin a\u00e7\u0131c\u0131 sohbete kulak vermek ister misiniz?D\u00fcnya\u2019n\u0131n adresini biliyor musunuz?Samanyolu nedir?Evren ka\u00e7 ya\u015f\u0131nda?Evren ne kadar<span class=\"excerpt-hellip\"> [\u2026]<\/span><\/p>\n","protected":false},"featured_media":0,"template":"","meta":{"_monsterinsights_skip_tracking":false,"_monsterinsights_sitenote_active":false,"_monsterinsights_sitenote_note":"","_monsterinsights_sitenote_category":0},"product_brand":[],"product_cat":[13829,12274],"product_tag":[],"class_list":{"0":"post-726007","1":"product","2":"type-product","3":"status-publish","5":"product_cat-bilimsel-kitaplar","6":"product_cat-cocuk-ve-genclik-kitaplari","7":"pa_cilt-ciltsiz","8":"pa_tur-kitap","9":"pa_yayinevi-aylak-adam-kultur-sanat-yayincilik","10":"pa_yazar-jean-philippe-uzan","12":"first","13":"instock","14":"sale","15":"shipping-taxable","16":"purchasable","17":"product-type-simple"},"_links":{"self":[{"href":"https:\/\/roveyayinevi.com.tr\/index.php\/wp-json\/wp\/v2\/product\/726007","targetHints":{"allow":["GET"]}}],"collection":[{"href":"https:\/\/roveyayinevi.com.tr\/index.php\/wp-json\/wp\/v2\/product"}],"about":[{"href":"https:\/\/roveyayinevi.com.tr\/index.php\/wp-json\/wp\/v2\/types\/product"}],"wp:attachment":[{"href":"https:\/\/roveyayinevi.com.tr\/index.php\/wp-json\/wp\/v2\/media?parent=726007"}],"wp:term":[{"taxonomy":"product_brand","embeddable":true,"href":"https:\/\/roveyayinevi.com.tr\/index.php\/wp-json\/wp\/v2\/product_brand?post=726007"},{"taxonomy":"product_cat","embeddable":true,"href":"https:\/\/roveyayinevi.com.tr\/index.php\/wp-json\/wp\/v2\/product_cat?post=726007"},{"taxonomy":"product_tag","embeddable":true,"href":"https:\/\/roveyayinevi.com.tr\/index.php\/wp-json\/wp\/v2\/product_tag?post=726007"}],"curies":[{"name":"wp","href":"https:\/\/api.w.org\/{rel}","templated":true}]}}