{"id":726006,"date":"2025-08-27T19:59:10","date_gmt":"2025-08-27T16:59:10","guid":{"rendered":"https:\/\/roveyayinevi.com.tr\/index.php\/urun\/iciyorsak-sebebi-var\/"},"modified":"2026-04-16T02:33:57","modified_gmt":"2026-04-15T23:33:57","slug":"iciyorsak-sebebi-var","status":"publish","type":"product","link":"https:\/\/roveyayinevi.com.tr\/index.php\/urun\/iciyorsak-sebebi-var\/","title":{"rendered":"\u0130\u00e7iyorsak Sebebi Var"},"content":{"rendered":"<p>Derdin hep yan\u0131nda ise \u015f\u00fckret!Derdin derman oldu\u011fu gibi ayn\u0131 zamanda dosttur sana&#8230;Ve hep ac\u0131lar s\u00f6yler.Gecenin en demli an\u0131nda gelir, \u00e7ay\u0131ma ortak olur. Ve sorar:\u2022 Nedendir gece gece bu kadar \u00e7ay?\u00c7ay\u0131mdan bir yudum al\u0131p masaya b\u0131rakmamdan al\u0131r cavab\u0131n\u0131:\u2022 \u0130\u00e7iyorsak sebebi var dost&#8230;Eminim kitab\u0131 okuyan her gen\u00e7 \u201cBenim de bir derdim var ve i\u00e7iyorsam sebebi var\u201d diyecek. O dert ki, bir davan\u0131n kimli\u011fi ve edebi hayat\u0131n anahtar\u0131&#8230;Sat\u0131r aralar\u0131nda ilerledik\u00e7e iman g\u00f6zl\u00fc\u011f\u00fcn\u00fc tak\u0131p k\u00e2inat\u0131 seyretmenin huzuruna varacaks\u0131n\u0131z&#8230;Ve Kur\u2019\u00e2n eczanesinden bu asr\u0131n manevi hastal\u0131klar\u0131na \u015fifalar sunan K\u0131rm\u0131z\u0131 Kitaplar\u2019a a\u015fk\u0131n\u0131z\u0131 tazeleyeceksiniz.<\/p>\n","protected":false},"excerpt":{"rendered":"<p>Derdin hep yan\u0131nda ise \u015f\u00fckret!Derdin derman oldu\u011fu gibi ayn\u0131 zamanda dosttur sana&#8230;Ve hep ac\u0131lar s\u00f6yler.Gecenin en demli an\u0131nda gelir, \u00e7ay\u0131ma ortak olur. Ve sorar:\u2022 Nedendir gece<span class=\"excerpt-hellip\"> [\u2026]<\/span><\/p>\n","protected":false},"featured_media":0,"template":"","meta":{"_monsterinsights_skip_tracking":false,"_monsterinsights_sitenote_active":false,"_monsterinsights_sitenote_note":"","_monsterinsights_sitenote_category":0},"product_brand":[],"product_cat":[12291,12711],"product_tag":[],"class_list":{"0":"post-726006","1":"product","2":"type-product","3":"status-publish","5":"product_cat-edebiyat","6":"product_cat-roman-oyku","7":"pa_cilt-ciltsiz","8":"pa_tur-kitap","9":"pa_yayinevi-yediveren-yayinlari","10":"pa_yazar-harun-serkan-aktas","12":"first","13":"instock","14":"sale","15":"shipping-taxable","16":"purchasable","17":"product-type-simple"},"_links":{"self":[{"href":"https:\/\/roveyayinevi.com.tr\/index.php\/wp-json\/wp\/v2\/product\/726006","targetHints":{"allow":["GET"]}}],"collection":[{"href":"https:\/\/roveyayinevi.com.tr\/index.php\/wp-json\/wp\/v2\/product"}],"about":[{"href":"https:\/\/roveyayinevi.com.tr\/index.php\/wp-json\/wp\/v2\/types\/product"}],"wp:attachment":[{"href":"https:\/\/roveyayinevi.com.tr\/index.php\/wp-json\/wp\/v2\/media?parent=726006"}],"wp:term":[{"taxonomy":"product_brand","embeddable":true,"href":"https:\/\/roveyayinevi.com.tr\/index.php\/wp-json\/wp\/v2\/product_brand?post=726006"},{"taxonomy":"product_cat","embeddable":true,"href":"https:\/\/roveyayinevi.com.tr\/index.php\/wp-json\/wp\/v2\/product_cat?post=726006"},{"taxonomy":"product_tag","embeddable":true,"href":"https:\/\/roveyayinevi.com.tr\/index.php\/wp-json\/wp\/v2\/product_tag?post=726006"}],"curies":[{"name":"wp","href":"https:\/\/api.w.org\/{rel}","templated":true}]}}