{"id":726001,"date":"2025-08-27T19:59:06","date_gmt":"2025-08-27T16:59:06","guid":{"rendered":"https:\/\/roveyayinevi.com.tr\/index.php\/urun\/40-yil-12-eylul\/"},"modified":"2026-04-16T02:33:42","modified_gmt":"2026-04-15T23:33:42","slug":"40-yil-12-eylul","status":"publish","type":"product","link":"https:\/\/roveyayinevi.com.tr\/index.php\/urun\/40-yil-12-eylul\/","title":{"rendered":"40 Y\u0131l 12 Eyl\u00fcl"},"content":{"rendered":"<p>\u201cDaha beterini tarif etmek i\u00e7in sarf edilen s\u00f6zler:\u201812 Eyl\u00fcl\u2019den daha a\u011f\u0131r,\u2019\u201812 Eyl\u00fcl\u2019de bile bu kadar\u0131n\u0131 yapmad\u0131lar,\u2019 \u201812 Eyl\u00fcl hukukunu arar olduk,\u2019 oluyor.Ba\u015fl\u0131 ba\u015f\u0131na, 12 Eyl\u00fcl\u2019\u00fcn bir \u2018\u00e7\u0131ta\u2019 koydu\u011funu g\u00f6steren, onun milad\u00ee niteli\u011fini fark ettiren kal\u0131plar&#8230;12 Eyl\u00fcl, beteriyle katlansa da, o beterin kap\u0131s\u0131n\u0131 a\u00e7m\u0131\u015ft\u0131r, bir d\u00f6n\u00fcmnoktas\u0131d\u0131r, o bak\u0131mdan milad\u00eedir.\u201d***Sunu\u015f\u2019tan12 Eyl\u00fcl asker\u00ee darbesinin \u00fczerinden 40 y\u0131l ge\u00e7ti. Ya\u015famak, hat\u0131rlamak bir yana,12 Eyl\u00fcl\u2019\u00fc sadece \u015f\u00f6yle bir i\u015fitmi\u015f ku\u015faklar yeti\u015fti. T\u00fcrkiye\u2019nin yak\u0131n tarihinin \u00f6nemli hadiseleri aras\u0131ndan bir hadise, asker\u00ee darbeler aras\u0131ndan bir darbe diye, ancak solgun bir \u201cbilgi\u201d olarak i\u015fitmi\u015f ku\u015faklar. Veya onu bile i\u015fitmemi\u015f olanlar.Oysa 12 Eyl\u00fcl kal\u0131c\u0131 ve kal\u0131n bir tortu b\u0131rakt\u0131. Bir bak\u0131ma geni\u015fleyerek devam etti, ediyor. Onun i\u00e7in, unutulmamal\u0131.12 Eyl\u00fcl\u2019\u00fc unutmayanlar, onu neden (ve nas\u0131l) unutmad\u0131klar\u0131n\u0131 anlat\u0131yorlar bu kitaptaki yaz\u0131larda. Onu neden, nas\u0131l bir milat olarak d\u00fc\u015f\u00fcnd\u00fcklerini, hissettiklerini \u2013ayr\u0131ca tersine, 12 Eyl\u00fcl\u2019\u00fc milad\u00ee bir travma olarak ya\u015faman\u0131n g\u00f6zden ka\u00e7\u0131rtt\u0131klar\u0131n\u0131\u2026 Tolga Arvas, Kumru Ba\u015fer, Murat Belge,Gaye Boral\u0131o\u011flu, Fethiye \u00c7etin,Ercan Kesal, G\u00fcltan K\u0131\u015fanak, \u00dcmit K\u0131van\u00e7,\u00d6mer La\u00e7iner, G\u00f6ze Orhon, Merih Cemal Taymaz, Nilg\u00fcn Toker\u2019in yaz\u0131lar\u0131yla.<\/p>\n","protected":false},"excerpt":{"rendered":"<p>\u201cDaha beterini tarif etmek i\u00e7in sarf edilen s\u00f6zler:\u201812 Eyl\u00fcl\u2019den daha a\u011f\u0131r,\u2019\u201812 Eyl\u00fcl\u2019de bile bu kadar\u0131n\u0131 yapmad\u0131lar,\u2019 \u201812 Eyl\u00fcl hukukunu arar olduk,\u2019 oluyor.Ba\u015fl\u0131 ba\u015f\u0131na, 12 Eyl\u00fcl\u2019\u00fcn bir<span class=\"excerpt-hellip\"> [\u2026]<\/span><\/p>\n","protected":false},"featured_media":0,"template":"","meta":{"_monsterinsights_skip_tracking":false,"_monsterinsights_sitenote_active":false,"_monsterinsights_sitenote_note":"","_monsterinsights_sitenote_category":0},"product_brand":[],"product_cat":[13059,12337],"product_tag":[],"class_list":{"0":"post-726001","1":"product","2":"type-product","3":"status-publish","5":"product_cat-diger-politika-siyaset","6":"product_cat-politika-siyaset","7":"pa_cilt-ciltsiz","8":"pa_tur-kitap","9":"pa_yayinevi-iletisim-yayinlari","10":"pa_yazar-tanil-bora","12":"first","13":"instock","14":"sale","15":"shipping-taxable","16":"purchasable","17":"product-type-simple"},"_links":{"self":[{"href":"https:\/\/roveyayinevi.com.tr\/index.php\/wp-json\/wp\/v2\/product\/726001","targetHints":{"allow":["GET"]}}],"collection":[{"href":"https:\/\/roveyayinevi.com.tr\/index.php\/wp-json\/wp\/v2\/product"}],"about":[{"href":"https:\/\/roveyayinevi.com.tr\/index.php\/wp-json\/wp\/v2\/types\/product"}],"wp:attachment":[{"href":"https:\/\/roveyayinevi.com.tr\/index.php\/wp-json\/wp\/v2\/media?parent=726001"}],"wp:term":[{"taxonomy":"product_brand","embeddable":true,"href":"https:\/\/roveyayinevi.com.tr\/index.php\/wp-json\/wp\/v2\/product_brand?post=726001"},{"taxonomy":"product_cat","embeddable":true,"href":"https:\/\/roveyayinevi.com.tr\/index.php\/wp-json\/wp\/v2\/product_cat?post=726001"},{"taxonomy":"product_tag","embeddable":true,"href":"https:\/\/roveyayinevi.com.tr\/index.php\/wp-json\/wp\/v2\/product_tag?post=726001"}],"curies":[{"name":"wp","href":"https:\/\/api.w.org\/{rel}","templated":true}]}}