{"id":725989,"date":"2025-08-27T19:58:56","date_gmt":"2025-08-27T16:58:56","guid":{"rendered":"https:\/\/roveyayinevi.com.tr\/index.php\/urun\/finansal-etkinlik-cercevesinde-uygulamali-calismalar\/"},"modified":"2026-04-16T02:33:42","modified_gmt":"2026-04-15T23:33:42","slug":"finansal-etkinlik-cercevesinde-uygulamali-calismalar","status":"publish","type":"product","link":"https:\/\/roveyayinevi.com.tr\/index.php\/urun\/finansal-etkinlik-cercevesinde-uygulamali-calismalar\/","title":{"rendered":"Finansal Etkinlik \u00c7er\u00e7evesinde Uygulamal\u0131  \u00c7al\u0131\u015fmalar"},"content":{"rendered":"<p>1. Firma Performans\u0131n\u0131n \u00c7ok Kriterli Karar Verme Y\u00f6ntemi ile Stratejik Analizi: Havac\u0131l\u0131k Sekt\u00f6r\u00fcnde Bir Uygulama2. Finansal Okuryazarl\u0131k D\u00fczeyinin Belirlenmesi ve \u00dcniversite \u00d6\u011frencilerinin Tutumlar\u0131n De\u011ferlendirilmesi: \u0130n\u00f6n\u00fc \u00dcniversitesi \u00d6\u011frencileri \u00dczerine Bir \u00c7al\u0131\u015fma3. Finansal Okuryazarl\u0131k Oran\u0131n\u0131n \u00d6l\u00e7\u00fclmesi: Tokat Gaziosmanpa\u015fa \u00dcniversitesinde Bir Uygulama4. Nakit Ak\u0131\u015f Tablosu ve Analizleri: B\u0130ST\u2019te bir Uygulama5. Finansal Performans \u00d6l\u00e7\u00fcm\u00fcnde Aras ve Moora Y\u00f6ntemlerinin Kar\u015f\u0131la\u015ft\u0131r\u0131lmas\u01316. Havayolu \u0130\u015fletmelerinin Verimlili\u011fi, Kar\u015f\u0131l\u0131\u011f\u0131 ve Hisse Senedi Fiyatlar\u0131 Aras\u0131ndaki \u0130li\u015fki: Panel Nedensellik Analiz \u00d6rne\u011fi 7. T\u00fcrkiye, Malezya ve Birle\u015fik Arap Emirlikleri\u2019ndeki \u0130slami Bankalar\u0131n Finansal Etkinli\u011fi \u00dczerine Bir Ara\u015ft\u0131rma8. Sermaye Yap\u0131s\u0131n\u0131n Finansal Performans \u00dczerine Etkisi: B\u0130ST Elektrik Endeksine Y\u00f6nelik Bir Ara\u015ft\u0131rma9. Finansal Piyasalarda S\u00fcr\u00fc Davran\u0131\u015f\u0131 E\u011filimi: B\u0130ST 30 Endeksinde Bir Uygulama<\/p>\n","protected":false},"excerpt":{"rendered":"<p>1. Firma Performans\u0131n\u0131n \u00c7ok Kriterli Karar Verme Y\u00f6ntemi ile Stratejik Analizi: Havac\u0131l\u0131k Sekt\u00f6r\u00fcnde Bir Uygulama2. Finansal Okuryazarl\u0131k D\u00fczeyinin Belirlenmesi ve \u00dcniversite \u00d6\u011frencilerinin Tutumlar\u0131n De\u011ferlendirilmesi: \u0130n\u00f6n\u00fc \u00dcniversitesi<span class=\"excerpt-hellip\"> [\u2026]<\/span><\/p>\n","protected":false},"featured_media":0,"template":"","meta":{"_monsterinsights_skip_tracking":false,"_monsterinsights_sitenote_active":false,"_monsterinsights_sitenote_note":"","_monsterinsights_sitenote_category":0},"product_brand":[],"product_cat":[17249,13043],"product_tag":[],"class_list":{"0":"post-725989","1":"product","2":"type-product","3":"status-publish","5":"product_cat-borsa-finans","6":"product_cat-ekonomi","7":"pa_cilt-ciltsiz","8":"pa_tur-kitap","9":"pa_yayinevi-gazi-kitabevi","10":"pa_yazar-gazi-kolektif","12":"first","13":"instock","14":"sale","15":"shipping-taxable","16":"purchasable","17":"product-type-simple"},"_links":{"self":[{"href":"https:\/\/roveyayinevi.com.tr\/index.php\/wp-json\/wp\/v2\/product\/725989","targetHints":{"allow":["GET"]}}],"collection":[{"href":"https:\/\/roveyayinevi.com.tr\/index.php\/wp-json\/wp\/v2\/product"}],"about":[{"href":"https:\/\/roveyayinevi.com.tr\/index.php\/wp-json\/wp\/v2\/types\/product"}],"wp:attachment":[{"href":"https:\/\/roveyayinevi.com.tr\/index.php\/wp-json\/wp\/v2\/media?parent=725989"}],"wp:term":[{"taxonomy":"product_brand","embeddable":true,"href":"https:\/\/roveyayinevi.com.tr\/index.php\/wp-json\/wp\/v2\/product_brand?post=725989"},{"taxonomy":"product_cat","embeddable":true,"href":"https:\/\/roveyayinevi.com.tr\/index.php\/wp-json\/wp\/v2\/product_cat?post=725989"},{"taxonomy":"product_tag","embeddable":true,"href":"https:\/\/roveyayinevi.com.tr\/index.php\/wp-json\/wp\/v2\/product_tag?post=725989"}],"curies":[{"name":"wp","href":"https:\/\/api.w.org\/{rel}","templated":true}]}}