{"id":725983,"date":"2025-08-27T19:58:51","date_gmt":"2025-08-27T16:58:51","guid":{"rendered":"https:\/\/roveyayinevi.com.tr\/index.php\/urun\/oyuncu-ebeveynlik\/"},"modified":"2026-04-16T02:33:41","modified_gmt":"2026-04-15T23:33:41","slug":"oyuncu-ebeveynlik","status":"publish","type":"product","link":"https:\/\/roveyayinevi.com.tr\/index.php\/urun\/oyuncu-ebeveynlik\/","title":{"rendered":"Oyuncu Ebeveynlik"},"content":{"rendered":"<p>\u00c7ocuklar oyun oynarken ger\u00e7ekte neler ya\u015fand\u0131\u011f\u0131n\u0131 hi\u00e7 g\u00f6zlemlediniz mi?Oyun, \u00e7ocuklar\u0131n d\u00fcnyay\u0131 ke\u015ffetme yoludur; derin duygular\u0131 ifade etme, sevdikleri ki\u015filerle yak\u0131nla\u015fma y\u00f6ntemidir; stresli durumlar\u0131 i\u015fleme, bazen de yaln\u0131zca i\u00e7lerinde birikenleri bo\u015faltma arac\u0131d\u0131r. Oyun sayesinde \u00e7ocuklarla kendi d\u00fcnyalar\u0131nda ba\u011flant\u0131 kurar\u0131z\u2014b\u00f6ylece onlara, karma\u015f\u0131k duygular\u0131 anlay\u0131p ifade edebilmek; utanga\u00e7l\u0131ktan, korkulardan ve kayg\u0131lardan s\u0131yr\u0131lmak; kendilerini g\u00fc\u00e7lendirmek ve farkl\u0131l\u0131klara sayg\u0131 duymak; \u00e7eki\u015fmeleri oyun oynayarak a\u015fmak ve g\u00fc\u00e7 sava\u015flar\u0131na girmeden i\u015fbirli\u011fine y\u00f6nelmek konular\u0131nda daha etkili yard\u0131mlarda bulunuruz.Oyuncu Ebeveynlik, bebeklikten ergenlik sonlar\u0131na uzanan s\u00fcre\u00e7te, g\u00fc\u00e7l\u00fc ve \u00f6zg\u00fcvenli \u00e7ocuklar yeti\u015ftirmeye y\u00f6nelik kapsaml\u0131 bir rehber niteli\u011fi ta\u015f\u0131yor. Ama \u00e7ocuklara bir umut ve co\u015fku kayna\u011f\u0131 olmay\u0131 s\u00fcrd\u00fcrebilmek i\u00e7in kendimize nas\u0131l \u00f6zen g\u00f6sterebilece\u011fimize, kendi kaynaklar\u0131m\u0131z\u0131 nas\u0131l yenileyece\u011fimize de de\u011finiyor. Sevgiyle ve ince bir espri anlay\u0131\u015f\u0131yla yaz\u0131lm\u0131\u015f, g\u00fcncel ara\u015ft\u0131rmalara dayanan ve pek \u00e7ok ger\u00e7ek ya\u015fam \u00f6rne\u011fi sunan bu kitap bir yandan g\u00fcld\u00fcrecek, bir yandan da yeni hareket \u015fekilleri ve fikirler \u00fcretmenizi sa\u011flayarak daha da co\u015fkulu ve eri\u015filebilir ebeveynler olman\u0131za yard\u0131m edecektir.\u201c\u00c7ok etkileyici ve bilgece&#8230; Oyunun her \u015feyi ne kadar de\u011fi\u015ftirebilece\u011fini g\u00f6steriyor&#8230; Bu sayfalardan ebeveynler i\u00e7in bolca umut f\u0131\u015fk\u0131r\u0131yor.\u201d\u2014Patricia Wipfler, Ebeveyn Liderlik Enstit\u00fcs\u00fc Direkt\u00f6r\u00fc\u201cEbeveynlik dedi\u011fimiz bu \u00e7ok ciddi i\u015fin ayn\u0131 zamanda e\u011flenceli de olabilece\u011fine dair\u2014memnuniyetle kucaklad\u0131\u011f\u0131m\u0131z\u2014bir hat\u0131rlatma.\u201d\u2014Seattle Post-Intelligencer<\/p>\n","protected":false},"excerpt":{"rendered":"<p>\u00c7ocuklar oyun oynarken ger\u00e7ekte neler ya\u015fand\u0131\u011f\u0131n\u0131 hi\u00e7 g\u00f6zlemlediniz mi?Oyun, \u00e7ocuklar\u0131n d\u00fcnyay\u0131 ke\u015ffetme yoludur; derin duygular\u0131 ifade etme, sevdikleri ki\u015filerle yak\u0131nla\u015fma y\u00f6ntemidir; stresli durumlar\u0131 i\u015fleme, bazen de<span class=\"excerpt-hellip\"> [\u2026]<\/span><\/p>\n","protected":false},"featured_media":0,"template":"","meta":{"_monsterinsights_skip_tracking":false,"_monsterinsights_sitenote_active":false,"_monsterinsights_sitenote_note":"","_monsterinsights_sitenote_category":0},"product_brand":[],"product_cat":[13835],"product_tag":[],"class_list":{"0":"post-725983","1":"product","2":"type-product","3":"status-publish","5":"product_cat-cok-satanlar","6":"pa_cilt-ciltsiz","7":"pa_tur-kitap","8":"pa_yayinevi-gorunmez-adam-yayincilik","9":"pa_yazar-lawrence-j-cohen","11":"first","12":"instock","13":"sale","14":"shipping-taxable","15":"purchasable","16":"product-type-simple"},"_links":{"self":[{"href":"https:\/\/roveyayinevi.com.tr\/index.php\/wp-json\/wp\/v2\/product\/725983","targetHints":{"allow":["GET"]}}],"collection":[{"href":"https:\/\/roveyayinevi.com.tr\/index.php\/wp-json\/wp\/v2\/product"}],"about":[{"href":"https:\/\/roveyayinevi.com.tr\/index.php\/wp-json\/wp\/v2\/types\/product"}],"wp:attachment":[{"href":"https:\/\/roveyayinevi.com.tr\/index.php\/wp-json\/wp\/v2\/media?parent=725983"}],"wp:term":[{"taxonomy":"product_brand","embeddable":true,"href":"https:\/\/roveyayinevi.com.tr\/index.php\/wp-json\/wp\/v2\/product_brand?post=725983"},{"taxonomy":"product_cat","embeddable":true,"href":"https:\/\/roveyayinevi.com.tr\/index.php\/wp-json\/wp\/v2\/product_cat?post=725983"},{"taxonomy":"product_tag","embeddable":true,"href":"https:\/\/roveyayinevi.com.tr\/index.php\/wp-json\/wp\/v2\/product_tag?post=725983"}],"curies":[{"name":"wp","href":"https:\/\/api.w.org\/{rel}","templated":true}]}}