{"id":725979,"date":"2025-08-27T19:58:47","date_gmt":"2025-08-27T16:58:47","guid":{"rendered":"https:\/\/roveyayinevi.com.tr\/index.php\/urun\/olgular-esliginde-obsesif-kompulsif-bozukluk\/"},"modified":"2026-04-16T02:33:41","modified_gmt":"2026-04-15T23:33:41","slug":"olgular-esliginde-obsesif-kompulsif-bozukluk","status":"publish","type":"product","link":"https:\/\/roveyayinevi.com.tr\/index.php\/urun\/olgular-esliginde-obsesif-kompulsif-bozukluk\/","title":{"rendered":"Olgular E\u015fli\u011finde Obsesif Kompulsif Bozukluk"},"content":{"rendered":"<p>Prof. Dr. Ahmet Ertan Tezcan1957 y\u0131l\u0131nda Ankara\u2019da do\u011fdu. \u0130lk\u00f6\u011fretimini \u0130stanbul Sar\u0131yer Pertevniyal \u0130lkokulu\u2019nda, orta ve lise e\u011fitimini Saint Benoit Frans\u0131z Lisesi\u2019nde yapt\u0131. 1984&#8217;te Erzurum Atat\u00fcrk \u00dcniversitesi T\u0131p Fak\u00fcltesi\u2019nden mezun oldu. Ruh Sa\u011fl\u0131\u011f\u0131 ve Hastal\u0131klar\u0131 uzmanl\u0131\u011f\u0131n\u0131 Ondokuz May\u0131s \u00dcniversitesi T\u0131p Fak\u00fcltesinde yapt\u0131. Psikiyatri uzman\u0131 olarak G\u00f6lc\u00fck Askeri Hastanesi ve SSK \u0130zmit Hastanesinde \u00e7al\u0131\u015ft\u0131 ve 1995 y\u0131l\u0131nda Akademik hayata ba\u015flad\u0131\u011f\u0131 F\u0131rat \u00dcniversitesinde 1998\u2019de do\u00e7ent, 2004\u2019de profes\u00f6r oldu. F\u0131rat ve Maltepe \u00dcniversiteleri Psikiyatri Anabilim Dal\u0131 Ba\u015fkan\u0131 ve Kartal L\u00fctfi K\u0131rdar E\u011fitim ve Ara\u015ft\u0131rma Hastanelerinde Klinik \u015eefi olarak \u00e7al\u0131\u015ft\u0131. T\u00fcrkiye Psikiyatri Derne\u011fi Elaz\u0131\u011f \u015eubesini, F\u0131rat T\u0131p Merkezi Psikiyatri Klini\u011fini ve Maltepe \u00dcniversitesi Psikiyatri Klini\u011fini kurdu. Erenk\u00f6y Ruh ve Sinir Hastal\u0131klar\u0131 E\u011fitim ve Ara\u015ft\u0131rma Hastanesi Psikiyatri Klinik \u015fefli\u011finden 2011 y\u0131l\u0131nda emekli olduktan sonra Beykent \u00dcniversitesi ve Geli\u015fim \u00dcniversitesi Psikoloji B\u00f6l\u00fcmlerinde Lisans ve Y\u00fcksek Lisans dersleri verdi. Halen \u0130stanbul Ayd\u0131n \u00dcniversitesi Psikoloji B\u00f6l\u00fcm\u00fcnde Y\u00fcksek Lisans dersleri vermektedir.Uzun y\u0131llard\u0131r Anadolu Psikiyatri Dergisi edit\u00f6r yard\u0131mc\u0131l\u0131\u011f\u0131 g\u00f6revinde olup bir\u00e7ok psikiyatri dergisinde yay\u0131n kurulunda ve bilimsel dan\u0131\u015fma kurullar\u0131nda bulunmaktad\u0131r. Yurti\u00e7i ve yurtd\u0131\u015f\u0131nda yay\u0131mlanm\u0131\u015f 200 den fazla \u00e7al\u0131\u015fmas\u0131 ve bu \u00e7al\u0131\u015fmalara ait 6000\u2019den fazla at\u0131f\u0131 mevcuttur.Dr. Haydeh Faraji1992 y\u0131l\u0131nda Tahran\u2019da do\u011fdu. Dede Korkut Anadolu Lisesi\u2019ni tamamlad\u0131ktan sonra ba\u015flad\u0131\u011f\u0131 \u0130stanbul \u00dcniversitesi Psikoloji B\u00f6l\u00fcm\u00fcnden 2014 y\u0131l\u0131nda mezun oldu. Beykent \u00dcniversitesi Klinik Psikoloji Y\u00fcksek Lisans Program\u0131n\u0131 2016 y\u0131l\u0131nda tamamlad\u0131 ve 2017 y\u0131l\u0131nda Do\u011fu\u015f \u00dcniversitesi Klinik Psikoloji Doktora Program\u0131na kat\u0131larak \u00f6\u011frenim \u00e7al\u0131\u015fmalar\u0131n\u0131 s\u00fcrd\u00fcr\u00fcrken, \u00f6nce \u0130stanbul Geli\u015fim \u00dcniversitesi Psikoloji b\u00f6l\u00fcm\u00fc ara\u015ft\u0131rma g\u00f6revlisi olarak, takiben \u0130stanbul Ayvansaray \u00dcniversitesi Psikoloji b\u00f6l\u00fcm\u00fcnde \u00f6\u011fretim g\u00f6revlisi olarak \u00e7al\u0131\u015ft\u0131 ve 2020 y\u0131l\u0131nda doktoras\u0131n\u0131 tamamlad\u0131. Halen \u0130stanbul Ayd\u0131n \u00dcniversitesi Psikoloji b\u00f6l\u00fcm\u00fcnde g\u00f6rev yapmaktad\u0131r.<\/p>\n","protected":false},"excerpt":{"rendered":"<p>Prof. Dr. Ahmet Ertan Tezcan1957 y\u0131l\u0131nda Ankara\u2019da do\u011fdu. \u0130lk\u00f6\u011fretimini \u0130stanbul Sar\u0131yer Pertevniyal \u0130lkokulu\u2019nda, orta ve lise e\u011fitimini Saint Benoit Frans\u0131z Lisesi\u2019nde yapt\u0131. 1984&#8217;te Erzurum Atat\u00fcrk \u00dcniversitesi<span class=\"excerpt-hellip\"> [\u2026]<\/span><\/p>\n","protected":false},"featured_media":0,"template":"","meta":{"_monsterinsights_skip_tracking":false,"_monsterinsights_sitenote_active":false,"_monsterinsights_sitenote_note":"","_monsterinsights_sitenote_category":0},"product_brand":[],"product_cat":[12358,12357],"product_tag":[],"class_list":{"0":"post-725979","1":"product","2":"type-product","3":"status-publish","5":"product_cat-genel-psikoloji","6":"product_cat-psikoloji","7":"pa_cilt-ciltsiz","8":"pa_tur-kitap","9":"pa_yayinevi-egiten-kitap","10":"pa_yazar-ahmet-ertan-tezcan","11":"pa_yazar-haydeh-faraji","13":"first","14":"instock","15":"sale","16":"shipping-taxable","17":"purchasable","18":"product-type-simple"},"_links":{"self":[{"href":"https:\/\/roveyayinevi.com.tr\/index.php\/wp-json\/wp\/v2\/product\/725979","targetHints":{"allow":["GET"]}}],"collection":[{"href":"https:\/\/roveyayinevi.com.tr\/index.php\/wp-json\/wp\/v2\/product"}],"about":[{"href":"https:\/\/roveyayinevi.com.tr\/index.php\/wp-json\/wp\/v2\/types\/product"}],"wp:attachment":[{"href":"https:\/\/roveyayinevi.com.tr\/index.php\/wp-json\/wp\/v2\/media?parent=725979"}],"wp:term":[{"taxonomy":"product_brand","embeddable":true,"href":"https:\/\/roveyayinevi.com.tr\/index.php\/wp-json\/wp\/v2\/product_brand?post=725979"},{"taxonomy":"product_cat","embeddable":true,"href":"https:\/\/roveyayinevi.com.tr\/index.php\/wp-json\/wp\/v2\/product_cat?post=725979"},{"taxonomy":"product_tag","embeddable":true,"href":"https:\/\/roveyayinevi.com.tr\/index.php\/wp-json\/wp\/v2\/product_tag?post=725979"}],"curies":[{"name":"wp","href":"https:\/\/api.w.org\/{rel}","templated":true}]}}